NOAA-Style Climate Reports


Report for 2014 September
                   MONTHLY CLIMATOLOGICAL SUMMARY for Sep 2014


NAME: Lake Shastina, California                  
ELEV: 2920 feet    LAT: 41-32.10 N    LONG: 122-21.22 W


                   TEMPERATURE (F), RAIN (in), WIND SPEED (mph)

                                         HEAT   COOL         AVG
      MEAN                               DEG    DEG          WIND                   DOM
DAY   TEMP   HIGH   TIME    LOW   TIME   DAYS   DAYS   RAIN  SPEED   HIGH   TIME    DIR
---------------------------------------------------------------------------------------
 01   66.7   91.8  19:10   45.0  06:45    0.0    1.7   0.00    1.3    8.3  13:15    332
 02   69.8   92.4  15:50   48.9  07:00    0.0    4.8   0.00    2.3   15.9  17:55    350
 03   64.4   83.5  16:30   48.9  07:05    0.6    0.0   0.00    2.6   13.2  18:35    337
 04   66.6   88.5  19:05   46.8  06:50    0.0    1.6   0.00    2.1   12.8  22:45    351
 05   69.5   90.4  16:50   47.7  06:35    0.0    4.5   0.00    1.8    8.7  17:30    345
 06   70.7   91.2  14:40   49.7  06:50    0.0    5.7   0.00    3.4   22.4  16:30    191
 07   69.2   90.0  14:10   46.2  06:40    0.0    4.2   0.00    3.3   19.2  14:15    189
 08   67.7   89.4  16:00   47.7  07:15    0.0    2.7   0.00    2.1   15.4  17:45    346
 09   64.7   85.9  16:40   45.0  07:10    0.3    0.0   0.00    1.7   14.5  17:25    346
 10   66.0   92.6  19:05   42.8  06:45    0.0    1.0   0.00    1.0   10.1  13:45    333
 11   68.1   88.9  16:55   49.6  07:20    0.0    3.1   0.00    1.8    8.7  13:00    325
 12   69.1   93.4  16:20   50.5  07:25    0.0    4.1   0.00    1.7   10.5  15:35    343
 13   68.6   96.0  15:05   48.5  07:05    0.0    3.6   0.00    1.6   12.3  15:40    338
 14   70.7   93.8  16:45   49.5  07:00    0.0    5.7   0.00    1.8   13.2  15:45    222
 15   71.1   89.5  14:20   52.7  07:20    0.0    6.1   0.00    3.4   23.7  13:35    187
 16   73.6   87.2  15:30   60.7  06:25    0.0    8.6   0.00    5.5   25.1  13:50    186
 17   74.4   86.3  15:05   61.8  00:00    0.0    9.4   0.00    6.4   25.5  07:45    188
 18   67.2   78.8  15:55   57.4  00:00    0.0    2.2   0.00    4.4   22.8  12:05    186
 19   66.4   85.8  16:45   50.0  07:20    0.0    1.4   0.00    1.1    8.3  09:55    335
 20   71.1   93.0  17:00   52.0  06:05    0.0    6.1   0.00    1.3    7.6  15:40    336
 21   70.3   89.2  14:50   56.7  06:50    0.0    5.3   0.00    1.6   12.3  18:55    306
 22   68.8   86.1  14:35   53.8  07:15    0.0    3.8   0.00    4.5   23.7  14:25    187
 23   71.4   81.8  14:25   63.8  05:45    0.0    6.4   0.00    7.4   22.4  14:10    188
 24   63.4   76.8  12:00   52.5  23:35    1.6    0.0   1.54    6.8   29.8  11:00    189
 25   55.6   69.1  14:55   49.1  22:40    9.4    0.0   0.54    2.1   16.8  04:25    192
 26   53.0   66.8  17:00   44.9  05:00   12.0    0.0   0.04    1.2   11.0  17:15    338
 27   54.0   68.6  16:05   39.4  07:10   11.0    0.0   0.00    2.9   17.0  17:30    352
 28   57.5   69.3  15:40   49.6  00:00    7.5    0.0   0.00    0.5    7.2  15:35    319
 29   59.3   77.7  16:20   43.1  07:05    5.7    0.0   0.00    1.0    7.2  11:35    349
 30   56.1   64.3  14:40   44.9  00:00    8.9    0.0   0.00    3.0   13.2  16:40    337
---------------------------------------------------------------------------------------
      66.2   96.0     13   39.4     27   56.9   91.7   2.11    2.7   29.8     24    224