NOAA-Style Climate Reports


Report for 2014 August
                   MONTHLY CLIMATOLOGICAL SUMMARY for Aug 2014


NAME: Lake Shastina, California                  
ELEV: 2920 feet    LAT: 41-32.10 N    LONG: 122-21.22 W


                   TEMPERATURE (F), RAIN (in), WIND SPEED (mph)

                                         HEAT   COOL         AVG
      MEAN                               DEG    DEG          WIND                   DOM
DAY   TEMP   HIGH   TIME    LOW   TIME   DAYS   DAYS   RAIN  SPEED   HIGH   TIME    DIR
---------------------------------------------------------------------------------------
 01   79.9  102.5  15:45   57.2  06:25    0.0   14.9   0.00    2.1   14.1  14:00    270
 02   79.5  100.0  15:35   59.3  06:45    0.0   14.5   0.00    2.8   19.7  13:25    206
 03   77.6   97.4  16:00   57.9  06:15    0.0   12.6   0.00    2.0   13.2  19:20    343
 04   75.8   95.2  15:50   59.7  06:05    0.0   10.8   0.00    2.4   12.3  18:50    231
 05   73.7   90.0  15:45   63.7  06:20    0.0    8.7   0.00    1.8   10.5  21:05    321
 06   74.3   92.1  16:50   55.6  06:30    0.0    9.3   0.00    1.9   15.0  19:30    344
 07   75.4   94.6  16:45   55.6  06:25    0.0   10.4   0.00    2.0   13.2  18:35    344
 08   74.3   92.8  16:55   56.3  06:05    0.0    9.3   0.00    2.3   15.4  17:55    341
 09   75.9   99.2  19:10   54.0  06:30    0.0   10.9   0.00    1.8   13.2  17:35    293
 10   74.1   92.3  14:50   56.8  06:30    0.0    9.1   0.00    1.6   16.3  18:00     20
 11   77.2  100.9  14:50   60.6  06:55    0.0   12.2   0.00    2.0   16.8  15:10    262
 12   72.1   85.4  13:15   57.5  06:05    0.0    7.1   0.00    4.9   26.2  14:30    185
 13   65.2   79.0  13:15   56.5  07:05    0.0    0.2   0.04    1.1   15.4  14:00    333
 14   66.6   85.8  16:00   49.1  06:30    0.0    1.6   0.00    1.8   13.2  19:50    343
 15   71.8   90.7  16:35   51.6  06:30    0.0    6.8   0.00    2.0   12.8  17:40    341
 16   75.7   98.4  16:35   53.9  06:20    0.0   10.7   0.00    1.9   14.5  17:55    317
 17   75.5   95.6  16:15   55.7  06:25    0.0   10.5   0.00    2.0   15.4  17:55    340
 18   73.8   92.1  16:35   57.4  06:35    0.0    8.8   0.00    1.6   12.3  17:25    343
 19   74.2   95.2  15:00   56.5  06:35    0.0    9.2   0.00    2.5   16.3  19:00    354
 20   71.4   88.5  15:15   54.5  06:20    0.0    6.4   0.00    2.1   15.0  18:10    347
 21   69.1   88.9  15:40   51.4  06:35    0.0    4.1   0.00    1.4   11.0  17:45    342
 22   66.4   84.2  15:50   49.5  06:45    0.0    1.4   0.00    2.4   13.2  18:20    341
 23   68.1   87.1  19:10   48.1  06:20    0.0    3.1   0.00    1.9   11.0  15:05    340
 24   70.9   89.6  14:55   52.2  06:10    0.0    5.9   0.00    2.3   12.3  18:40    346
 25   70.2   89.3  19:05   52.5  05:55    0.0    5.2   0.00    2.2   11.9  16:35    329
 26   73.0   93.2  19:05   53.1  06:30    0.0    8.0   0.00    1.9   10.5  16:20    332
 27   74.4   96.9  15:05   54.0  06:40    0.0    9.4   0.00    1.7   10.1  16:50    342
 28   74.2   95.4  15:20   56.8  06:50    0.0    9.2   0.00    1.8   11.0  17:25    342
 29   72.6   89.3  15:15   56.2  06:50    0.0    7.6   0.00    2.5   13.2  15:50    349
 30   65.8   79.2  16:50   52.0  06:50    0.0    0.8   0.00    1.5   11.0  18:00    350
 31   63.8   81.7  15:40   48.0  06:40    1.2    0.0   0.00    1.9   12.3  19:15    336
---------------------------------------------------------------------------------------
      72.7  102.5     01   48.0     31    1.2  238.6   0.04    2.1   26.2     12    335