NOAA-Style Climate Reports


Report for 2014 July
                   MONTHLY CLIMATOLOGICAL SUMMARY for Jul 2014


NAME: Lake Shastina, California                  
ELEV: 2920 feet    LAT: 41-32.10 N    LONG: 122-21.22 W


                   TEMPERATURE (F), RAIN (in), WIND SPEED (mph)

                                         HEAT   COOL         AVG
      MEAN                               DEG    DEG          WIND                   DOM
DAY   TEMP   HIGH   TIME    LOW   TIME   DAYS   DAYS   RAIN  SPEED   HIGH   TIME    DIR
---------------------------------------------------------------------------------------
 01   82.1  107.2  15:15   55.9  05:35    0.0   17.1   0.00    2.7   16.8  17:50    237
 02   76.7   95.8  15:10   61.4  00:00    0.0   11.7   0.08    1.7   12.8  14:55    337
 03   75.9   98.4  16:45   56.0  06:05    0.0   10.9   0.00    2.2   15.9  18:50    339
 04   77.4   94.8  17:10   55.0  06:05    0.0   12.4   0.00    4.5   24.6  13:40    190
 05   80.0   99.0  19:15   56.8  06:10    0.0   15.0   0.00    3.9   23.3  15:20    186
 06   79.4  100.5  17:25   53.8  05:45    0.0   14.4   0.00    2.4   15.4  18:15    345
 07   82.7  103.7  17:15   57.6  06:10    0.0   17.7   0.00    2.0   13.2  19:30    342
 08   82.8   99.0  17:05   68.2  05:35    0.0   17.8   0.00    1.5   12.3  17:25    345
 09   82.1  102.7  14:25   68.2  23:30    0.0   17.1   0.00    2.0   15.0  16:35    314
 10   81.7  105.2  19:25   56.8  05:50    0.0   16.7   0.00    2.9   17.4  12:55    197
 11   75.8   97.6  19:20   67.1  04:45    0.0   10.8   0.00    2.3   13.2  22:55    215
 12   80.5  102.3  16:00   54.5  06:05    0.0   15.5   0.00    2.1   12.8  16:20    333
 13   83.7  101.1  15:30   65.8  05:50    0.0   18.7   0.00    3.0   14.5  16:30    342
 14   81.8  101.5  17:45   60.4  06:05    0.0   16.8   0.04    2.2   13.2  18:40    343
 15   84.5  105.7  16:45   62.7  05:35    0.0   19.5   0.00    2.3   12.8  19:00    338
 16   84.3  102.2  16:30   67.1  05:45    0.0   19.3   0.00    2.3   15.0  17:25    348
 17   84.8  101.1  16:30   70.7  05:45    0.0   19.8   0.00    2.6   15.4  17:30    345
 18   80.6   99.5  17:00   60.0  06:15    0.0   15.6   0.00    2.7   17.4  17:30    345
 19   80.0   99.1  16:35   56.5  06:10    0.0   15.0   0.00    2.4   13.6  17:55    340
 20   80.7  100.4  15:50   61.0  06:00    0.0   15.7   0.00    3.9   21.9  17:30    206
 21   74.7   88.8  15:55   59.2  06:05    0.0    9.7   0.00    6.2   27.1  18:10    184
 22   74.4   90.9  14:55   57.7  06:00    0.0    9.4   0.00    5.1   24.6  11:05    184
 23   71.2   86.0  13:10   56.4  00:00    0.0    6.2   0.00    5.8   23.3  08:15    208
 24   65.5   84.5  16:35   44.6  06:05    0.0    0.5   0.00    2.5   15.0  19:45    334
 25   72.1   93.0  16:50   47.5  06:20    0.0    7.1   0.00    2.2   13.6  20:00    344
 26   77.4  101.3  19:10   51.4  06:20    0.0   12.4   0.00    2.1   11.9  20:00    337
 27   76.3   97.7  19:20   62.0  05:50    0.0   11.3   0.00    1.1   10.5  16:00    340
 28   81.2  102.0  15:40   56.1  06:05    0.0   16.2   0.00    1.4   11.0  15:20    325
 29   80.5  101.1  15:10   60.4  06:20    0.0   15.5   0.00    1.9   13.6  16:55    315
 30   78.8   97.1  13:55   58.3  06:10    0.0   13.8   0.00    1.8   11.9  18:25     11
 31   81.1  103.2  15:50   58.5  06:10    0.0   16.1   0.00    2.0   17.4  15:00    283
---------------------------------------------------------------------------------------
      79.0  107.2     01   44.6     24    0.0  435.5   0.13    2.7   27.1     21    303