NOAA-Style Climate Reports


Report for 2014 June
                   MONTHLY CLIMATOLOGICAL SUMMARY for Jun 2014


NAME: Lake Shastina, California                  
ELEV: 2920 feet    LAT: 41-32.10 N    LONG: 122-21.22 W


                   TEMPERATURE (F), RAIN (in), WIND SPEED (mph)

                                         HEAT   COOL         AVG
      MEAN                               DEG    DEG          WIND                   DOM
DAY   TEMP   HIGH   TIME    LOW   TIME   DAYS   DAYS   RAIN  SPEED   HIGH   TIME    DIR
---------------------------------------------------------------------------------------
 01   67.6   95.3  19:10   42.4  05:40    0.0    2.6   0.00    2.0   11.0  16:50    337
 02   66.8   90.5  14:35   49.1  05:30    0.0    1.8   0.41    1.6   18.8  16:30    321
 03   66.1   84.3  16:55   45.9  06:05    0.0    1.1   0.00    2.2   13.2  18:45    346
 04   67.4   91.2  19:10   40.3  05:50    0.0    2.4   0.00    2.0   11.4  19:30    337
 05   70.9   90.5  17:00   48.2  05:20    0.0    5.9   0.00    2.7   15.9  19:05    338
 06   70.5   90.3  15:30   48.6  05:50    0.0    5.5   0.00    2.6   15.0  17:45    341
 07   70.5   85.7  15:20   50.7  05:55    0.0    5.5   0.00    3.2   15.0  17:10    338
 08   71.6   89.9  16:00   50.7  05:55    0.0    6.6   0.00    2.5   12.8  17:35    335
 09   71.7   88.9  16:40   52.9  06:00    0.0    6.7   0.00    3.1   15.0  18:15    338
 10   67.7   85.0  16:00   45.7  05:35    0.0    2.7   0.00    2.9   14.1  17:25    344
 11   70.1   91.0  19:00   48.0  05:35    0.0    5.1   0.00    2.5   11.9  17:55    342
 12   66.6   81.7  14:40   49.2  06:00    0.0    1.6   0.00    3.6   20.6  17:05    322
 13   55.8   69.6  19:10   37.6  05:55    9.2    0.0   0.00    3.0   14.5  18:15    347
 14   59.7   78.4  16:05   39.4  05:40    5.3    0.0   0.00    2.4   16.8  19:30    344
 15   62.0   77.8  16:00   43.6  06:10    3.0    0.0   0.00    2.8   14.5  18:45    352
 16   56.2   67.9  14:50   45.5  04:05    8.8    0.0   0.00    4.3   18.8  20:10    355
 17   55.3   70.3  19:05   37.0  06:00    9.7    0.0   0.00    3.5   15.4  14:55    344
 18   62.2   89.1  19:30   36.6  05:50    2.8    0.0   0.00    2.0   11.0  19:50    348
 19   69.6   91.0  16:00   47.3  05:40    0.0    4.6   0.00    2.7   13.2  17:15    342
 20   68.0   85.9  16:35   47.8  05:55    0.0    3.0   0.00    2.6   15.0  18:15    345
 21   67.6   87.2  16:15   47.1  05:50    0.0    2.6   0.00    2.9   16.3  18:15    352
 22   70.0   92.2  17:25   47.3  05:45    0.0    5.0   0.00    2.3   15.0  19:45    347
 23   72.5   92.5  15:35   50.9  06:00    0.0    7.5   0.00    3.5   17.4  18:55    354
 24   68.7   85.5  16:40   49.1  06:00    0.0    3.7   0.00    2.5   15.0  18:00    352
 25   63.5   70.6  12:40   57.9  22:50    1.5    0.0   0.04    1.2    7.2  11:55    344
 26   63.5   74.9  13:30   53.8  06:00    1.5    0.0   0.04    1.7   10.5  14:35    340
 27   70.1   85.4  15:50   56.7  04:35    0.0    5.1   0.00    2.6   14.5  16:35    310
 28   67.2   85.8  17:30   45.3  05:50    0.0    2.2   0.00    2.6   13.6  18:35    348
 29   70.2   89.2  16:40   49.5  05:50    0.0    5.2   0.00    2.4   11.0  17:50    342
 30   75.6  103.7  19:35   49.3  05:40    0.0   10.6   0.00    1.9    8.7  11:45    339
---------------------------------------------------------------------------------------
      66.8  103.7     30   36.6     18   41.8   97.1   0.50    2.6   20.6     12    343