NOAA-Style Climate Reports


Report for 2014 April
                   MONTHLY CLIMATOLOGICAL SUMMARY for Apr 2014


NAME: Lake Shastina, California                  
ELEV: 2920 feet    LAT: 41-32.10 N    LONG: 122-21.22 W


                   TEMPERATURE (F), RAIN (in), WIND SPEED (mph)

                                         HEAT   COOL         AVG
      MEAN                               DEG    DEG          WIND                   DOM
DAY   TEMP   HIGH   TIME    LOW   TIME   DAYS   DAYS   RAIN  SPEED   HIGH   TIME    DIR
---------------------------------------------------------------------------------------
 01   40.2   54.9  15:00   24.6  04:40   24.8    0.0   0.00    4.5   25.7  14:20    181
 02   44.9   61.5  19:00   28.4  06:40   20.1    0.0   0.00    1.8   11.0  16:00    357
 03   45.2   55.6  14:20   35.2  06:40   19.8    0.0   0.00    5.1   24.2  16:20    181
 04   44.7   57.2  14:00   34.9  06:20   20.3    0.0   0.00    1.7   13.6  17:00    331
 05   47.6   63.7  15:00   31.6  02:20   17.4    0.0   0.00    1.7   11.0  16:40    355
 06   56.3   69.8  19:00   44.2  00:00    8.7    0.0   0.00    2.0   11.0  11:40    344
 07   54.8   76.6  17:00   32.9  06:40   10.2    0.0   0.00    2.1    8.3  14:00    338
 08   60.0   82.0  14:40   38.8  06:40    5.0    0.0   0.00    3.2   17.4  17:20    184
 09   59.4   77.4  17:40   42.4  05:00    5.6    0.0   0.00    2.1   11.0  19:20    342
 10   58.3   77.9  16:00   37.6  07:00    6.7    0.0   0.00    2.4   11.0  15:00    330
 11   59.5   79.7  16:40   38.7  06:00    5.5    0.0   0.00    2.3   13.2  19:00    345
 12   57.2   75.0  15:00   40.8  00:00    7.8    0.0   0.00    2.8   15.9  17:00    349
 13   53.5   73.8  19:00   35.2  02:40   11.5    0.0   0.00    3.1   12.8  10:00    344
 14   56.0   76.5  16:40   34.0  06:40    9.0    0.0   0.00    2.2    9.6  15:00    321
 15   53.1   68.4  15:20   38.8  07:00   11.9    0.0   0.00    2.6   15.4  19:00    342
 16   52.5   71.4  19:00   33.3  06:40   12.5    0.0   0.00    2.2   10.1  17:20    344
 17   50.1   69.4  12:20   36.7  06:20   14.9    0.0   0.16    2.4   15.4  14:00    347
 18   50.5   67.8  18:00   35.6  05:20   14.5    0.0   0.00    1.5    8.7  12:40    339
 19   51.9   72.7  14:00   33.4  06:20   13.1    0.0   0.00    3.6   18.8  16:00    336
 20   52.9   74.5  16:40   32.2  06:00   12.1    0.0   0.00    1.9    8.7  17:20    338
 21   55.3   70.5  16:00   42.1  04:00    9.7    0.0   0.04    5.6   28.4  16:20    184
 22   44.7   57.2  17:20   35.6  00:00   20.3    0.0   0.90    2.7   14.1  17:40    320
 23   49.5   66.2  14:00   33.6  00:40   15.5    0.0   0.00    3.2   15.4  19:40    204
 24   55.3   66.9  11:40   45.5  00:00    9.7    0.0   0.00    5.0   20.6  13:40    200
 25   42.7   52.7  13:20   35.4  22:40   22.3    0.0   0.78    2.5   15.4  15:40    343
 26   44.7   57.6  16:20   31.5  03:00   20.3    0.0   0.00    3.0   23.3  22:40    202
 27   49.7   59.4  17:00   35.6  00:00   15.3    0.0   0.00    4.9   17.4  02:00    215
 28   48.5   70.0  19:00   27.3  06:20   16.5    0.0   0.00    2.2   11.4  16:20    342
 29   58.6   80.4  18:00   34.9  06:20    6.4    0.0   0.00    2.8   15.0  18:40      9
 30   65.8   88.3  16:40   42.4  05:40    0.0    0.8   0.00    2.5   12.8  18:00    266
---------------------------------------------------------------------------------------
      52.1   88.3     30   24.6     01  387.6    0.8   1.88    2.9   28.4     21    314