NOAA-Style Climate Reports


Report for 2014 March
                   MONTHLY CLIMATOLOGICAL SUMMARY for Mar 2014


NAME: Lake Shastina, California                  
ELEV: 2920 feet    LAT: 41-32.10 N    LONG: 122-21.22 W


                   TEMPERATURE (F), RAIN (in), WIND SPEED (mph)

                                         HEAT   COOL         AVG
      MEAN                               DEG    DEG          WIND                   DOM
DAY   TEMP   HIGH   TIME    LOW   TIME   DAYS   DAYS   RAIN  SPEED   HIGH   TIME    DIR
---------------------------------------------------------------------------------------
 01   49.7   59.0  14:20   38.5  07:20   15.3    0.0   0.00    7.7   25.5  15:20    179
 02   52.0   61.0  12:20   47.3  02:20   13.0    0.0   0.00   10.5   28.9  14:20    175
 03   49.3   58.3  12:00   37.8  00:00   15.7    0.0   0.78    7.2   31.1  04:20    175
 04   47.3   61.0  12:00   33.1  03:20   17.7    0.0   0.16    3.9   19.7  16:00    170
 05   54.1   61.3  11:20   49.5  00:00   10.9    0.0   0.16   10.8   32.4  12:40    184
 06   47.7   56.8  12:00   33.8  23:40   17.3    0.0   0.00    4.0   17.4  04:20    213
 07   43.3   58.1  15:40   30.6  02:20   21.7    0.0   0.00    1.3    8.7  14:40    341
 08   47.8   62.8  15:20   29.7  05:40   17.2    0.0   0.00    3.3   19.7  20:40    220
 09   54.5   60.4  11:40   48.0  22:40   10.5    0.0   0.16    6.7   28.0  04:40    184
 10   42.7   50.5  11:40   29.8  00:00   22.3    0.0   0.94    3.1   19.7  15:20     20
 11   40.4   60.3  16:20   23.0  06:00   24.6    0.0   0.00    2.3   17.4  10:00    177
 12   42.3   63.0  16:20   25.7  07:20   22.7    0.0   0.00    2.1    8.3  16:40    346
 13   45.7   68.4  16:40   26.4  07:20   19.3    0.0   0.00    1.6    9.2  12:20    339
 14   49.5   65.1  17:00   35.8  03:40   15.5    0.0   0.00    2.1   11.0  15:20    335
 15   47.7   69.1  16:40   29.1  07:00   17.3    0.0   0.00    1.5    8.1  12:00    347
 16   52.1   74.3  16:00   30.9  07:40   12.9    0.0   0.00    4.0   22.4  15:20    199
 17   41.9   51.1  00:20   31.3  23:20   23.1    0.0   0.00    5.4   15.9  00:40    349
 18   39.6   57.7  16:20   23.0  07:00   25.4    0.0   0.00    1.9   11.4  09:40    313
 19   44.4   65.8  17:40   23.7  07:20   20.6    0.0   0.00    2.1    8.3  16:00    320
 20   44.6   62.1  16:40   29.5  07:40   20.4    0.0   0.00    2.3   10.5  13:40    296
 21   43.2   63.0  16:20   26.6  07:00   21.8    0.0   0.00    2.4   11.0  16:20    352
 22   42.7   63.1  16:40   24.3  07:20   22.3    0.0   0.00    2.4    9.2  16:00    342
 23   46.6   68.9  16:00   26.4  07:20   18.4    0.0   0.00    1.6    7.6  15:00    344
 24   51.3   74.8  15:00   28.4  07:00   13.7    0.0   0.00    3.6   18.3  18:00    178
 25   51.4   61.2  14:20   37.8  00:00   13.6    0.0   0.00    6.1   24.2  06:00    185
 26   45.2   59.2  15:20   36.9  06:40   19.8    0.0   0.00    4.1   24.2  10:00    184
 27   48.2   62.4  15:20   34.9  02:00   16.8    0.0   0.00    5.0   17.4  13:00    184
 28   52.4   62.1  13:20   47.1  05:40   12.6    0.0   0.00   10.4   34.4  13:20    184
 29   47.4   57.9  12:40   35.8  22:40   17.6    0.0   0.00    2.3   23.3  00:20    307
 30   40.8   55.9  13:20   29.5  07:20   24.2    0.0   0.00    2.1   16.3  14:00    337
 31   41.9   55.0  14:00   30.4  00:20   23.1    0.0   0.00    6.9   31.5  09:00    180
---------------------------------------------------------------------------------------
      46.7   74.8     24   23.0     11  567.3    0.0   2.19    4.2   34.4     28    188