NOAA-Style Climate Reports


Report for 2014 February
                   MONTHLY CLIMATOLOGICAL SUMMARY for Feb 2014


NAME: Lake Shastina, California                  
ELEV: 2920 feet    LAT: 41-32.10 N    LONG: 122-21.22 W


                   TEMPERATURE (F), RAIN (in), WIND SPEED (mph)

                                         HEAT   COOL         AVG
      MEAN                               DEG    DEG          WIND                   DOM
DAY   TEMP   HIGH   TIME    LOW   TIME   DAYS   DAYS   RAIN  SPEED   HIGH   TIME    DIR
---------------------------------------------------------------------------------------
 01   29.2   44.8  15:20   14.4  07:20   35.8    0.0   0.00    1.4   12.8  23:40    319
 02   37.9   50.5  12:20   25.7  00:00   27.1    0.0   0.00    3.4   19.7  02:20    173
 03   31.4   43.7  13:20   20.1  23:40   33.6    0.0   0.00    1.3   10.5  11:40    357
 04   28.6   43.3  15:00   14.4  07:00   36.4    0.0   0.00    1.1    8.3  11:40    353
 05   29.7   45.5  15:20   14.5  07:20   35.3    0.0   0.00    1.4    7.6  11:00      4
 06   40.5   50.4  13:40   31.8  01:40   24.5    0.0   0.00    6.5   25.5  13:00    177
 07   44.4   48.6  23:40   39.4  00:40   20.6    0.0   0.00    9.6   32.4  17:00    176
 08   48.6   54.5  16:20   39.7  21:20   16.4    0.0   0.31    8.2   30.2  09:20    181
 09   44.0   49.1  02:00   36.5  07:00   21.0    0.0   0.16    1.4   16.8  00:20    327
 10   44.0   56.7  14:40   32.7  06:00   21.0    0.0   0.00    0.8    8.1  13:40    334
 11   42.4   51.3  22:40   29.8  06:00   22.6    0.0   0.00    2.0   16.3  22:20    226
 12   51.2   60.3  11:00   46.8  17:00   13.8    0.0   1.89    5.7   22.4  10:20    190
 13   46.5   52.5  10:40   39.2  07:40   18.5    0.0   0.78    1.2    6.3  11:20    352
 14   51.5   58.3  14:00   44.6  01:00   13.5    0.0   0.79    5.0   19.7  05:20    209
 15   50.0   58.1  12:20   39.7  00:00   15.0    0.0   0.79   10.1   39.8  12:40    185
 16   40.0   54.7  13:40   28.6  06:20   25.0    0.0   0.00    2.6   14.5  14:40    170
 17   41.0   60.8  14:00   26.8  07:20   24.0    0.0   0.00    1.8   13.2  15:40    281
 18   43.9   59.2  13:40   30.0  04:20   21.1    0.0   0.16    3.1   22.4  18:40    244
 19   36.9   47.3  15:00   27.5  00:00   28.1    0.0   0.31    1.1   10.1  16:40      8
 20   37.3   53.2  14:40   24.3  03:40   27.7    0.0   0.00    1.3    8.3  16:00    326
 21   38.3   54.9  14:20   26.1  06:40   26.7    0.0   0.00    1.0    6.7  15:20    327
 22   37.5   57.4  15:40   23.2  06:20   27.5    0.0   0.00    1.2    6.7  16:00    326
 23   41.1   61.3  16:00   23.9  06:40   23.9    0.0   0.00    1.3    8.1  13:40    336
 24   50.8   68.5  15:00   35.6  07:00   14.2    0.0   0.00    1.5    7.2  15:40    337
 25   50.1   69.4  13:00   31.8  06:20   14.9    0.0   0.00    3.2   19.7  13:40    190
 26   51.2   64.4  12:20   40.8  00:00   13.8    0.0   0.20    7.4   31.5  14:20    184
 27   46.1   57.4  14:00   36.1  05:20   18.9    0.0   0.59    4.7   19.2  12:20    175
 28   45.5   57.2  16:00   37.0  04:20   19.5    0.0   0.00    3.3   17.4  21:20    191
---------------------------------------------------------------------------------------
      42.1   69.4     25   14.4     01  640.6    0.0   5.96    3.3   39.8     15    188