NOAA-Style Climate Reports


Report for 2014 January
                   MONTHLY CLIMATOLOGICAL SUMMARY for Jan 2014


NAME: Lake Shastina, California                  
ELEV: 2920 feet    LAT: 41-32.10 N    LONG: 122-21.22 W


                   TEMPERATURE (F), RAIN (in), WIND SPEED (mph)

                                         HEAT   COOL         AVG
      MEAN                               DEG    DEG          WIND                   DOM
DAY   TEMP   HIGH   TIME    LOW   TIME   DAYS   DAYS   RAIN  SPEED   HIGH   TIME    DIR
---------------------------------------------------------------------------------------
 01   32.3   49.5  15:00   20.8  06:40   32.7    0.0   0.00    0.7    6.3  12:40      3
 02   33.4   49.8  14:20   21.2  07:20   31.6    0.0   0.00    1.3    6.3  13:40    341
 03   34.3   52.7  14:20   23.4  07:40   30.7    0.0   0.00    1.4    6.3  14:20    344
 04   28.0   43.5  15:20   18.3  07:40   37.0    0.0   0.00    0.2    4.0  02:00    356
 05   28.0   46.8  15:20   14.4  06:20   37.0    0.0   0.00    0.0    0.0  00:20     90
 06   26.9   40.8  11:20   21.6  07:00   38.1    0.0   0.00    0.0    0.0  00:20     90
 07
 08
 09
 10
 11   39.7   52.3  12:20   28.6  23:40   25.3    0.0   0.00    3.0   18.3  14:20    223
 12   32.0   40.6  15:00   25.2  02:00   33.0    0.0   0.00    0.7    5.4  12:40    348
 13   30.6   34.3  14:00   24.1  01:40   34.4    0.0   0.00    0.2    4.9  13:00    342
 14   30.7   35.1  14:20   26.8  07:40   34.3    0.0   0.00    0.4    5.4  12:00     13
 15   27.4   29.3  15:00   25.7  23:40   37.6    0.0   0.00    0.3    4.9  12:00     11
 16   24.7   28.6  15:00   21.9  08:00   40.3    0.0   0.00    0.1    4.0  11:00    302
 17   25.4   37.4  15:40   20.3  07:40   39.6    0.0   0.00    0.2    4.0  14:20    326
 18   28.0   46.4  15:40   15.4  07:40   37.0    0.0   0.00    0.5    5.8  12:40    342
 19   29.2   45.0  15:40   19.9  07:20   35.8    0.0   0.00    0.6    4.5  14:00    354
 20   30.8   50.5  15:40   17.6  07:20   34.2    0.0   0.00    1.0    6.3  13:40    347
 21   31.1   51.1  15:20   18.0  07:40   33.9    0.0   0.00    1.3    7.6  13:20      0
 22   33.3   52.3  14:40   18.9  07:40   31.7    0.0   0.00    1.8   11.0  00:00      6
 23   43.0   56.5  16:00   25.2  07:00   22.0    0.0   0.00    3.6   22.8  18:20     69
 24   48.3   62.8  14:40   33.6  07:40   16.7    0.0   0.00    2.3   16.8  03:00    126
 25   39.1   57.2  15:20   25.7  08:00   25.9    0.0   0.00    1.1    6.3  12:40     10
 26   36.5   56.5  15:20   22.6  07:20   28.5    0.0   0.00    1.0    6.3  11:40    335
 27   36.9   46.9  15:00   26.4  03:40   28.1    0.0   0.00    0.6    4.9  14:20    327
 28   43.3   50.5  15:00   37.4  07:40   21.7    0.0   0.00    0.6    6.3  12:20    330
 29   44.7   52.9  15:00   36.5  23:00   20.3    0.0   0.16    0.7    8.7  13:40     19
 30   36.0   46.0  16:00   27.1  22:00   29.0    0.0   0.00    0.7    8.1  16:00    345
 31   30.4   44.1  14:40   18.5  07:00   34.6    0.0   0.00    1.3    8.3  13:00    348
---------------------------------------------------------------------------------------
      33.5   62.8     24   14.4     05  850.8    0.0   0.16    0.9   22.8     23    356