NOAA-Style Climate Reports


Report for 2013 December
                   MONTHLY CLIMATOLOGICAL SUMMARY for Dec 2013


NAME: Lake Shastina, California                  
ELEV: 2920 feet    LAT: 41-32.10 N    LONG: 122-21.22 W


                   TEMPERATURE (F), RAIN (in), WIND SPEED (mph)

                                         HEAT   COOL         AVG
      MEAN                               DEG    DEG          WIND                   DOM
DAY   TEMP   HIGH   TIME    LOW   TIME   DAYS   DAYS   RAIN  SPEED   HIGH   TIME    DIR
---------------------------------------------------------------------------------------
 01   39.4   55.9  14:20   31.1  06:40   25.6    0.0   0.00    1.1    6.3  13:20    336
 02   42.1   58.8  11:00   33.6  01:00   22.9    0.0   0.31    1.6   15.0  12:20    327
 03   29.9   36.5  14:20   20.1  07:20   35.1    0.0   0.00    2.8   15.9  00:00     22
 04   17.2   27.9  15:00    6.3  00:00   47.8    0.0   0.00    2.0   16.8  00:40     52
 05   14.7   31.6  15:40    1.2  06:40   50.3    0.0   0.00    1.1    6.3  12:20      7
 06   26.3   40.3  11:40   14.4  01:20   38.7    0.0   0.00    6.1   30.2  16:40    173
 07   19.9   30.2  13:00    5.4  00:00   45.1    0.0   0.00    1.4    7.6  11:20     20
 08    5.9   19.2  15:20   -3.8  08:00   59.1    0.0   0.00    1.1    6.3  12:00    342
 09    8.1   22.6  15:20   -3.1  06:40   56.9    0.0   0.00    1.0    7.6  12:20    337
 10   13.0   28.2  15:00    1.9  05:40   52.0    0.0   0.00    0.9    6.3  11:40    340
 11   17.0   32.7  15:00    5.7  07:20   48.0    0.0   0.00    0.9    6.3  14:00    353
 12   22.8   36.0  14:20    9.5  05:20   42.2    0.0   0.00    1.0    6.3  10:40    348
 13   32.5   45.5  15:20   22.5  00:00   32.5    0.0   0.00    1.1    6.3  11:20    337
 14   28.1   42.8  15:00   19.4  07:00   36.9    0.0   0.00    0.9    6.3  13:00    336
 15   27.1   43.3  15:20   17.6  06:40   37.9    0.0   0.00    1.0    6.3  13:20    345
 16   28.5   45.5  15:20   17.8  07:20   36.5    0.0   0.00    0.7    6.3  11:40    340
 17   30.2   47.7  15:40   19.2  07:00   34.8    0.0   0.00    1.0    5.8  13:40    358
 18   29.6   41.2  12:40   19.2  04:20   35.4    0.0   0.00    1.0    8.1  13:00    344
 19   31.7   40.8  14:20   19.4  00:00   33.3    0.0   0.00    3.4   19.7  11:40     23
 20   29.4   38.8  15:20   16.2  02:20   35.6    0.0   0.00    0.4    5.8  21:20    326
 21   37.5   53.8  12:00   26.8  07:20   27.5    0.0   0.00    1.7    8.7  12:20    352
 22   36.3   52.7  14:40   26.8  01:40   28.7    0.0   0.00    1.1    6.3  10:20    359
 23   35.1   49.5  13:20   24.1  06:00   29.9    0.0   0.00    0.5    5.8  13:20    345
 24   31.5   46.6  14:40   23.0  07:00   33.5    0.0   0.00    0.4    6.3  13:40    356
 25   28.2   44.2  15:40   18.7  07:40   36.8    0.0   0.00    0.5    7.6  14:00    335
 26   28.9   46.6  15:20   17.6  07:40   36.1    0.0   0.00    0.6    5.8  14:20    344
 27   26.1   37.0  14:40   19.2  23:40   38.9    0.0   0.00    0.7    5.4  23:20    125
 28   26.8   46.4  14:40   14.5  05:20   38.2    0.0   0.00    1.1    5.8  10:40    136
 29   29.2   46.8  14:00   17.8  07:20   35.8    0.0   0.00    0.8    6.3  13:20      8
 30   30.4   45.7  12:40   19.2  06:00   34.6    0.0   0.00    1.0    8.1  11:00    343
 31   34.4   51.1  15:40   24.8  02:00   30.6    0.0   0.00    1.1    7.2  11:20    307
---------------------------------------------------------------------------------------
      27.0   58.8     02   -3.8     08 1177.2    0.0   0.31    1.3   30.2     06      2