NOAA-Style Climate Reports


Report for 2013 November
                   MONTHLY CLIMATOLOGICAL SUMMARY for Nov 2013


NAME: Lake Shastina, California                  
ELEV: 2920 feet    LAT: 41-32.10 N    LONG: 122-21.22 W


                   TEMPERATURE (F), RAIN (in), WIND SPEED (mph)

                                         HEAT   COOL         AVG
      MEAN                               DEG    DEG          WIND                   DOM
DAY   TEMP   HIGH   TIME    LOW   TIME   DAYS   DAYS   RAIN  SPEED   HIGH   TIME    DIR
---------------------------------------------------------------------------------------
 01   44.6   63.5  16:20   30.2  07:00   20.4    0.0   0.00    1.0    6.3  13:20    344
 02   42.7   57.7  14:20   34.0  22:40   22.3    0.0   0.16    2.5   17.0  14:40     17
 03   36.1   47.1  13:20   25.9  00:00   28.9    0.0   0.00    1.7   11.0  13:00    324
 04   34.3   50.4  14:40   21.6  05:40   30.7    0.0   0.00    1.2   10.5  15:20    350
 05   40.7   53.2  15:00   32.5  00:20   24.3    0.0   0.00    0.8    7.6  14:00    329
 06   46.0   57.2  14:20   33.3  01:00   19.0    0.0   0.16    1.0    6.3  12:20    349
 07   55.2   67.8  12:40   45.1  00:00    9.8    0.0   0.00    3.8   19.7  11:40    192
 08   43.9   56.3  15:00   31.8  23:20   21.1    0.0   0.00    0.8    7.6  12:00    328
 09   40.6   57.7  15:20   26.6  06:40   24.4    0.0   0.00    1.0    8.1  13:40      1
 10   49.0   67.1  13:00   31.6  05:20   16.0    0.0   0.00    4.5   17.4  13:00    170
 11   54.4   69.4  12:40   35.1  07:40   10.6    0.0   0.00    4.6   22.4  20:00    185
 12   59.7   71.8  11:20   43.9  00:00    5.3    0.0   0.00    3.8   21.0  07:00    195
 13   48.7   63.7  15:00   37.4  23:00   16.3    0.0   0.00    1.2    8.1  12:20    343
 14   42.3   59.2  13:20   28.6  07:20   22.7    0.0   0.00    1.6   13.2  19:20    340
 15   35.7   49.1  14:20   22.8  07:20   29.3    0.0   0.00    0.5    8.1  12:20    315
 16   42.1   56.7  13:20   27.9  23:40   22.9    0.0   0.00    1.4   10.1  16:00    347
 17   36.2   51.4  14:40   24.3  03:40   28.8    0.0   0.00    0.8    7.6  12:40    343
 18   43.1   52.0  13:00   28.9  02:20   21.9    0.0   0.00    6.8   28.0  15:00    177
 19   51.6   59.7  12:00   47.3  08:00   13.4    0.0   0.00    9.5   26.6  11:20    182
 20   44.1   49.6  14:20   34.9  00:00   20.9    0.0   0.31    4.0   24.6  20:40     57
 21   35.8   45.7  14:40   28.9  07:00   29.2    0.0   0.00    5.6   22.4  09:00     55
 22   36.5   52.2  15:20   20.1  07:00   28.5    0.0   0.00    2.4   15.9  22:00     87
 23   34.9   52.3  15:00   21.6  07:40   30.1    0.0   0.00    1.0    6.3  00:20    310
 24   30.9   50.0  15:00   18.5  06:40   34.1    0.0   0.00    1.0    6.3  12:20    347
 25   31.3   49.6  15:20   17.6  07:00   33.7    0.0   0.00    0.8    6.3  12:40    350
 26   33.3   46.8  14:00   22.8  06:20   31.7    0.0   0.00    0.7    6.3  10:20    337
 27   38.3   49.3  14:00   30.2  06:00   26.7    0.0   0.00    0.9    6.3  05:20     20
 28   37.2   54.5  14:40   25.5  06:40   27.8    0.0   0.00    0.8    6.3  13:20    320
 29   36.3   53.1  15:00   22.5  07:20   28.7    0.0   0.00    0.9    7.6  12:20    335
 30   41.0   56.8  14:40   28.8  07:40   24.0    0.0   0.00    1.1    6.3  11:40    306
---------------------------------------------------------------------------------------
      41.6   71.8     12   17.6     25  703.4    0.0   0.62    2.3   28.0     18    168