NOAA-Style Climate Reports


Report for 2013 October
                   MONTHLY CLIMATOLOGICAL SUMMARY for Oct 2013


NAME: Lake Shastina, California                  
ELEV: 2920 feet    LAT: 41-32.10 N    LONG: 122-21.22 W


                   TEMPERATURE (F), RAIN (in), WIND SPEED (mph)

                                         HEAT   COOL         AVG
      MEAN                               DEG    DEG          WIND                   DOM
DAY   TEMP   HIGH   TIME    LOW   TIME   DAYS   DAYS   RAIN  SPEED   HIGH   TIME    DIR
---------------------------------------------------------------------------------------
 01   48.9   62.8  16:00   36.0  03:20   16.1    0.0   0.00    1.8   12.8  16:20    344
 02   44.7   59.7  14:20   30.7  07:20   20.3    0.0   0.00    2.3   15.4  17:40      3
 03   45.1   58.5  16:00   33.3  06:20   19.9    0.0   0.00    2.8   11.4  13:40    340
 04   49.4   65.8  16:20   35.8  00:20   15.6    0.0   0.00    2.6   14.1  03:20    343
 05   48.6   70.2  16:40   30.7  07:20   16.4    0.0   0.00    1.4    7.6  12:40    331
 06   52.1   76.8  15:20   33.3  07:20   12.9    0.0   0.00    2.4   15.4  16:20    189
 07   48.9   66.9  15:20   37.2  00:00   16.1    0.0   0.00    1.9   15.4  17:20    345
 08   43.8   58.5  15:40   30.0  07:20   21.2    0.0   0.00    1.5   13.2  17:20    344
 09   47.1   60.1  16:00   38.8  23:40   17.9    0.0   0.00    3.6   17.0  12:20     20
 10   47.1   64.9  15:40   31.1  07:20   17.9    0.0   0.00    1.7    9.2  18:00    342
 11   45.0   63.5  15:40   28.6  06:40   20.0    0.0   0.00    1.4    8.1  14:20    334
 12   43.2   63.1  14:40   28.9  07:20   21.8    0.0   0.00    1.5   15.4  16:00    349
 13   42.8   59.0  16:20   28.8  07:20   22.2    0.0   0.00    1.1   10.1  13:40    313
 14   44.4   61.3  16:20   29.5  07:20   20.6    0.0   0.00    2.1   11.4  22:40    352
 15   45.1   63.9  16:20   30.2  07:00   19.9    0.0   0.00    1.6   11.0  00:20      9
 16   44.6   67.3  16:00   27.9  07:20   20.4    0.0   0.00    0.8    6.3  13:40    339
 17   47.1   68.5  16:00   29.5  07:00   17.9    0.0   0.00    0.7    8.1  14:20    342
 18   48.3   69.8  16:20   32.0  07:20   16.7    0.0   0.00    1.1    7.6  13:20    330
 19   48.4   71.4  15:40   30.6  07:20   16.6    0.0   0.00    0.9    6.7  12:00    345
 20   49.1   71.8  16:20   31.3  07:40   15.9    0.0   0.00    0.7    6.3  14:00    328
 21   50.5   72.3  16:20   33.6  06:40   14.5    0.0   0.00    0.9    6.7  12:00    343
 22   51.0   72.5  16:00   34.3  07:20   14.0    0.0   0.00    1.0    6.3  12:20    339
 23   48.9   71.2  16:20   31.1  08:00   16.1    0.0   0.00    0.8    5.8  12:40    328
 24   48.7   70.9  16:20   32.2  06:40   16.3    0.0   0.00    1.0    6.3  14:40    349
 25   47.3   70.0  16:20   30.6  07:40   17.7    0.0   0.00    0.6    6.3  12:20    344
 26   46.9   69.8  15:40   29.5  07:40   18.1    0.0   0.00    0.5    6.3  14:00    311
 27   43.2   67.1  14:20   30.6  08:00   21.8    0.0   0.00    1.6   16.3  14:40    354
 28   42.3   47.1  13:20   39.6  06:40   22.7    0.0   0.31    1.1   10.5  00:40     37
 29   42.5   54.5  13:40   32.0  23:20   22.5    0.0   0.00    1.4    6.7  15:20      5
 30   42.4   59.0  16:20   29.1  08:00   22.6    0.0   0.00    1.1    7.2  14:20    344
 31   43.8   63.7  16:00   30.2  08:20   21.2    0.0   0.00    1.0    6.3  14:20    356
---------------------------------------------------------------------------------------
      46.5   76.8     06   27.9     16  573.6    0.0   0.31    1.4   17.0     09    348