NOAA-Style Climate Reports


Report for 2013 September
                   MONTHLY CLIMATOLOGICAL SUMMARY for Sep 2013


NAME: Lake Shastina, California                  
ELEV: 2920 feet    LAT: 41-32.10 N    LONG: 122-21.22 W


                   TEMPERATURE (F), RAIN (in), WIND SPEED (mph)

                                         HEAT   COOL         AVG
      MEAN                               DEG    DEG          WIND                   DOM
DAY   TEMP   HIGH   TIME    LOW   TIME   DAYS   DAYS   RAIN  SPEED   HIGH   TIME    DIR
---------------------------------------------------------------------------------------
 01   76.2   87.3  14:40   62.6  06:00    0.0   11.2   0.00    8.7   27.1  12:20    183
 02   71.1   83.3  14:00   52.2  07:00    0.0    6.1   0.00    6.2   20.6  12:00    189
 03   67.7   82.0  14:40   49.5  06:40    0.0    2.7   0.00    5.1   22.8  12:40    174
 04   65.0   84.6  16:40   46.8  06:40    0.0    0.0   0.00    3.6   20.1  13:20    191
 05   58.6   75.6  13:20   48.9  06:20    6.4    0.0   0.00    1.8   12.3  14:00    329
 06   60.0   82.2  18:40   41.7  07:00    5.0    0.0   0.04    1.5   10.1  15:20    333
 07   66.0   89.4  19:00   44.2  06:20    0.0    1.0   0.00    1.3    8.1  16:00    331
 08   69.9   90.5  16:00   49.5  06:40    0.0    4.9   0.00    2.0   11.0  17:00    319
 09   72.5   93.4  18:40   53.2  07:00    0.0    7.5   0.00    1.8   10.1  15:20    340
 10   72.1   93.9  16:40   51.8  06:00    0.0    7.1   0.00    1.5    8.3  14:20    345
 11   72.7   95.0  16:40   51.6  06:20    0.0    7.7   0.00    1.4    9.2  14:00    341
 12   73.0   94.5  16:40   55.6  06:20    0.0    8.0   0.00    0.9    8.3  16:00    343
 13   73.9   94.3  16:40   55.6  06:40    0.0    8.9   0.00    1.8   11.0  18:20    353
 14   73.9   94.6  14:20   53.6  07:20    0.0    8.9   0.00    2.9   17.4  18:40    189
 15   70.2   82.2  13:20   56.8  07:00    0.0    5.2   0.00    5.7   28.0  13:00    192
 16   63.8   80.4  16:20   47.1  07:00    1.2    0.0   0.00    1.5   11.0  19:00    343
 17   56.2   67.1  11:20   45.1  00:00    8.8    0.0   0.00    1.5   15.4  14:40     19
 18   52.3   72.1  18:40   36.3  06:40   12.7    0.0   0.00    1.3    9.6  15:40    350
 19   57.5   82.0  18:40   36.1  06:40    7.5    0.0   0.00    1.6    9.6  19:40    339
 20   58.2   79.0  14:40   40.6  06:40    6.8    0.0   0.47    4.4   23.7  10:40    192
 21   51.6   59.4  14:40   46.6  05:00   13.4    0.0   1.89    1.2    8.7  16:40    255
 22   52.3   65.1  16:00   37.9  05:40   12.7    0.0   0.00    0.6    7.2  17:20    344
 23   59.6   76.5  16:00   44.6  07:00    5.4    0.0   0.00    1.8   12.3  19:20    298
 24   54.8   64.0  11:00   46.6  23:40   10.2    0.0   0.00    2.5   13.2  11:40    356
 25   45.0   56.7  13:20   37.6  05:40   20.0    0.0   0.00    1.6   15.4  14:20     26
 26   45.9   58.5  16:20   35.4  06:40   19.1    0.0   0.00    1.8   14.5  18:20    338
 27   47.1   66.4  15:20   29.7  07:00   17.9    0.0   0.00    0.9    8.7  14:40    353
 28   56.6   70.9  14:00   40.8  04:00    8.4    0.0   0.00    7.8   30.6  16:20    188
 29   61.1   65.7  12:00   56.5  08:20    3.9    0.0   0.00   10.2   27.5  00:20    184
 30   57.5   64.9  15:20   41.9  00:00    7.5    0.0   0.00    5.9   26.6  00:40    284
---------------------------------------------------------------------------------------
      62.1   95.0     11   29.7     27  167.0   79.2   2.40    3.0   30.6     28    204