NOAA-Style Climate Reports


Report for 2013 August
                   MONTHLY CLIMATOLOGICAL SUMMARY for Aug 2013


NAME: Lake Shastina, California                  
ELEV: 2920 feet    LAT: 41-32.10 N    LONG: 122-21.22 W


                   TEMPERATURE (F), RAIN (in), WIND SPEED (mph)

                                         HEAT   COOL         AVG
      MEAN                               DEG    DEG          WIND                   DOM
DAY   TEMP   HIGH   TIME    LOW   TIME   DAYS   DAYS   RAIN  SPEED   HIGH   TIME    DIR
---------------------------------------------------------------------------------------
 01   66.0   83.3  16:40   51.6  06:20    0.0    1.0   0.00    2.9   15.0  18:40    343
 02   64.4   84.4  18:40   43.7  06:20    0.6    0.0   0.00    2.2   13.2  19:00    346
 03   70.5   94.8  19:00   47.1  06:20    0.0    5.5   0.00    1.8   11.0  17:20    329
 04   73.5   93.2  19:00   50.9  06:20    0.0    8.5   0.00    3.9   17.4  19:00    183
 05   74.3   95.7  19:00   49.5  06:20    0.0    9.3   0.00    2.7   15.9  18:20    178
 06   74.3   96.8  16:00   52.2  06:00    0.0    9.3   0.00    2.0   12.3  17:40    266
 07   74.3   87.6  12:20   58.6  00:00    0.0    9.3   0.00    4.3   22.8  16:00    175
 08   67.9   86.9  14:40   49.8  06:40    0.0    2.9   0.00    2.1   17.4  18:40    327
 09   66.7   85.8  17:20   49.1  06:20    0.0    1.7   0.00    2.0   15.4  18:20    335
 10   64.0   80.8  12:20   48.2  06:20    1.0    0.0   0.00    2.2   11.4  12:00    337
 11   65.9   85.3  16:00   47.1  06:20    0.0    0.9   0.00    2.0   11.0  16:40    344
 12   69.7   90.1  19:00   49.3  06:20    0.0    4.7   0.00    2.1   11.0  13:20    335
 13   72.5   94.5  19:00   51.6  06:20    0.0    7.5   0.00    2.4   17.4  15:20    316
 14   72.6   94.3  16:00   52.3  06:20    0.0    7.6   0.00    2.5   15.0  16:00    301
 15   72.8   91.8  15:20   50.4  06:20    0.0    7.8   0.00    4.1   19.2  16:40    193
 16   75.5   93.4  16:20   55.9  06:20    0.0   10.5   0.00    3.1   17.9  11:20    197
 17   74.4   93.9  15:40   56.8  06:20    0.0    9.4   0.00    2.6   15.0  18:20    347
 18   75.0   96.6  17:20   54.1  06:20    0.0   10.0   0.00    2.1   10.1  19:00    335
 19   76.5   97.5  16:00   57.4  06:40    0.0   11.5   0.00    2.1   12.8  18:00    336
 20   73.6   92.5  14:40   55.9  06:20    0.0    8.6   0.00    1.7   15.0  16:20    270
 21   76.0   96.4  16:00   59.9  06:20    0.0   11.0   0.00    1.3   12.8  16:40     25
 22   67.3   87.3  14:20   53.6  00:00    0.0    2.3   0.00    2.3   23.7  15:40    346
 23   66.1   86.7  16:40   46.0  06:40    0.0    1.1   0.00    1.9   11.0  18:00    347
 24   68.2   85.6  14:40   50.5  06:40    0.0    3.2   0.00    3.5   18.8  16:20    209
 25   64.3   77.4  14:00   56.1  06:00    0.7    0.0   0.59    2.0   16.8  13:20    202
 26   66.3   84.0  16:20   52.9  03:40    0.0    1.3   0.04    2.8   17.4  10:00    202
 27   66.9   85.6  19:00   46.2  06:40    0.0    1.9   0.00    4.2   23.7  15:20    187
 28   69.4   86.7  15:20   49.1  06:20    0.0    4.4   0.00    5.0   26.2  13:40    176
 29   74.3   87.3  14:40   61.3  00:00    0.0    9.3   0.00    6.2   20.6  09:40    185
 30   70.6   92.8  19:00   51.6  06:20    0.0    5.6   0.00    2.2   12.3  18:00    331
 31   73.0   91.0  14:20   51.6  06:20    0.0    8.0   0.00    5.2   25.7  15:20    186
---------------------------------------------------------------------------------------
      70.6   97.5     19   43.7     02    2.2  173.9   0.63    2.8   26.2     28    234