NOAA-Style Climate Reports


Report for 2013 July
                   MONTHLY CLIMATOLOGICAL SUMMARY for Jul 2013


NAME: Lake Shastina, California                  
ELEV: 2920 feet    LAT: 41-32.10 N    LONG: 122-21.22 W


                   TEMPERATURE (F), RAIN (in), WIND SPEED (mph)

                                         HEAT   COOL         AVG
      MEAN                               DEG    DEG          WIND                   DOM
DAY   TEMP   HIGH   TIME    LOW   TIME   DAYS   DAYS   RAIN  SPEED   HIGH   TIME    DIR
---------------------------------------------------------------------------------------
 01   82.8  101.8  17:20   61.0  05:20    0.0   17.8   0.00    2.6   15.4  19:40    346
 02   84.9  104.5  15:40   63.5  05:40    0.0   19.9   0.00    3.2   15.4  17:00    335
 03   81.8  102.2  15:00   64.8  06:20    0.0   16.8   0.00    2.2   13.6  17:20    350
 04   76.0   93.4  15:40   58.1  06:00    0.0   11.0   0.00    2.9   14.5  18:00    339
 05   72.3   90.1  18:40   52.5  05:40    0.0    7.3   0.00    2.3   12.3  18:40    333
 06   75.0   96.1  19:00   52.2  06:00    0.0   10.0   0.00    2.2   12.8  18:40    307
 07   76.6   93.7  15:20   55.6  06:00    0.0   11.6   0.00    2.8   16.3  15:00    192
 08   77.4   96.8  18:40   53.1  06:00    0.0   12.4   0.00    3.6   18.3  20:40    183
 09   77.1   94.8  19:00   51.3  06:00    0.0   12.1   0.00    4.7   23.7  13:00    183
 10   78.1   95.7  19:00   53.6  06:00    0.0   13.1   0.00    4.2   19.7  20:40    178
 11   77.1   96.4  19:00   54.3  06:00    0.0   12.1   0.00    2.7   16.3  15:20    203
 12   73.0   91.2  16:40   50.0  06:00    0.0    8.0   0.00    2.6   15.4  14:00    344
 13   72.9   91.4  17:00   49.8  06:00    0.0    7.9   0.00    3.1   15.9  14:00    213
 14   76.0   97.3  19:00   53.1  06:20    0.0   11.0   0.00    2.9   15.4  16:00    184
 15   76.3   95.0  15:40   51.4  06:20    0.0   11.3   0.00    4.0   22.4  14:20    188
 16   76.5   87.4  19:00   64.2  05:40    0.0   11.5   0.00    6.6   25.5  13:00    187
 17   74.7   99.0  19:00   46.4  06:20    0.0    9.7   0.00    2.0   11.0  14:20    259
 18   77.0  100.4  18:40   51.4  06:20    0.0   12.0   0.00    2.5   13.2  19:40    344
 19   79.1  100.4  17:20   53.4  06:20    0.0   14.1   0.00    1.9   15.4  18:40    354
 20   80.5  102.7  17:40   54.9  06:20    0.0   15.5   0.00    2.1   15.0  18:40    339
 21   82.8  105.6  18:40   56.7  06:20    0.0   17.8   0.00    2.1   12.8  19:00    353
 22   82.8  103.1  19:00   59.5  06:00    0.0   17.8   0.00    2.0   12.3  14:40    273
 23   79.8  101.3  16:00   59.7  06:20    0.0   14.8   0.00    1.8   12.3  17:00    339
 24   77.6   98.1  16:00   61.7  06:20    0.0   12.6   0.00    1.5    8.1  14:00    344
 25   82.9  105.8  19:00   58.8  06:00    0.0   17.9   0.00    2.3   11.0  13:40    326
 26   79.0   96.4  14:00   63.7  00:00    0.0   14.0   0.00    2.2   15.0  01:20    230
 27   75.7   94.8  16:20   54.7  06:20    0.0   10.7   0.00    2.1   15.0  19:20    347
 28   72.6   91.8  17:00   51.4  06:20    0.0    7.6   0.00    2.4   12.8  18:00    341
 29   71.1   89.1  14:20   50.4  06:20    0.0    6.1   0.00    3.6   22.8  16:00    190
 30   70.9   91.8  14:40   51.4  06:20    0.0    5.9   0.00    3.3   19.7  17:20    193
 31   72.1   90.7  16:00   58.8  06:20    0.0    7.1   0.00    2.6   17.0  14:40    193
---------------------------------------------------------------------------------------
      77.2  105.8     25   46.4     17    0.0  377.1   0.00    2.8   25.5     16    249