NOAA-Style Climate Reports


Report for 2013 June
                   MONTHLY CLIMATOLOGICAL SUMMARY for Jun 2013


NAME: Lake Shastina, California                  
ELEV: 2920 feet    LAT: 41-32.10 N    LONG: 122-21.22 W


                   TEMPERATURE (F), RAIN (in), WIND SPEED (mph)

                                         HEAT   COOL         AVG
      MEAN                               DEG    DEG          WIND                   DOM
DAY   TEMP   HIGH   TIME    LOW   TIME   DAYS   DAYS   RAIN  SPEED   HIGH   TIME    DIR
---------------------------------------------------------------------------------------
 01   66.0   85.1  17:00   42.1  05:20    0.0    1.0   0.00    2.8   14.5  19:40    343
 02   66.4   81.9  18:40   45.9  06:00    0.0    1.4   0.00    3.2   12.8  17:00    332
 03   68.5   90.3  18:40   46.8  06:00    0.0    3.5   0.00    3.0   12.3  19:40    317
 04   73.6   96.8  18:40   49.8  06:00    0.0    8.6   0.00    2.7   10.5  15:40    329
 05   75.9   95.4  18:40   51.8  06:00    0.0   10.9   0.00    2.3   13.6  19:00    351
 06   76.5   95.5  16:20   52.0  05:20    0.0   11.5   0.00    1.8   17.0  18:40    354
 07   76.6   93.0  15:20   58.3  05:20    0.0   11.6   0.00    3.2   13.2  16:00    343
 08   77.3   98.2  18:40   54.1  05:40    0.0   12.3   0.00    2.9   12.8  19:20    331
 09   77.6   95.5  16:40   56.7  05:00    0.0   12.6   0.00    2.9   14.5  18:20    334
 10   70.3   86.5  14:00   52.7  06:00    0.0    5.3   0.00    3.7   17.9  16:40    191
 11   62.7   80.4  15:20   47.8  05:40    2.3    0.0   0.00    3.4   15.9  18:20    356
 12   57.4   72.5  16:00   37.9  05:20    7.6    0.0   0.00    3.4   17.0  17:00    352
 13   56.7   71.6  18:40   37.4  05:40    8.3    0.0   0.00    3.2   15.0  16:20    354
 14   60.4   85.8  19:20   36.0  04:40    4.6    0.0   0.00    2.0   11.9  18:20    340
 15   66.9   89.4  16:00   42.4  05:40    0.0    1.9   0.00    2.4   13.2  21:00    315
 16   67.5   83.8  14:00   47.3  05:20    0.0    2.5   0.00    2.8   15.0  17:00    324
 17   66.5   85.5  16:40   44.8  05:00    0.0    1.5   0.00    3.6   20.1  14:20    206
 18   57.8   72.9  13:20   48.6  00:00    7.2    0.0   0.00    2.1   12.3  17:20    342
 19   55.3   67.6  15:20   43.9  00:00    9.7    0.0   0.00    2.8   13.2  15:00    354
 20   56.5   72.7  15:20   36.9  05:20    8.5    0.0   0.00    2.8   19.2  17:20    350
 21   60.4   78.8  18:40   39.2  05:00    4.6    0.0   0.00    3.3   16.3  19:00    345
 22   65.6   84.4  16:20   42.1  06:00    0.0    0.6   0.00    2.1   10.5  14:20    341
 23   65.9   76.6  12:00   57.7  05:40    0.0    0.9   0.00    5.6   24.6  14:00    183
 24   59.1   66.2  14:00   51.6  07:20    5.9    0.0   0.31    8.0   28.9  18:40    184
 25   63.5   73.0  19:20   54.9  06:00    1.5    0.0   0.00    7.6   24.2  14:20    172
 26   70.4   82.4  19:20   59.9  06:00    0.0    5.4   0.00    8.8   25.5  15:40    183
 27   77.2   96.6  19:00   55.9  06:00    0.0   12.2   0.00    4.1   17.4  12:00    173
 28   78.6   98.4  16:20   55.6  06:00    0.0   13.6   0.00    2.7   13.2  19:40    337
 29   79.2   98.8  18:40   59.2  05:40    0.0   14.2   0.00    2.5   15.4  19:20    351
 30   81.6  106.9  19:00   56.8  06:00    0.0   16.6   0.00    2.2   16.8  19:40    334
---------------------------------------------------------------------------------------
      67.9  106.9     30   36.0     14   60.2  148.3   0.31    3.5   28.9     24    307