NOAA-Style Climate Reports


Report for 2013 May
                   MONTHLY CLIMATOLOGICAL SUMMARY for May 2013


NAME: Lake Shastina, California                  
ELEV: 2920 feet    LAT: 41-32.10 N    LONG: 122-21.22 W


                   TEMPERATURE (F), RAIN (in), WIND SPEED (mph)

                                         HEAT   COOL         AVG
      MEAN                               DEG    DEG          WIND                   DOM
DAY   TEMP   HIGH   TIME    LOW   TIME   DAYS   DAYS   RAIN  SPEED   HIGH   TIME    DIR
---------------------------------------------------------------------------------------
 01   55.8   75.4  19:00   33.1  05:00    9.2    0.0   0.00    4.6   19.7  19:00     47
 02   58.8   85.1  19:00   35.1  06:20    6.2    0.0   0.00    1.8   10.1  14:20    327
 03   63.4   85.8  19:00   39.2  06:20    1.6    0.0   0.00    3.3   15.0  17:20      1
 04   64.5   78.6  14:40   47.8  05:40    0.5    0.0   0.00    5.3   21.5  12:00     55
 05   62.5   79.2  13:20   47.5  23:20    2.5    0.0   0.00    3.6   18.3  04:40    108
 06   57.1   74.8  14:40   44.4  06:20    7.9    0.0   0.75    1.5   15.0  16:00    222
 07   57.8   70.2  16:00   50.5  04:40    7.2    0.0   1.14    1.4   11.4  18:00    338
 08   58.1   75.6  14:20   47.3  04:20    6.9    0.0   1.26    1.0   11.0  16:40    322
 09   61.3   81.7  18:40   49.1  00:40    3.7    0.0   0.00    1.4    6.7  16:40      1
 10   68.0   88.7  18:40   48.6  05:20    0.0    3.0   0.00    2.1   11.0  20:20    339
 11   72.1   90.9  14:20   53.1  06:00    0.0    7.1   0.00    3.5   19.2  16:20    181
 12   73.1   88.3  16:20   55.8  06:00    0.0    8.1   0.00    4.3   21.0  13:00    183
 13   66.3   84.2  14:00   47.8  06:00    0.0    1.3   0.00    3.3   17.9  15:40    337
 14   62.1   79.5  18:20   42.3  06:00    2.9    0.0   0.00    2.5   12.3  18:40    339
 15   59.7   73.8  14:40   44.8  06:00    5.3    0.0   0.00    2.2   14.1  18:40    358
 16   56.6   69.3  13:40   49.3  06:00    8.4    0.0   0.00    2.3   13.6  18:20    341
 17   55.9   69.3  16:20   41.2  05:40    9.1    0.0   0.00    2.7   15.0  19:40    340
 18   52.8   68.7  15:20   37.2  04:00   12.2    0.0   0.00    2.4   15.4  17:00      1
 19   55.3   73.2  18:40   35.6  05:00    9.7    0.0   0.00    2.7   11.4  18:00    335
 20   62.7   86.9  19:00   39.4  05:20    2.3    0.0   0.00    1.7   10.5  14:20    336
 21   53.1   65.8  13:40   33.8  00:00   11.9    0.0   0.00    3.8   17.9  09:20    314
 22   44.8   59.7  16:00   26.4  05:00   20.2    0.0   0.00    2.9   15.0  18:20    349
 23   50.2   68.2  19:00   37.2  06:00   14.8    0.0   0.00    2.8   15.0  14:40    342
 24   51.8   69.3  17:00   33.1  05:20   13.2    0.0   0.00    2.5   13.6  19:00    341
 25   54.5   71.4  17:00   35.8  05:20   10.5    0.0   0.00    2.2   14.5  16:00    290
 26   58.0   71.6  17:20   46.4  06:20    7.0    0.0   0.00    2.9   15.0  18:40    341
 27   56.6   69.4  14:00   47.1  01:00    8.4    0.0   0.00    3.8   25.7  14:20    181
 28   61.1   82.2  18:40   44.6  05:40    3.9    0.0   0.00    3.5   22.8  23:40    264
 29   61.6   72.3  15:00   45.3  00:00    3.4    0.0   0.00    3.9   20.1  00:40    323
 30   55.5   73.6  18:40   35.2  05:20    9.5    0.0   0.00    2.4   15.0  20:00    340
 31   61.1   84.7  18:40   37.6  06:00    3.9    0.0   0.00    2.3   10.1  20:00    322
---------------------------------------------------------------------------------------
      59.0   90.9     11   26.4     22  202.4   19.3   3.14    2.8   25.7     27    347