NOAA-Style Climate Reports


Report for 2013 April
                   MONTHLY CLIMATOLOGICAL SUMMARY for Apr 2013


NAME: Lake Shastina, California                  
ELEV: 2920 feet    LAT: 41-32.10 N    LONG: 122-21.22 W


                   TEMPERATURE (F), RAIN (in), WIND SPEED (mph)

                                         HEAT   COOL         AVG
      MEAN                               DEG    DEG          WIND                   DOM
DAY   TEMP   HIGH   TIME    LOW   TIME   DAYS   DAYS   RAIN  SPEED   HIGH   TIME    DIR
---------------------------------------------------------------------------------------
 01   48.6   57.6  16:00   41.2  00:00   16.4    0.0   1.41    0.5    5.8  18:40    348
 02   50.2   64.6  18:40   37.6  02:00   14.8    0.0   0.00    1.4   11.0  13:20    328
 03   54.1   70.9  16:20   36.9  05:20   10.9    0.0   0.00    3.5   19.2  22:20    185
 04   56.0   63.7  14:20   49.8  21:40    9.0    0.0   0.00   10.0   30.2  13:00    181
 05   52.6   62.2  13:40   44.4  06:40   12.4    0.0   0.00    7.5   24.2  14:40    182
 06   54.9   67.1  14:20   46.9  05:40   10.1    0.0   0.00    6.3   26.2  01:20    189
 07   50.3   63.1  16:00   35.8  23:20   14.7    0.0   0.00    5.3   18.3  13:20    292
 08   41.4   51.8  14:40   31.5  06:40   23.6    0.0   0.00    5.2   18.3  15:40      0
 09   45.6   64.4  16:40   26.4  04:40   19.4    0.0   0.00    3.0   11.9  18:20    346
 10   50.4   71.1  14:20   33.6  07:00   14.6    0.0   0.00    2.9   17.0  17:20    353
 11   46.2   62.2  16:40   29.7  07:00   18.8    0.0   0.00    2.6   14.5  17:40    333
 12   50.9   71.1  17:20   29.7  06:40   14.1    0.0   0.00    1.8    8.7  12:20    335
 13   48.5   59.4  14:20   34.9  00:00   16.5    0.0   0.00    3.2   15.0  16:40    347
 14   41.1   56.1  15:40   26.4  06:40   23.9    0.0   0.00    3.5   15.0  17:00    352
 15   38.9   51.8  14:20   32.4  06:20   26.1    0.0   0.00    4.7   17.4  11:40    351
 16   39.8   50.9  18:00   29.7  05:00   25.2    0.0   0.00    4.1   16.8  17:40    360
 17   43.1   58.6  15:40   26.2  06:20   21.9    0.0   0.00    3.0   13.2  18:40    339
 18   48.1   69.1  18:40   28.6  06:20   16.9    0.0   0.00    2.2   11.0  15:20    322
 19   51.8   67.3  13:20   37.2  06:40   13.2    0.0   0.00    3.3   16.3  17:20    344
 20   50.9   68.9  17:00   31.8  06:00   14.1    0.0   0.00    2.4   13.6  18:40    346
 21   52.8   71.6  16:00   32.7  06:20   12.2    0.0   0.00    2.6   16.8  19:20    341
 22   53.6   70.5  15:40   33.8  06:20   11.4    0.0   0.00    3.7   15.4  17:20     31
 23   55.0   74.3  18:40   38.3  06:00   10.0    0.0   0.00    4.0   17.4  04:20     10
 24   59.3   79.9  18:40   41.7  00:40    5.7    0.0   0.00    3.9   15.4  04:40    348
 25   57.1   78.4  16:20   33.1  06:20    7.9    0.0   0.00    2.6   13.2  17:40    349
 26   61.5   84.9  18:40   39.4  05:40    3.5    0.0   0.00    2.2   12.3  19:20    341
 27   63.1   82.8  16:00   40.8  06:20    1.9    0.0   0.00    2.4   13.6  19:40    352
 28   59.9   75.9  15:40   41.7  06:20    5.1    0.0   0.00    2.8   15.9  15:40    351
 29   55.5   70.0  16:00   41.7  06:20    9.5    0.0   0.00    3.2   17.4  18:40    348
 30   48.2   64.0  15:00   32.0  06:00   16.8    0.0   0.00    4.0   16.8  16:20    339
---------------------------------------------------------------------------------------
      51.0   84.9     26   26.2     17  420.6    0.0   1.41    3.6   30.2     04    337