NOAA-Style Climate Reports


Report for 2013 March
                   MONTHLY CLIMATOLOGICAL SUMMARY for Mar 2013


NAME: Lake Shastina, California                  
ELEV: 2920 feet    LAT: 41-32.10 N    LONG: 122-21.22 W


                   TEMPERATURE (F), RAIN (in), WIND SPEED (mph)

                                         HEAT   COOL         AVG
      MEAN                               DEG    DEG          WIND                   DOM
DAY   TEMP   HIGH   TIME    LOW   TIME   DAYS   DAYS   RAIN  SPEED   HIGH   TIME    DIR
---------------------------------------------------------------------------------------
 01   43.7   59.0  16:20   31.1  03:40   21.3    0.0   0.00    1.1    9.6  12:20    309
 02   44.1   56.7  15:40   31.6  05:40   20.9    0.0   0.00    1.1    6.3  11:20    323
 03   44.6   56.5  13:40   33.3  00:00   20.4    0.0   0.00    1.1    8.3  14:40    318
 04   43.1   61.9  14:40   24.3  06:40   21.9    0.0   0.00    5.0   22.8  15:40    183
 05   44.6   48.7  00:20   36.9  23:20   20.4    0.0   0.27   10.4   34.2  12:00    181
 06   39.6   50.2  12:20   31.5  00:00   25.4    0.0   0.51    5.9   25.5  02:00    183
 07   34.4   50.9  16:00   23.0  06:40   30.6    0.0   0.00    2.1    8.1  13:40    295
 08   35.6   52.9  16:40   19.9  06:00   29.4    0.0   0.00    2.2   10.5  14:40    358
 09   38.2   57.7  15:20   22.3  06:40   26.8    0.0   0.00    2.2   10.1  14:00    326
 10   41.1   61.3  15:40   22.5  07:40   23.9    0.0   0.00    1.7    7.6  12:20    355
 11   46.8   67.1  16:00   29.5  07:40   18.2    0.0   0.00    1.7    8.3  16:20    343
 12   48.4   68.5  16:40   31.3  07:20   16.6    0.0   0.00    1.5    8.1  14:00    301
 13   49.9   69.8  16:20   33.3  06:40   15.1    0.0   0.00    1.9   10.5  18:40    317
 14   52.5   71.8  15:00   39.0  08:00   12.5    0.0   0.00    2.5   11.0  14:20    157
 15   49.8   66.7  17:00   37.2  07:20   15.2    0.0   0.00    2.0   10.1  19:20    357
 16   44.8   64.6  15:00   29.8  07:20   20.2    0.0   0.00    2.1   15.0  17:20    347
 17   41.0   57.7  16:20   26.2  07:00   24.0    0.0   0.00    2.3    8.7  11:40    350
 18   42.2   61.3  16:20   23.0  07:00   22.8    0.0   0.00    1.4    8.1  14:00    328
 19   50.2   61.5  14:00   41.2  02:40   14.8    0.0   0.00    6.9   32.9  16:00    176
 20   50.5   62.6  12:40   34.7  23:00   14.5    0.0   0.00   10.7   30.2  01:40    182
 21   35.3   48.0  16:00   21.9  07:00   29.7    0.0   0.00    2.7   17.4  13:00    357
 22   33.0   47.1  16:40   20.5  07:40   32.0    0.0   0.00    3.1   14.5  14:00    348
 23   36.4   57.6  16:20   17.4  07:20   28.6    0.0   0.00    2.0   11.0  15:40    325
 24   42.5   59.9  16:20   27.0  04:20   22.5    0.0   0.00    1.6    6.7  15:20    317
 25   46.9   66.0  16:40   29.8  06:40   18.1    0.0   0.47    4.5   25.7  19:40    180
 26   48.1   59.0  15:00   41.9  08:00   16.9    0.0   0.16    1.0    9.2  17:00    331
 27   50.2   64.4  15:40   35.1  06:40   14.8    0.0   0.00    5.4   27.1  14:20    179
 28   53.3   60.8  15:00   44.1  07:00   11.7    0.0   0.00    7.1   27.1  13:00    181
 29   52.7   72.3  16:40   34.7  07:00   12.3    0.0   0.00    2.5   15.4  17:20    199
 30   54.9   75.7  16:00   36.5  05:20   10.1    0.0   0.00    2.3   19.7  17:40     88
 31   53.1   63.1  15:40   47.3  07:40   11.9    0.0   0.94    2.0   14.5  14:00    185
---------------------------------------------------------------------------------------
      44.9   75.7     30   17.4     23  623.5    0.0   2.35    3.2   34.2     05    193