NOAA-Style Climate Reports


Report for 2013 February
                   MONTHLY CLIMATOLOGICAL SUMMARY for Feb 2013


NAME: Lake Shastina, California                  
ELEV: 2920 feet    LAT: 41-32.10 N    LONG: 122-21.22 W


                   TEMPERATURE (F), RAIN (in), WIND SPEED (mph)

                                         HEAT   COOL         AVG
      MEAN                               DEG    DEG          WIND                   DOM
DAY   TEMP   HIGH   TIME    LOW   TIME   DAYS   DAYS   RAIN  SPEED   HIGH   TIME    DIR
---------------------------------------------------------------------------------------
 01   31.8   48.7  15:40   20.7  07:20   33.2    0.0   0.00    0.5    5.8  12:40    333
 02   33.0   47.3  15:00   24.1  06:20   32.0    0.0   0.00    0.8    6.3  14:00    342
 03   34.6   51.6  15:20   20.8  07:20   30.4    0.0   0.00    1.1    6.3  10:40    334
 04   39.2   54.1  14:40   27.5  06:20   25.8    0.0   0.00    1.1    7.6  12:20      3
 05   38.4   51.8  14:40   25.9  00:00   26.6    0.0   0.00    2.5   14.1  17:00      1
 06   35.5   48.7  15:20   20.1  07:00   29.5    0.0   0.00    3.4   20.6  00:00    194
 07   37.3   43.2  15:00   31.1  23:20   27.7    0.0   0.31    2.2   23.3  01:20    206
 08   31.5   41.0  14:40   21.9  00:00   33.5    0.0   0.32    2.7   17.4  16:00    353
 09   28.9   43.2  16:00   15.4  07:20   36.1    0.0   0.00    1.4    7.6  16:00    314
 10   31.9   48.9  16:00   19.9  07:00   33.1    0.0   0.31    2.0    9.6  15:40    343
 11   34.8   53.2  16:00   20.1  06:20   30.2    0.0   0.16    1.4    8.1  18:20    349
 12   34.7   50.7  15:00   23.7  07:20   30.3    0.0   0.00    1.6    8.3  14:40    338
 13   38.0   54.9  15:40   24.4  03:40   27.0    0.0   0.00    1.6    7.2  14:40    335
 14   38.6   56.1  15:40   26.1  07:20   26.4    0.0   0.00    1.3    7.2  13:20    147
 15   39.7   58.8  16:00   25.5  06:00   25.3    0.0   0.00    1.6    8.1  13:40    346
 16   40.0   59.5  15:20   24.3  07:20   25.0    0.0   0.00    1.2    8.1  12:00    281
 17   33.9   49.1  15:20   20.8  07:00   31.1    0.0   0.00    1.5    8.1  10:20    328
 18   33.0   46.8  15:20   23.4  03:20   32.0    0.0   0.00    1.4   10.1  17:40    350
 19   32.8   39.4  12:20   22.8  01:20   32.2    0.0   0.31    1.7   17.4  07:20    176
 20   33.1   46.4  14:20   19.6  07:00   31.9    0.0   0.00    0.7    6.7  23:00    328
 21   36.1   48.4  15:40   24.4  07:20   28.9    0.0   0.16    1.4    9.2  01:20     35
 22   38.2   53.1  14:20   24.6  06:20   26.8    0.0   0.00    1.7   11.0  17:00    330
 23   34.1   42.4  15:00   22.6  00:00   30.9    0.0   0.00    2.8   11.4  15:00     11
 24   32.0   49.5  16:00   18.3  06:40   33.0    0.0   0.00    1.3    7.6  12:20    344
 25   37.1   50.0  13:40   25.2  00:00   27.9    0.0   0.00    2.4   13.6  15:20    347
 26   32.6   51.6  15:20   18.5  07:00   32.4    0.0   0.00    1.2    8.1  12:40    328
 27   39.4   56.7  14:40   22.3  05:40   25.6    0.0   0.00    1.6    8.1  12:40    326
 28   46.0   57.9  15:20   35.1  23:00   19.0    0.0   0.00    1.1    6.7  12:20    343
---------------------------------------------------------------------------------------
      35.6   59.5     16   15.4     09  823.8    0.0   1.57    1.6   23.3     07    343