NOAA-Style Climate Reports


Report for 2013 January
                   MONTHLY CLIMATOLOGICAL SUMMARY for Jan 2013


NAME: Lake Shastina, California                  
ELEV: 2920 feet    LAT: 41-32.10 N    LONG: 122-21.22 W


                   TEMPERATURE (F), RAIN (in), WIND SPEED (mph)

                                         HEAT   COOL         AVG
      MEAN                               DEG    DEG          WIND                   DOM
DAY   TEMP   HIGH   TIME    LOW   TIME   DAYS   DAYS   RAIN  SPEED   HIGH   TIME    DIR
---------------------------------------------------------------------------------------
 01   24.8   35.6  14:40   17.1  23:20   40.2    0.0   0.00    1.2    7.6  12:00    325
 02   21.6   35.6  15:20   11.5  07:20   43.4    0.0   0.00    1.2    6.3  12:40    327
 03   23.0   37.6  15:20   11.3  07:20   42.0    0.0   0.00    1.3    7.6  13:40    347
 04   25.1   39.2  14:40   15.8  07:20   39.9    0.0   0.00    0.8    6.3  14:40    339
 05   30.9   39.2  14:40   23.4  00:20   34.1    0.0   0.00    1.4    8.7  12:00    349
 06   34.3   39.4  12:00   31.1  00:20   30.7    0.0   0.47    0.3    4.9  10:00     66
 07   35.7   41.4  14:00   33.1  00:20   29.3    0.0   0.00    0.2    4.9  15:20    347
 08   34.5   36.3  14:20   32.7  23:00   30.5    0.0   0.00    0.3    5.4  14:00    348
 09   33.2   46.8  11:20   24.8  00:00   31.8    0.0   0.79    1.5   19.7  11:00    197
 10   27.4   35.6  12:40   20.1  07:00   37.6    0.0   0.00    0.0    0.0  00:20     90
 11   25.5   36.3  13:00   13.3  21:40   39.5    0.0   0.16    0.0    0.0  00:20     90
 12   15.6   26.1  15:00    7.2  23:40   49.4    0.0   0.00    0.0    0.0  00:20     90
 13   15.7   23.5  16:00    8.4  00:20   49.3    0.0   0.00    0.0    0.0  00:20     90
 14   17.8   32.2  15:40    7.0  04:20   47.2    0.0   0.00    0.0    0.0  00:20     90
 15   14.6   16.5  00:20   13.6  02:00   50.4    0.0   0.00    0.0    0.0  00:20     90
 16
 17
 18
 19   32.0   44.2  15:20   20.1  23:00   33.0    0.0   0.00    1.4    6.3  13:20    353
 20   25.5   43.0  15:20   12.6  07:40   39.5    0.0   0.00    0.9    6.3  14:40    349
 21   26.5   44.4  15:40   12.6  07:20   38.5    0.0   0.00    1.1    6.3  13:40    345
 22   32.5   50.9  23:00   16.3  07:20   32.5    0.0   0.00    1.8   17.0  22:20    189
 23   48.2   55.9  13:20   40.1  23:40   16.8    0.0   0.00    8.9   36.7  12:40    182
 24   41.1   52.3  15:40   33.6  21:20   23.9    0.0   0.00    1.5    7.6  11:20    341
 25   38.0   45.1  13:40   31.1  02:20   27.0    0.0   0.31    0.3    6.3  12:20    319
 26   37.5   46.2  14:00   31.1  22:00   27.5    0.0   0.16    1.2   13.2  18:40      3
 27   34.3   42.1  11:40   26.8  02:40   30.7    0.0   0.00    1.0    7.6  12:20      4
 28   34.5   41.9  16:00   29.8  21:40   30.5    0.0   0.16    0.3    7.6  23:40     18
 29   38.3   47.1  13:20   27.9  23:40   26.7    0.0   0.00    1.4   11.0  15:00     48
 30   32.6   48.0  15:20   23.2  07:40   32.4    0.0   0.00    1.0    6.3  11:40    337
 31   30.5   44.1  16:00   22.5  07:00   34.5    0.0   0.00    0.6    5.4  14:40    334
---------------------------------------------------------------------------------------
      30.1   55.9     23    7.0     14  988.7    0.0   2.04    1.1   36.7     23    324