NOAA-Style Climate Reports


Report for 2012 December
                   MONTHLY CLIMATOLOGICAL SUMMARY for Dec 2012


NAME: Lake Shastina, California                  
ELEV: 2920 feet    LAT: 41-32.10 N    LONG: 122-21.22 W


                   TEMPERATURE (F), RAIN (in), WIND SPEED (mph)

                                         HEAT   COOL         AVG
      MEAN                               DEG    DEG          WIND                   DOM
DAY   TEMP   HIGH   TIME    LOW   TIME   DAYS   DAYS   RAIN  SPEED   HIGH   TIME    DIR
---------------------------------------------------------------------------------------
 01   51.1   58.3  11:40   45.7  03:20   13.9    0.0   0.67   10.3   34.4  23:40    187
 02   43.2   52.3  13:20   31.6  21:00   21.8    0.0   4.37    2.5   33.3  00:20    238
 03   39.2   48.9  20:20   27.5  06:40   25.8    0.0   0.00    5.3   35.3  22:40    174
 04   49.3   53.6  12:00   44.1  00:40   15.7    0.0   0.16   11.6   45.0  00:20    188
 05   45.4   58.5  13:00   33.8  21:40   19.6    0.0   0.16    2.3   21.5  00:40    186
 06   37.5   47.8  14:20   26.2  00:00   27.5    0.0   0.00    1.0    8.3  14:40    330
 07   26.8   36.5  14:20   20.3  07:20   38.2    0.0   0.00    0.8    5.8  12:40    336
 08   27.1   31.5  14:00   20.3  01:20   37.9    0.0   0.00    0.1    4.5  12:00    338
 09   29.6   37.4  15:00   26.6  21:20   35.4    0.0   0.00    0.3    4.9  12:20    330
 10   28.3   38.8  15:00   21.9  06:20   36.7    0.0   0.00    0.3    5.4  13:00    342
 11   32.0   40.8  15:40   24.4  00:40   33.0    0.0   0.00    0.5   12.8  15:00     14
 12   31.8   41.2  14:40   21.6  00:00   33.2    0.0   0.32    0.5    7.6  15:00      1
 13   26.0   37.4  14:40   18.1  06:40   39.0    0.0   0.00    0.5    6.3  12:20    349
 14   27.3   34.9  11:00   19.8  00:00   37.7    0.0   0.00    0.3    5.4  11:20    340
 15   29.5   39.9  21:40   16.3  02:40   35.5    0.0   0.00    4.6   25.7  16:20    170
 16   43.3   51.8  12:40   38.7  06:20   21.7    0.0   0.00   10.3   42.1  21:00    177
 17   37.2   47.5  11:20   20.3  00:00   27.8    0.0   0.00    3.2   25.1  00:20    258
 18   25.8   37.9  14:00   16.9  06:20   39.2    0.0   0.00    1.0   10.1  16:20    359
 19   30.2   45.3  12:40   15.3  01:20   34.8    0.0   0.00    7.2   34.2  22:20    177
 20   33.2   35.2  23:40   31.3  13:40   31.8    0.0   0.00   14.0   49.0  07:40    186
 21   36.3   42.1  11:00   33.1  15:00   28.7    0.0   0.00    8.2   27.5  17:40    184
 22   38.3   43.7  13:20   35.4  09:00   26.7    0.0   0.31    7.6   24.6  02:20    182
 23   39.4   47.1  15:00   32.7  00:00   25.6    0.0   0.16    7.8   42.9  11:00    180
 24   30.7   40.5  14:40   21.9  07:40   34.3    0.0   0.00    1.0    6.7  13:40    341
 25   37.2   43.5  13:00   25.3  00:20   27.8    0.0   0.00   10.7   39.4  13:40    179
 26   35.0   43.3  13:00   27.1  06:40   30.0    0.0   0.00    1.1   15.0  00:20      8
 27   30.4   42.1  13:40   22.6  00:00   34.6    0.0   0.00    1.0    8.1  14:20    340
 28   26.3   29.7  14:20   20.3  04:40   38.7    0.0   0.00    0.7    6.3  12:20    357
 29   30.2   34.0  15:00   27.3  01:00   34.8    0.0   0.00    0.6    4.9  11:00    345
 30   29.7   37.9  14:40   18.5  00:00   35.3    0.0   0.00    0.9    8.1  14:20    357
 31   23.1   32.0  13:20   12.6  07:40   41.9    0.0   0.00    1.0    8.1  12:00    338
---------------------------------------------------------------------------------------
      33.9   58.5     05   12.6     31  965.0    0.0   6.13    3.8   49.0     20    185