NOAA-Style Climate Reports


Report for 2012 November
                   MONTHLY CLIMATOLOGICAL SUMMARY for Nov 2012


NAME: Lake Shastina, California                  
ELEV: 2920 feet    LAT: 41-32.10 N    LONG: 122-21.22 W


                   TEMPERATURE (F), RAIN (in), WIND SPEED (mph)

                                         HEAT   COOL         AVG
      MEAN                               DEG    DEG          WIND                   DOM
DAY   TEMP   HIGH   TIME    LOW   TIME   DAYS   DAYS   RAIN  SPEED   HIGH   TIME    DIR
---------------------------------------------------------------------------------------
 01   50.6   61.2  12:20   37.6  00:00   14.4    0.0   0.00    3.4   17.9  00:20    193
 02   44.6   56.3  15:00   32.7  07:40   20.4    0.0   0.00    0.7    6.7  13:40    340
 03   50.1   64.0  16:00   37.6  08:00   14.9    0.0   0.00    1.0    7.6  14:00    325
 04   49.5   66.6  15:00   36.7  07:00   15.5    0.0   0.00    0.9    6.3  11:00    320
 05   49.7   67.6  15:20   36.9  07:00   15.3    0.0   0.00    0.9    6.3  11:20    341
 06   49.4   67.5  15:00   35.6  06:40   15.6    0.0   0.00    1.2    6.3  12:00    339
 07   47.8   62.1  14:40   38.1  22:40   17.2    0.0   0.00    1.2    8.1  16:20    303
 08   37.3   46.9  12:40   27.7  21:00   27.7    0.0   0.00    1.3   12.8  12:20     35
 09   32.0   42.3  12:40   21.2  07:20   33.0    0.0   0.16    0.6   10.1  17:20      8
 10   33.0   46.0  13:20   21.4  00:00   32.0    0.0   0.00    1.3   10.5  13:40    357
 11   31.0   41.7  14:00   17.6  04:40   34.0    0.0   0.00    0.8    6.3  14:20    349
 12   40.8   55.2  15:00   29.5  07:40   24.2    0.0   0.00    1.3    8.1  14:20     34
 13   44.0   56.7  14:00   33.1  01:20   21.0    0.0   0.00    1.0    8.3  14:20    344
 14   42.4   56.1  15:20   32.4  00:00   22.6    0.0   0.00    1.0    7.6  11:40    351
 15   37.7   48.9  13:40   27.0  06:40   27.3    0.0   0.00    1.0    5.8  10:40     24
 16   50.1   56.3  12:40   39.2  00:20   14.9    0.0   0.00    6.9   21.9  12:00    178
 17   46.6   59.2  10:40   30.9  00:00   18.4    0.0   0.31    6.2   26.6  15:00    184
 18   38.2   46.4  22:00   28.0  01:40   26.8    0.0   0.00    6.3   31.1  21:00    177
 19   49.1   54.1  13:40   43.5  04:00   15.9    0.0   0.00   13.3   38.9  18:40    184
 20   49.8   55.6  12:00   46.6  00:00   15.2    0.0   0.78    9.8   36.7  02:00    189
 21   41.9   51.1  12:20   27.0  00:00   23.1    0.0   0.31    2.3   15.4  01:00    311
 22   32.7   46.4  15:00   23.4  06:20   32.3    0.0   0.00    0.6    6.3  11:20    344
 23   33.8   48.6  13:20   25.3  07:20   31.2    0.0   0.00    0.7    8.1  12:20    330
 24   38.8   53.6  15:00   25.5  03:20   26.2    0.0   0.00    0.6    7.6  12:00    337
 25   43.8   56.3  14:20   32.7  00:00   21.2    0.0   0.00    1.0    7.2  14:20      6
 26   37.0   50.9  15:00   28.0  06:20   28.0    0.0   0.00    0.9    6.3  13:20    354
 27   45.5   57.6  13:40   32.2  00:40   19.5    0.0   0.00    5.4   30.6  20:40    176
 28   49.7   54.7  00:20   46.8  09:20   15.3    0.0   0.16   10.4   30.6  22:00    187
 29   47.6   50.2  20:40   43.9  13:40   17.4    0.0   2.56   13.4   40.3  01:20    180
 30   49.9   58.1  12:40   45.5  06:20   15.1    0.0   0.27    7.1   26.6  17:40    175
---------------------------------------------------------------------------------------
      43.1   67.6     05   17.6     11  655.5    0.0   4.55    3.4   40.3     29    186