NOAA-Style Climate Reports


Report for 2012 October
                   MONTHLY CLIMATOLOGICAL SUMMARY for Oct 2012


NAME: Lake Shastina, California                  
ELEV: 2920 feet    LAT: 41-32.10 N    LONG: 122-21.22 W


                   TEMPERATURE (F), RAIN (in), WIND SPEED (mph)

                                         HEAT   COOL         AVG
      MEAN                               DEG    DEG          WIND                   DOM
DAY   TEMP   HIGH   TIME    LOW   TIME   DAYS   DAYS   RAIN  SPEED   HIGH   TIME    DIR
---------------------------------------------------------------------------------------
 01
 02
 03
 04
 05
 06
 07
 08
 09
 10
 11
 12
 13
 14
 15
 16
 17
 18   59.8   71.8  16:20   46.4  00:00    5.2    0.0   0.00    0.0    0.0  09:40     90
 19   56.5   75.6  15:20   38.8  07:20    8.5    0.0   0.00    0.0    0.0  00:20     90
 20   51.7   64.2  14:00   37.9  22:20   13.3    0.0   0.00    0.0    0.0  00:20     90
 21   44.6   58.8  16:00   26.6  08:00   20.4    0.0   0.00    0.0    0.0  00:20     90
 22   44.0   58.1  14:00   36.9  23:00   21.0    0.0   0.16    0.0    0.0  00:20     90
 23   41.8   52.9  13:20   32.5  06:40   23.2    0.0   0.00    0.0    0.0  00:20     90
 24   41.6   49.5  15:20   32.0  23:40   23.4    0.0   0.00    0.0    0.0  00:20     90
 25   37.8   53.1  15:40   25.9  07:20   27.2    0.0   0.00    0.0    0.0  00:20     90
 26   43.9   57.9  15:40   27.7  03:40   21.1    0.0   0.00    0.0    0.0  00:20     90
 27   52.7   67.6  16:00   43.3  00:00   12.3    0.0   0.00    0.0    0.0  00:20     90
 28   48.5   61.7  15:40   37.8  06:40   16.5    0.0   0.00    0.0    0.0  00:20     90
 29   51.6   69.6  16:20   37.8  06:00   13.4    0.0   0.00    0.0    0.0  00:20     90
 30   56.7   70.2  14:00   41.5  07:40    8.3    0.0   0.00    1.9   27.5  23:20    186
 31   54.1   62.4  12:00   48.0  15:40   10.9    0.0   0.79   10.4   33.8  09:00    180
---------------------------------------------------------------------------------------
      48.6   75.6     19   25.9     25  224.8    0.0   0.94    0.9   33.8     31    181