NOAA-Style Climate Reports


Report for 2012 July
                   MONTHLY CLIMATOLOGICAL SUMMARY for Jul 2012


NAME: Lake Shastina, California                  
ELEV: 2920 feet    LAT: 41-32.10 N    LONG: 122-21.22 W


                   TEMPERATURE (F), RAIN (in), WIND SPEED (mph)

                                         HEAT   COOL         AVG
      MEAN                               DEG    DEG          WIND                   DOM
DAY   TEMP   HIGH   TIME    LOW   TIME   DAYS   DAYS   RAIN  SPEED   HIGH   TIME    DIR
---------------------------------------------------------------------------------------
 01   69.4   85.3  18:40   58.8  04:40    0.0    4.4   0.00    1.6   10.5  19:20    336
 02   71.9   90.3  16:00   51.6  06:00    0.0    6.9   0.00    2.8   15.0  18:40    344
 03   66.0   85.1  19:00   47.1  06:00    0.0    1.0   0.00    2.7   11.4  20:00    337
 04   69.1   87.8  17:00   46.8  06:00    0.0    4.1   0.00    2.8   13.6  19:00    335
 05   72.5   90.7  19:20   50.5  06:00    0.0    7.5   0.00    4.8   25.1  14:00    183
 06   74.6   93.7  19:00   50.5  06:00    0.0    9.6   0.00    3.7   21.9  15:20    188
 07   76.7  100.4  19:00   51.4  06:00    0.0   11.7   0.00    2.8   18.3  17:00    200
 08   79.2  100.4  14:20   56.1  06:00    0.0   14.2   0.00    4.1   19.7  15:20    180
 09   79.8  100.6  19:00   55.6  06:00    0.0   14.8   0.00    2.2   15.4  16:20    199
 10   78.5   98.1  16:00   56.8  05:40    0.0   13.5   0.00    2.4   13.2  20:20    337
 11   80.3  101.3  18:40   58.3  06:00    0.0   15.3   0.00    2.2   12.8  19:40    339
 12   79.9   98.2  16:20   61.2  06:20    0.0   14.9   0.00    2.7   15.4  18:20    344
 13   77.0   98.8  17:00   57.7  06:20    0.0   12.0   0.00    2.2   15.9  19:00    329
 14   74.7   89.2  15:00   55.9  06:00    0.0    9.7   0.00    3.0   16.8  19:20    351
 15   75.4   93.6  15:40   55.0  06:00    0.0   10.4   0.00    2.4   12.8  18:40    344
 16   67.9   84.6  16:00   51.3  06:00    0.0    2.9   1.06    4.3   29.8  14:00    189
 17   59.7   70.0  11:20   50.5  00:00    5.3    0.0   1.45    2.1   16.8  12:20    206
 18   63.9   81.5  14:00   46.9  05:00    1.1    0.0   0.00    2.4   12.8  16:20    205
 19   68.6   85.8  14:20   46.0  06:20    0.0    3.6   0.00    4.1   23.7  14:00    182
 20   71.9   89.4  18:40   53.6  06:20    0.0    6.9   0.00    3.4   15.4  03:20    323
 21   74.4  100.6  19:00   51.3  06:20    0.0    9.4   0.00    2.1   12.8  19:40    327
 22   76.2   96.1  16:40   54.7  06:20    0.0   11.2   0.00    2.7   15.0  18:20    343
 23   74.5   94.3  16:40   53.2  06:20    0.0    9.5   0.00    2.2   11.4  18:40    335
 24   77.7   98.1  14:40   56.1  06:20    0.0   12.7   0.00    3.8   19.7  16:20    198
 25   77.4   98.1  19:00   54.0  06:20    0.0   12.4   0.00    2.0   11.0  11:20    267
 26   76.6   93.6  16:40   56.7  05:40    0.0   11.6   0.00    2.3   11.0  19:40    325
 27   75.2   94.3  15:20   57.9  06:20    0.0   10.2   0.00    2.7   14.5  19:00    343
 28   72.3   90.3  17:00   52.0  05:40    0.0    7.3   0.00    2.8   15.4  19:00    348
 29   73.7   94.8  16:00   53.8  06:00    0.0    8.7   0.00    2.4   18.3  19:20    351
 30   73.2   91.9  18:40   53.1  05:40    0.0    8.2   0.00    2.0   12.8  20:00    354
 31   76.0   93.4  16:00   54.7  06:20    0.0   11.0   0.00    3.0   13.2  18:40    343
---------------------------------------------------------------------------------------
      73.7  101.3     11   46.0     19    6.4  275.4   2.52    2.8   29.8     16    316