NOAA-Style Climate Reports


Report for 2012 June
                   MONTHLY CLIMATOLOGICAL SUMMARY for Jun 2012


NAME: Lake Shastina, California                  
ELEV: 2920 feet    LAT: 41-32.10 N    LONG: 122-21.22 W


                   TEMPERATURE (F), RAIN (in), WIND SPEED (mph)

                                         HEAT   COOL         AVG
      MEAN                               DEG    DEG          WIND                   DOM
DAY   TEMP   HIGH   TIME    LOW   TIME   DAYS   DAYS   RAIN  SPEED   HIGH   TIME    DIR
---------------------------------------------------------------------------------------
 01   71.4   82.4  19:40   62.6  23:40    0.0    6.4   0.00    1.8   13.2  19:00      1
 02   69.5   83.3  16:40   53.2  06:00    0.0    4.5   0.00    2.9   13.2  18:00    339
 03   64.0   88.7  13:20   50.4  05:40    1.0    0.0   0.00    2.8   17.0  13:20    334
 04   53.2   61.9  14:40   43.3  00:00   11.8    0.0   1.57    4.0   23.3  13:20    180
 05   48.7   60.6  16:20   39.4  04:20   16.3    0.0   0.00    2.6   15.4  17:20    341
 06   56.0   76.5  18:40   41.0  05:40    9.0    0.0   0.00    2.2    8.7  10:20    337
 07   56.3   74.1  15:20   42.8  04:00    8.7    0.0   0.00    2.2   14.5  18:00    314
 08   51.9   66.0  16:20   36.7  05:40   13.1    0.0   0.00    3.3   13.2  17:40    354
 09   51.9   68.7  19:00   34.3  05:40   13.1    0.0   0.00    3.8   15.4  14:20    344
 10   59.3   81.5  18:40   35.1  05:40    5.7    0.0   0.00    3.0   12.8  17:00    346
 11   66.8   87.3  17:20   43.7  05:40    0.0    1.8   0.00    2.9   18.3  18:40    348
 12   67.3   82.4  14:00   47.3  05:20    0.0    2.3   0.00    3.1   14.5  19:00    353
 13   66.0   81.9  16:40   47.5  05:40    0.0    1.0   0.00    2.9   15.4  18:40    335
 14   63.8   80.6  16:00   43.7  05:40    1.2    0.0   0.00    3.5   15.4  17:40    338
 15   66.6   86.4  16:20   42.8  05:40    0.0    1.6   0.00    3.5   16.8  18:40    339
 16   73.7   92.5  18:40   52.5  05:20    0.0    8.7   0.00    2.7   13.2  16:20    328
 17   75.8   93.0  15:00   55.2  05:20    0.0   10.8   0.00    2.4   13.2  19:20    342
 18   63.8   73.4  19:00   48.7  00:00    1.2    0.0   0.00    3.8   15.4  17:00    352
 19   60.6   79.2  19:00   39.0  05:40    4.4    0.0   0.00    2.1   12.8  13:20    344
 20   68.2   94.3  19:00   43.5  05:40    0.0    3.2   0.00    2.3    8.7  11:00    351
 21   73.6   93.9  13:20   49.6  05:40    0.0    8.6   0.00    5.7   25.1  18:40    187
 22   62.6   71.2  08:40   50.5  00:00    2.4    0.0   0.04    7.2   27.5  16:40    181
 23   54.3   67.5  13:20   45.1  06:00   10.7    0.0   0.59    3.9   20.1  13:40    196
 24   59.5   76.5  19:00   42.6  06:00    5.5    0.0   0.00    4.7   20.6  12:00    186
 25   55.6   70.2  11:20   42.1  03:00    9.4    0.0   0.00    4.9   22.8  08:40    183
 26   57.1   77.2  19:00   36.5  05:20    7.9    0.0   0.32    2.1   11.0  14:00    339
 27   65.6   88.7  19:00   41.2  05:40    0.0    0.6   0.00    3.6   21.5  16:20    188
 28   70.5   86.7  16:00   48.0  05:40    0.0    5.5   0.00    4.4   21.0  12:20    187
 29   71.5   90.1  16:40   56.8  06:20    0.0    6.5   0.00    3.1   15.0  16:00    234
 30   70.3   87.4  12:40   59.0  05:40    0.0    5.3   0.63    2.4   16.8  15:20    210
---------------------------------------------------------------------------------------
      63.0   94.3     20   34.3     09  121.3   66.8   3.14    3.4   27.5     22    305