NOAA-Style Climate Reports


Report for 2010 November
                   MONTHLY CLIMATOLOGICAL SUMMARY for Nov 2010


NAME: Lake Shastina, California                  
ELEV: 2920 feet    LAT: 41-32.10 N    LONG: 122-21.22 W


                   TEMPERATURE (F), RAIN (in), WIND SPEED (mph)

                                         HEAT   COOL         AVG
      MEAN                               DEG    DEG          WIND                   DOM
DAY   TEMP   HIGH   TIME    LOW   TIME   DAYS   DAYS   RAIN  SPEED   HIGH   TIME    DIR
---------------------------------------------------------------------------------------
 01   51.6   66.4  15:20   39.6  07:00   13.4    0.0   0.00    1.5   11.0  00:20    358
 02   48.5   65.3  16:20   36.3  07:40   16.5    0.0   0.00    0.7    6.3  15:00    338
 03   49.6   66.9  15:40   37.2  06:40   15.4    0.0   0.00    1.3    6.3  14:00    331
 04   47.3   61.3  14:40   38.7  03:00   17.7    0.0   0.00    1.0    6.3  12:00    215
 05   60.3   74.8  12:20   44.1  03:40    4.7    0.0   0.00    7.2   28.9  13:40    184
 06   60.5   68.5  12:00   55.6  07:00    4.5    0.0   0.00    9.3   27.5  22:00    185
 07   46.1   55.9  00:20   35.4  23:40   18.9    0.0   0.94    3.9   26.2  01:40    191
 08   36.7   48.9  13:20   25.5  23:40   28.3    0.0   0.00    0.8    9.2  12:00    336
 09   36.4   49.6  12:40   24.1  02:00   28.6    0.0   0.47    4.1   28.0  13:20    183
 10   37.0   48.9  14:40   28.2  23:40   28.0    0.0   0.00    0.6    8.7  15:20     27
 11   33.5   43.3  15:20   25.7  02:40   31.5    0.0   0.16    0.2    5.8  14:00    325
 12   37.0   50.0  15:20   27.9  06:40   28.0    0.0   0.00    0.7    7.2  11:20    344
 13   38.2   45.9  13:40   28.2  03:40   26.8    0.0   0.00    0.6    6.3  14:00    339
 14   45.6   52.3  15:00   39.0  06:00   19.4    0.0   0.00    0.9    5.8  11:00    347
 15   46.6   60.1  14:20   36.3  06:20   18.4    0.0   0.00    0.9   10.5  14:20    316
 16   40.5   53.6  14:00   27.5  00:00   24.5    0.0   0.00    1.4    9.2  12:00    342
 17   37.1   53.4  00:00   24.8  05:40   27.9    0.0   0.00    2.7   27.1  00:00    193
 18   43.9   53.1  00:20   34.3  20:00   21.1    0.0   0.94    5.7   31.5  01:20    194
 19   33.9   42.6  13:40   25.9  00:00   31.1    0.0   0.16    0.2    6.3  14:40    354
 20   34.8   44.2  11:00   23.9  02:00   30.2    0.0   0.00    5.2   27.5  11:00    183
 21   34.7   42.3  12:20   30.0  00:00   30.3    0.0   0.16    0.4    5.8  13:20    241
 22   36.9   46.4  13:40   27.1  07:00   28.1    0.0   0.31    3.4   17.4  16:00    183
 23   30.5   40.5  00:20   21.2  00:00   34.5    0.0   0.00    3.6   15.0  11:20    347
 24   22.6   35.1  13:20   11.1  07:20   42.4    0.0   0.00    1.2    6.3  11:00    354
 25   23.7   35.6  14:20   14.4  06:20   41.3    0.0   0.00    1.4    8.1  11:40    342
 26   31.2   40.6  00:00   20.1  00:40   33.8    0.0   0.00    3.1   31.5  00:00    169
 27   35.5   40.5  13:40   29.7  20:20   29.5    0.0   0.00    6.3   35.3  02:40    187
 28   31.3   39.4  15:00   22.3  00:00   33.7    0.0   0.00    0.6    7.2  15:00     55
 29   27.0   36.5  14:40   15.8  07:40   38.0    0.0   0.00    1.0    7.2  12:00    355
 30   38.3   47.3  15:00   28.8  01:40   26.7    0.0   0.00    4.5   23.7  20:00    182
---------------------------------------------------------------------------------------
      39.2   74.8     05   11.1     24  773.2    0.0   3.14    2.5   35.3     27    193