NOAA-Style Climate Reports


Report for 2010 October
                   MONTHLY CLIMATOLOGICAL SUMMARY for Oct 2010


NAME: Lake Shastina, California                  
ELEV: 2920 feet    LAT: 41-32.10 N    LONG: 122-21.22 W


                   TEMPERATURE (F), RAIN (in), WIND SPEED (mph)

                                         HEAT   COOL         AVG
      MEAN                               DEG    DEG          WIND                   DOM
DAY   TEMP   HIGH   TIME    LOW   TIME   DAYS   DAYS   RAIN  SPEED   HIGH   TIME    DIR
---------------------------------------------------------------------------------------
 01   70.7   91.4  16:00   51.3  07:40    0.0    5.7   0.00    2.3   10.1  00:40    316
 02   68.3   89.2  16:00   48.7  07:20    0.0    3.3   0.00    4.0   17.4  22:20    195
 03   68.6   74.3  16:00   57.4  23:40    0.0    3.6   0.00    8.9   26.6  10:20    187
 04   53.3   59.9  16:20   40.1  00:00   11.7    0.0   0.00    4.2   15.4  17:00    349
 05   51.6   70.9  17:20   31.3  07:00   13.4    0.0   0.00    3.7   15.4  12:20      8
 06   60.0   72.3  14:00   51.4  06:40    5.0    0.0   0.00    2.3   13.2  17:00    352
 07   57.9   69.1  15:40   50.0  00:00    7.1    0.0   0.16    2.6   15.4  19:00    188
 08   57.9   73.4  15:00   43.5  07:20    7.1    0.0   0.00    4.0   17.0  13:40    191
 09   63.7   77.9  15:40   54.7  06:20    1.3    0.0   0.00    1.9    9.6  17:40    349
 10   61.7   78.6  16:00   46.9  07:20    3.3    0.0   0.00    2.4   11.9  19:40    344
 11   53.6   69.3  17:00   39.4  07:40   11.4    0.0   0.00    2.1    8.7  15:40    329
 12   51.3   71.6  16:40   33.6  07:20   13.7    0.0   0.00    1.7    8.7  12:00     30
 13   54.9   77.9  16:40   36.1  06:40   10.1    0.0   0.00    1.7    8.1  13:00     11
 14   59.2   79.5  16:40   39.4  07:00    5.8    0.0   0.00    2.0   12.3  18:00    327
 15   60.7   75.7  15:40   50.0  07:40    4.3    0.0   0.00    1.5    8.7  14:00    297
 16   57.9   76.8  15:40   45.1  07:20    7.1    0.0   0.00    1.9   12.8  17:20    231
 17   53.5   68.0  15:20   41.5  08:00   11.5    0.0   0.00    1.5   12.8  17:00    213
 18   51.5   71.8  16:40   34.9  07:20   13.5    0.0   0.00    1.1    8.1  13:20    305
 19   52.0   72.3  16:20   35.2  07:40   13.0    0.0   0.00    1.6    7.6  11:20    342
 20   54.5   77.7  16:00   35.4  07:00   10.5    0.0   0.00    2.6   14.5  23:40    170
 21   59.4   66.7  14:20   51.6  00:00    5.6    0.0   0.00    9.3   27.5  12:20    184
 22   54.5   64.9  13:40   49.3  01:40   10.5    0.0   0.00    6.0   21.0  12:40    184
 23   50.8   54.7  12:00   46.0  08:00   14.2    0.0   0.71   12.4   37.6  00:00    182
 24   49.3   58.3  14:00   37.8  00:00   15.7    0.0   2.20    8.6   51.7  00:20    195
 25   41.7   55.2  14:20   29.3  08:00   23.3    0.0   0.00    1.0   11.0  16:20    305
 26   40.2   52.0  14:40   28.0  00:00   24.8    0.0   0.00    1.2   11.9  04:00    337
 27   38.6   54.1  15:20   21.7  07:40   26.4    0.0   0.00    6.3   35.3  21:20    185
 28   46.0   51.6  16:20   41.9  04:40   19.0    0.0   0.31   12.5   32.9  11:20    183
 29   50.5   60.3  14:00   43.9  07:40   14.5    0.0   0.00    3.6   26.2  01:00    188
 30   49.5   57.9  12:20   41.5  06:40   15.5    0.0   0.00    7.0   26.2  15:40    181
 31   53.5   61.3  12:40   48.7  01:40   11.5    0.0   0.00    9.9   26.6  04:20    180
---------------------------------------------------------------------------------------
      54.8   91.4     01   21.7     27  330.8   12.5   3.38    4.2   51.7     24    190