NOAA-Style Climate Reports


Report for 2010 September
                   MONTHLY CLIMATOLOGICAL SUMMARY for Sep 2010


NAME: Lake Shastina, California                  
ELEV: 2920 feet    LAT: 41-32.10 N    LONG: 122-21.22 W


                   TEMPERATURE (F), RAIN (in), WIND SPEED (mph)

                                         HEAT   COOL         AVG
      MEAN                               DEG    DEG          WIND                   DOM
DAY   TEMP   HIGH   TIME    LOW   TIME   DAYS   DAYS   RAIN  SPEED   HIGH   TIME    DIR
---------------------------------------------------------------------------------------
 01   65.6   84.2  19:00   46.2  06:40    0.0    0.6   0.00    2.5   11.0  14:20    324
 02   73.1   96.4  15:40   51.4  06:20    0.0    8.1   0.00    4.1   19.2  18:00    193
 03   76.5   95.9  15:00   54.9  07:00    0.0   11.5   0.00    4.7   19.7  13:20    188
 04   70.5   88.2  15:40   53.8  06:20    0.0    5.5   0.00    2.7   13.2  17:40    341
 05   59.7   74.7  15:20   45.5  07:00    5.3    0.0   0.00    3.5   13.2  16:20    334
 06   60.0   85.8  19:00   39.7  07:00    5.0    0.0   0.00    2.1    9.2  15:00    264
 07   61.8   81.0  15:00   42.4  06:40    3.2    0.0   0.00    2.6   13.2  18:40    335
 08   58.1   68.2  13:40   52.9  00:00    6.9    0.0   0.00    3.5   13.6  21:00    347
 09   57.6   70.2  16:20   47.8  00:00    7.4    0.0   0.00    2.2   11.4  17:00    347
 10   56.7   80.1  19:00   36.3  07:00    8.3    0.0   0.00    2.1    9.2  14:20    339
 11   62.8   84.9  19:00   40.5  07:00    2.2    0.0   0.00    2.5   11.0  20:00    340
 12   65.4   89.2  15:20   43.3  07:00    0.0    0.4   0.00    3.3   16.8  16:20    195
 13   65.2   87.8  15:40   46.2  07:00    0.0    0.2   0.00    2.7   15.9  18:00    199
 14   66.1   88.0  16:20   47.3  07:00    0.0    1.1   0.00    2.2   11.0  18:00    301
 15   65.5   82.8  14:40   48.2  07:20    0.0    0.5   0.00    2.5   11.0  15:40    276
 16   66.3   85.3  16:40   48.6  07:00    0.0    1.3   0.00    2.1    9.6  17:00    328
 17   65.0   83.1  16:00   51.4  05:20    0.0    0.0   0.00    4.4   25.5  12:40    191
 18   64.1   81.1  14:00   54.3  06:40    0.9    0.0   0.16    4.6   24.2  14:40    189
 19   59.8   70.9  16:00   47.1  00:00    5.2    0.0   0.16    6.3   23.7  02:00    184
 20   54.1   70.5  16:40   39.0  06:40   10.9    0.0   0.00    1.6    8.7  15:40    335
 21   54.4   68.5  13:40   38.7  07:20   10.6    0.0   0.00    1.8    8.7  14:20    331
 22   57.2   71.8  16:20   45.0  01:40    7.8    0.0   0.00    1.7    8.7  13:20    343
 23   56.1   75.9  16:20   37.4  07:20    8.9    0.0   0.00    2.1    9.6  14:40    331
 24   58.7   80.2  16:20   39.7  07:20    6.3    0.0   0.00    1.8    8.3  15:00    339
 25   62.3   89.4  15:40   41.0  07:20    2.7    0.0   0.00    2.8   15.0  16:00    252
 26   63.5   86.4  17:00   44.1  07:20    1.5    0.0   0.00    1.8    8.7  15:40    334
 27   65.0   87.8  17:20   46.2  06:40    0.0    0.0   0.00    1.5    8.3  13:20    333
 28   66.7   90.1  16:20   46.0  07:20    0.0    1.7   0.00    2.1    8.1  12:20    335
 29   67.0   89.4  17:00   47.7  07:20    0.0    2.0   0.00    1.7    7.6  14:40    323
 30   69.3   95.2  16:20   47.3  07:20    0.0    4.3   0.00    2.8   15.4  17:40    201
---------------------------------------------------------------------------------------
      63.1   96.4     02   36.3     10   93.0   37.2   0.31    2.7   25.5     17    294