NOAA-Style Climate Reports


Report for 2010 August
                   MONTHLY CLIMATOLOGICAL SUMMARY for Aug 2010


NAME: Lake Shastina, California                  
ELEV: 2920 feet    LAT: 41-32.10 N    LONG: 122-21.22 W


                   TEMPERATURE (F), RAIN (in), WIND SPEED (mph)

                                         HEAT   COOL         AVG
      MEAN                               DEG    DEG          WIND                   DOM
DAY   TEMP   HIGH   TIME    LOW   TIME   DAYS   DAYS   RAIN  SPEED   HIGH   TIME    DIR
---------------------------------------------------------------------------------------
 01   73.4   94.8  19:00   51.1  06:20    0.0    8.4   0.00    2.5   14.1  20:00    326
 02   74.8   95.2  15:00   52.0  06:20    0.0    9.8   0.00    2.7   11.0  16:00    340
 03   76.1   95.0  15:40   54.0  05:40    0.0   11.1   0.00    2.5   11.0  14:40    342
 04   78.4   98.6  16:20   56.5  06:20    0.0   13.4   0.00    3.0   15.0  18:00    221
 05   77.6   97.7  16:20   55.6  06:00    0.0   12.6   0.00    2.9   13.2  20:00    311
 06   74.8   91.4  16:00   56.7  06:20    0.0    9.8   0.00    3.5   16.8  18:40    333
 07   72.2   90.3  16:00   52.5  06:20    0.0    7.2   0.00    3.2   13.2  18:40    344
 08   72.9   89.6  15:40   53.8  06:20    0.0    7.9   0.00    3.3   13.2  16:40    340
 09   73.9   91.9  16:00   53.6  06:20    0.0    8.9   0.00    3.9   17.4  13:20    218
 10   68.1   85.3  15:00   56.5  05:40    0.0    3.1   0.00    3.1   20.1  13:40    209
 11   68.3   84.7  17:00   49.8  06:00    0.0    3.3   0.00    3.0   13.2  17:40    336
 12   70.7   92.5  19:00   48.4  06:20    0.0    5.7   0.00    2.1   10.1  13:40    329
 13   75.9   97.2  16:40   52.3  05:40    0.0   10.9   0.00    2.7   12.3  18:20    250
 14   78.7  100.0  19:00   59.0  06:20    0.0   13.7   0.00    3.3   15.0  18:00    197
 15   76.1   97.2  19:00   59.0  06:20    0.0   11.1   0.00    2.1    8.7  19:00    285
 16   79.4  101.3  16:20   57.9  06:00    0.0   14.4   0.00    2.7   12.8  17:00    290
 17   74.6   92.5  14:00   59.5  06:00    0.0    9.6   0.00    5.2   26.6  18:00    179
 18   70.4   93.2  17:00   48.4  06:20    0.0    5.4   0.00    2.3   12.8  18:20    227
 19   73.2   93.4  17:00   51.8  06:20    0.0    8.2   0.00    2.2    9.2  15:20    346
 20   73.5   92.3  15:40   52.3  06:20    0.0    8.5   0.00    5.6   24.2  18:00    184
 21   71.9   85.8  14:40   58.6  00:00    0.0    6.9   0.00    7.0   21.0  10:40    186
 22   64.7   79.2  16:20   50.9  07:20    0.3    0.0   0.00    3.2   14.1  19:00    337
 23   65.7   93.0  19:20   45.5  06:40    0.0    0.7   0.00    2.8    8.7  13:20    323
 24   74.1  100.8  19:20   50.2  05:40    0.0    9.1   0.00    2.4   10.5  13:00    320
 25   78.6  103.8  16:20   52.3  06:40    0.0   13.6   0.00    2.2   11.9  19:20    297
 26   75.4   96.4  13:00   60.1  00:00    0.0   10.4   0.00    4.5   18.3  15:40    341
 27   64.7   81.0  15:40   49.6  06:40    0.3    0.0   0.00    3.1   15.4  19:00    337
 28   57.7   65.7  13:00   52.2  00:00    7.3    0.0   0.00    2.5   13.2  15:40    358
 29   57.8   72.5  16:40   41.7  05:40    7.2    0.0   0.00    2.4   12.8  19:40    348
 30   58.8   74.3  16:00   46.0  06:00    6.2    0.0   0.00    2.2   12.3  13:00    345
 31   60.1   78.1  16:00   40.6  06:40    4.9    0.0   0.00    2.3   12.8  16:40    345
---------------------------------------------------------------------------------------
      71.4  103.8     25   40.6     31   26.2  223.7   0.00    3.1   26.6     17    309