NOAA-Style Climate Reports


Report for 2010 July
                   MONTHLY CLIMATOLOGICAL SUMMARY for Jul 2010


NAME: Lake Shastina, California                  
ELEV: 2920 feet    LAT: 41-32.10 N    LONG: 122-21.22 W


                   TEMPERATURE (F), RAIN (in), WIND SPEED (mph)

                                         HEAT   COOL         AVG
      MEAN                               DEG    DEG          WIND                   DOM
DAY   TEMP   HIGH   TIME    LOW   TIME   DAYS   DAYS   RAIN  SPEED   HIGH   TIME    DIR
---------------------------------------------------------------------------------------
 01   65.9   85.3  16:40   44.2  06:00    0.0    0.9   0.00    3.1   15.4  18:20    340
 02   60.8   74.8  14:40   43.5  05:20    4.2    0.0   0.00    3.8   17.0  19:20    347
 03   61.5   79.2  16:20   39.4  05:40    3.5    0.0   0.00    3.2   17.9  19:20    341
 04   67.9   87.6  19:00   44.6  06:00    0.0    2.9   0.00    2.9   12.3  19:20    334
 05   70.6   87.4  19:00   50.4  05:40    0.0    5.6   0.00    2.9   11.4  19:20    327
 06   74.4   93.9  19:00   51.4  06:00    0.0    9.4   0.00    3.5   14.1  23:40    350
 07   82.1  100.0  16:40   59.2  06:00    0.0   17.1   0.00    3.8   21.9  21:20    172
 08   79.2   97.7  17:00   59.9  05:40    0.0   14.2   0.00    2.8   13.2  16:20    341
 09   81.9  102.2  15:40   57.7  06:00    0.0   16.9   0.00    2.2   11.4  17:00    329
 10   82.0  100.8  15:40   59.2  05:40    0.0   17.0   0.00    3.2   15.9  19:20    252
 11   80.6   96.4  16:20   59.2  06:00    0.0   15.6   0.00    3.6   15.0  18:20    344
 12   79.4   97.0  15:40   58.8  05:40    0.0   14.4   0.00    3.1   14.5  18:20    338
 13   74.8   90.1  15:20   55.9  06:00    0.0    9.8   0.00    3.7   15.0  16:00    334
 14   74.7   99.0  19:40   48.9  06:00    0.0    9.7   0.00    2.4   10.5  16:00    337
 15   81.3  100.8  16:20   55.6  06:00    0.0   16.3   0.00    2.7   10.5  20:00    311
 16   83.8  103.8  16:40   60.6  06:00    0.0   18.8   0.00    2.6   15.4  15:00    339
 17   83.4  102.7  16:20   59.0  06:20    0.0   18.4   0.00    2.9   15.9  19:40    307
 18   78.2   95.9  16:40   57.2  06:00    0.0   13.2   0.00    3.3   14.5  19:20    344
 19   75.6   95.4  17:40   52.5  05:40    0.0   10.6   0.00    2.7   11.4  19:00    325
 20   76.0   96.3  15:40   52.5  06:00    0.0   11.0   0.00    3.0   14.5  18:20    332
 21   74.4   95.0  17:20   50.2  06:00    0.0    9.4   0.00    2.5   13.2  19:00    340
 22   77.4   95.5  17:20   53.4  06:00    0.0   12.4   0.00    2.5   11.0  18:40    333
 23   80.8  102.9  19:20   57.2  06:00    0.0   15.8   0.00    2.8    9.6  20:20    285
 24   83.8  107.2  19:20   59.4  06:00    0.0   18.8   0.00    2.3   10.1  20:20    313
 25   82.3  104.2  16:00   61.2  06:20    0.0   17.3   0.00    2.3   11.4  16:40    320
 26   77.5  101.7  15:20   60.3  05:40    0.0   12.5   0.00    2.5   21.0  18:40    324
 27   78.5   99.1  14:40   55.9  05:40    0.0   13.5   0.00    3.2   15.0  15:20    244
 28   76.3   92.7  15:20   57.2  06:20    0.0   11.3   0.00    5.1   19.2  10:40    185
 29   75.2   95.4  16:00   48.9  06:00    0.0   10.2   0.00    3.0   13.2  17:00    230
 30   76.2   94.8  15:20   56.5  06:20    0.0   11.2   0.00    3.2   14.5  18:20    247
 31   73.7   90.3  15:40   54.3  06:20    0.0    8.7   0.00    3.3   13.2  19:00    347
---------------------------------------------------------------------------------------
      76.5  107.2     24   39.4     03    7.7  363.0   0.00    3.0   21.9     07    326