NOAA-Style Climate Reports


Report for 2010 June
                   MONTHLY CLIMATOLOGICAL SUMMARY for Jun 2010


NAME: Lake Shastina, California                  
ELEV: 2920 feet    LAT: 41-32.10 N    LONG: 122-21.22 W


                   TEMPERATURE (F), RAIN (in), WIND SPEED (mph)

                                         HEAT   COOL         AVG
      MEAN                               DEG    DEG          WIND                   DOM
DAY   TEMP   HIGH   TIME    LOW   TIME   DAYS   DAYS   RAIN  SPEED   HIGH   TIME    DIR
---------------------------------------------------------------------------------------
 01   62.9   72.5  15:00   53.4  06:00    2.1    0.0   0.00    1.9   10.1  18:40    308
 02   61.6   72.9  11:00   50.9  23:20    3.4    0.0   0.00    5.8   25.1  11:20    177
 03   60.0   68.2  12:40   49.6  02:20    5.0    0.0   0.00    6.2   28.9  22:40    179
 04   63.7   71.2  10:40   49.3  00:00    1.3    0.0   0.16    8.0   32.0  06:00    178
 05   59.6   73.9  14:40   47.5  01:20    5.4    0.0   0.00    2.3   15.4  14:40    217
 06   65.1   81.1  14:40   54.1  06:00    0.0    0.1   0.00    3.4   16.8  11:00    207
 07   64.9   82.0  19:00   49.3  06:20    0.1    0.0   0.00    2.8   10.5  15:00    333
 08   65.2   84.2  15:20   44.1  05:40    0.0    0.2   0.00    3.4   15.9  14:20    219
 09   64.4   80.2  14:20   48.7  00:00    0.6    0.0   0.00    5.8   22.4  08:40    229
 10   52.3   63.9  16:00   42.3  00:00   12.7    0.0   0.00    4.6   18.8  18:40    350
 11   55.6   73.9  19:20   33.4  06:00    9.4    0.0   0.00    4.3   15.4  15:40    341
 12   65.3   84.2  19:00   43.3  05:40    0.0    0.3   0.00    4.0   12.3  12:20    322
 13   70.6   88.2  19:00   49.8  05:40    0.0    5.6   0.00    3.2   12.3  19:20    346
 14   67.1   80.8  14:00   51.8  06:00    0.0    2.1   0.00    3.9   15.4  18:00    342
 15   56.6   73.9  14:40   38.5  05:40    8.4    0.0   0.00    4.6   24.2  18:40    355
 16   57.9   70.3  19:00   41.0  01:00    7.1    0.0   0.00    4.0   14.5  12:00    337
 17   58.3   75.0  19:00   37.0  05:40    6.7    0.0   0.00    3.1   14.5  19:40    339
 18   61.4   84.9  14:40   40.1  05:40    3.6    0.0   0.00    3.1   15.4  15:00    288
 19   51.4   58.1  10:00   47.3  02:20   13.6    0.0   0.00    1.1    8.3  10:00    343
 20   54.3   64.8  20:20   48.6  00:00   10.7    0.0   0.00    1.5   11.0  20:20    339
 21   62.5   82.2  19:20   39.9  05:20    2.5    0.0   0.00    3.0   12.8  17:40    335
 22   68.5   87.6  16:00   44.6  05:40    0.0    3.5   0.00    2.6   12.3  17:40    319
 23   72.6   88.7  15:00   55.0  06:00    0.0    7.6   0.00    2.2   11.0  19:20    322
 24   73.8   94.8  17:00   54.1  06:20    0.0    8.8   0.00    2.4   13.2  19:00    284
 25   72.9   91.0  15:00   53.4  05:40    0.0    7.9   0.00    2.7   16.8  19:40    334
 26   71.7   90.7  15:00   50.0  05:20    0.0    6.7   0.00    2.4   11.0  17:00    320
 27   82.6   93.7  16:40   65.1  00:00    0.0   17.6   0.00    4.1   13.6  20:00    331
 28   75.3   92.8  15:20   52.3  06:00    0.0   10.3   0.00    2.7   15.9  19:40    349
 29   71.0   87.8  15:20   52.5  06:00    0.0    6.0   0.00    3.8   17.4  18:40    344
 30   65.3   82.9  16:20   45.3  05:20    0.0    0.3   0.00    2.8   18.3  19:20    345
---------------------------------------------------------------------------------------
      64.8   94.8     24   33.4     11   92.5   77.0   0.16    3.6   32.0     04    315