NOAA-Style Climate Reports


Report for 2010 May
                   MONTHLY CLIMATOLOGICAL SUMMARY for May 2010


NAME: Lake Shastina, California                  
ELEV: 2920 feet    LAT: 41-32.10 N    LONG: 122-21.22 W


                   TEMPERATURE (F), RAIN (in), WIND SPEED (mph)

                                         HEAT   COOL         AVG
      MEAN                               DEG    DEG          WIND                   DOM
DAY   TEMP   HIGH   TIME    LOW   TIME   DAYS   DAYS   RAIN  SPEED   HIGH   TIME    DIR
---------------------------------------------------------------------------------------
 01   51.8   64.6  19:00   40.1  06:20   13.2    0.0   0.00    3.6   17.0  19:40     12
 02   51.3   72.1  19:00   30.2  06:00   13.7    0.0   0.00    3.0   11.4  15:20    359
 03   53.1   69.3  16:00   37.4  00:00   11.9    0.0   0.00    4.0   15.4  18:40    347
 04   47.3   67.5  19:20   27.0  06:20   17.7    0.0   0.00    3.0   10.5  16:00    337
 05   41.8   52.7  15:20   28.6  05:40   23.2    0.0   0.00    5.4   20.6  17:40      5
 06   44.5   65.7  19:00   22.1  06:00   20.5    0.0   0.00    2.3   10.5  14:00    312
 07   51.8   69.4  14:40   30.6  05:40   13.2    0.0   0.00    3.3   12.3  22:00    341
 08   55.4   70.5  13:40   44.8  06:40    9.6    0.0   0.00    2.5   15.4  19:20    250
 09   50.6   65.5  14:20   42.4  02:00   14.4    0.0   0.55    2.7   13.2  11:40    189
 10   42.5   47.1  00:40   36.9  20:40   22.5    0.0   0.16    3.6   18.3  04:40    179
 11   46.1   58.6  17:20   36.7  05:20   18.9    0.0   0.32    2.7   13.2  18:40    356
 12   51.8   70.5  19:00   29.8  05:40   13.2    0.0   0.00    2.4   14.5  15:20    333
 13   59.0   79.9  19:20   38.7  06:00    6.0    0.0   0.00    2.0   12.3  14:40    336
 14   63.1   83.1  15:20   41.2  06:00    1.9    0.0   0.00    2.5   12.3  15:40    280
 15   65.1   83.8  15:00   44.1  05:20    0.0    0.1   0.00    4.4   17.4  22:40    185
 16   66.1   78.1  15:20   51.8  06:00    0.0    1.1   0.00    5.9   23.3  13:00    180
 17   57.3   62.4  00:20   49.3  20:40    7.7    0.0   0.00    8.0   29.8  16:20    180
 18   56.6   67.3  13:20   39.7  06:20    8.4    0.0   0.00    6.4   23.7  12:20    180
 19   52.7   64.6  08:40   41.0  00:00   12.3    0.0   0.00    8.2   36.7  11:40    174
 20   48.6   62.8  15:20   33.3  03:40   16.4    0.0   0.00    2.5   13.2  12:40    329
 21   44.4   60.6  08:20   32.9  23:40   20.6    0.0   0.00    2.6   17.0  16:40    327
 22   41.5   58.1  13:40   29.7  03:40   23.5    0.0   0.00    3.0   17.4  18:00    349
 23   47.0   62.4  16:20   30.6  06:00   18.0    0.0   0.00    3.0   13.6  18:40    348
 24   51.0   65.5  15:00   39.4  05:00   14.0    0.0   0.00    5.9   22.4  19:00    180
 25   50.2   56.7  14:20   44.2  05:00   14.8    0.0   0.00    7.4   27.5  16:20    178
 26   52.8   63.9  16:40   41.7  02:00   12.2    0.0   0.00    7.7   26.2  11:40    182
 27   47.6   62.1  13:20   36.7  02:40   17.4    0.0   0.47    5.0   27.5  14:20    182
 28   49.9   63.1  19:20   39.7  01:00   15.1    0.0   0.47    2.9   16.3  17:40      1
 29   54.4   75.2  19:00   31.3  05:40   10.6    0.0   0.00    2.8   11.0  20:00    347
 30   59.5   78.1  15:20   39.2  04:20    5.5    0.0   0.00    2.5   11.4  19:40    337
 31   61.9   72.9  17:40   53.2  06:20    3.1    0.0   0.00    1.8   10.1  12:20    332
---------------------------------------------------------------------------------------
      52.3   83.8     15   22.1     06  399.3    1.2   1.96    3.9   36.7     19    213