NOAA-Style Climate Reports


Report for 2010 April
                   MONTHLY CLIMATOLOGICAL SUMMARY for Apr 2010


NAME: Lake Shastina, California                  
ELEV: 2920 feet    LAT: 41-32.10 N    LONG: 122-21.22 W


                   TEMPERATURE (F), RAIN (in), WIND SPEED (mph)

                                         HEAT   COOL         AVG
      MEAN                               DEG    DEG          WIND                   DOM
DAY   TEMP   HIGH   TIME    LOW   TIME   DAYS   DAYS   RAIN  SPEED   HIGH   TIME    DIR
---------------------------------------------------------------------------------------
 01   37.9   51.3  12:40   24.1  04:00   27.1    0.0   0.00    2.2   12.8  14:40    351
 02   39.3   51.1  15:20   26.2  23:40   25.7    0.0   0.00   10.3   41.2  09:40    188
 03   36.4   50.2  16:00   24.4  00:20   28.6    0.0   0.00    3.0   14.5  18:00    182
 04   38.8   48.2  12:00   27.9  00:00   26.2    0.0   0.31   10.0   39.8  10:40    178
 05   36.7   52.0  15:00   21.6  03:40   28.3    0.0   0.16    3.1   17.4  15:20    185
 06   40.6   55.9  19:00   26.4  03:20   24.4    0.0   0.00    2.3   12.3  14:20    343
 07   48.1   68.7  18:20   27.0  06:00   16.9    0.0   0.00    2.9   15.0  19:20    293
 08   43.0   51.8  00:20   28.6  00:00   22.0    0.0   0.00    6.9   19.2  16:00    347
 09   39.8   62.1  19:00   22.3  07:00   25.2    0.0   0.00    2.3   11.0  15:00    299
 10   43.5   59.2  12:40   31.3  06:40   21.5    0.0   0.00    7.4   34.2  23:20    181
 11   46.4   59.0  15:20   39.9  23:20   18.6    0.0   0.00    9.6   31.1  11:40    187
 12   44.5   56.8  15:00   35.8  07:00   20.5    0.0   0.00    4.9   25.7  11:20    189
 13   46.2   60.4  16:00   37.8  05:00   18.8    0.0   0.31    1.8   11.0  20:20    260
 14   43.0   55.4  11:40   31.3  00:00   22.0    0.0   0.00    3.5   24.6  14:00    189
 15   46.8   65.5  16:00   25.5  06:40   18.2    0.0   0.00    3.4   17.0  14:00    197
 16   56.9   66.7  16:00   43.5  02:20    8.1    0.0   0.00    7.9   25.5  11:40    181
 17   59.3   72.0  15:20   43.9  00:00    5.7    0.0   0.00    6.3   20.6  09:20    181
 18   56.6   79.7  16:40   33.6  06:20    8.4    0.0   0.00    3.6   17.4  18:00    217
 19   59.6   72.5  14:40   49.6  06:40    5.4    0.0   0.00    9.4   27.5  14:00    182
 20   42.1   51.6  01:40   35.1  08:20   22.9    0.0   2.98    2.8   25.7  01:40    199
 21   36.7   41.0  15:40   32.7  06:20   28.3    0.0   1.41    0.7   12.3  03:20    346
 22   45.3   60.3  19:00   32.7  06:40   19.7    0.0   0.00    2.9   12.3  18:00     16
 23   51.6   72.0  19:00   31.3  06:20   13.4    0.0   0.00    1.9    9.6  15:40    348
 24   51.3   67.3  19:00   33.4  05:40   13.7    0.0   0.00    2.6   11.4  10:20    346
 25   52.7   74.8  19:00   30.4  06:20   12.3    0.0   0.00    1.9    8.7  12:40    325
 26   53.4   73.0  13:20   36.7  06:00   11.6    0.0   0.00    8.5   36.2  23:00    178
 27   44.0   51.6  16:20   36.3  22:20   21.0    0.0   1.73    5.7   32.0  00:20    272
 28   39.9   48.4  19:00   34.7  22:20   25.1    0.0   0.16    4.0   15.4  15:40      6
 29   39.0   50.9  15:00   30.2  04:40   26.0    0.0   0.43    2.3   12.8  13:00      0
 30   44.2   57.0  19:20   31.5  06:00   20.8    0.0   0.00    2.9   13.2  14:40    346
---------------------------------------------------------------------------------------
      45.4   79.7     18   21.6     05  586.4    0.0   7.49    4.6   41.2     02    194