NOAA-Style Climate Reports


Report for 2010 March
                   MONTHLY CLIMATOLOGICAL SUMMARY for Mar 2010


NAME: Lake Shastina, California                  
ELEV: 2920 feet    LAT: 41-32.10 N    LONG: 122-21.22 W


                   TEMPERATURE (F), RAIN (in), WIND SPEED (mph)

                                         HEAT   COOL         AVG
      MEAN                               DEG    DEG          WIND                   DOM
DAY   TEMP   HIGH   TIME    LOW   TIME   DAYS   DAYS   RAIN  SPEED   HIGH   TIME    DIR
---------------------------------------------------------------------------------------
 01   45.3   56.5  12:40   32.7  07:00   19.7    0.0   0.00    6.7   24.6  16:40    182
 02   46.1   54.0  13:00   38.7  22:00   18.9    0.0   0.00   10.4   28.4  05:20    181
 03   37.6   44.8  14:00   32.5  08:00   27.4    0.0   0.63    5.4   29.3  00:40    205
 04   34.8   36.1  00:00   33.4  21:00   30.2    0.0   0.00    0.5    6.3  00:00    150
 05   39.8   53.1  13:20   31.3  06:40   25.2    0.0   0.00    2.8   16.3  02:20    187
 06   41.4   56.7  16:20   29.8  05:40   23.6    0.0   0.00    1.5    7.2  12:00    309
 07   43.5   62.4  13:40   27.0  06:40   21.5    0.0   0.00    1.8   10.1  19:20    331
 08   34.5   43.3  11:00   25.7  23:40   30.5    0.0   0.00    2.3   15.4  12:20    358
 09   32.3   45.5  15:40   16.9  05:40   32.7    0.0   0.16    2.9   21.5  20:00    189
 10   36.1   48.2  14:40   25.9  05:00   28.9    0.0   0.00    1.8   10.1  13:20    336
 11   43.3   57.9  13:00   30.0  05:00   21.7    0.0   0.00    6.9   25.1  19:00    183
 12   39.2   47.3  09:20   28.2  23:20   25.8    0.0   0.47    7.4   34.2  03:40    193
 13   34.1   48.0  14:20   24.3  07:20   30.9    0.0   0.16    1.7   10.5  13:00    332
 14   38.1   56.1  16:40   21.7  07:20   26.9    0.0   0.00    2.1    8.3  13:00    336
 15   47.2   68.7  16:40   28.0  07:20   17.8    0.0   0.00    4.4   24.2  23:40    203
 16   57.4   67.5  11:20   41.9  00:00    7.6    0.0   0.00    7.8   24.2  02:40    182
 17   44.7   60.1  16:20   32.2  05:40   20.3    0.0   0.00    2.1    8.3  13:00    320
 18   44.1   62.6  16:20   29.7  05:40   20.9    0.0   0.00    2.5   11.0  13:00    323
 19   45.1   67.1  17:20   25.7  07:20   19.9    0.0   0.00    1.9    8.3  13:20    326
 20   50.8   68.4  12:40   32.9  07:40   14.2    0.0   0.00    7.5   28.0  14:20    187
 21   53.1   61.5  12:20   41.5  00:00   11.9    0.0   0.00    6.4   23.3  01:20    182
 22   41.8   55.8  16:00   29.3  05:40   23.2    0.0   0.00    2.8   13.2  16:00    332
 23   42.4   61.9  17:00   25.2  06:00   22.6    0.0   0.00    1.8    8.7  13:00    337
 24   47.9   65.8  14:40   34.5  02:20   17.1    0.0   0.16    5.5   27.5  11:20    181
 25   44.3   54.0  12:20   31.6  00:00   20.7    0.0   0.12    4.6   21.9  12:00    199
 26   40.3   56.1  15:00   26.4  07:00   24.7    0.0   0.00    2.7   10.5  14:00    350
 27   46.6   67.6  14:40   26.4  07:00   18.4    0.0   0.00    5.0   25.7  23:20    189
 28   53.2   59.7  12:40   49.3  05:40   11.8    0.0   0.00   15.9   34.4  11:00    185
 29   51.2   60.6  14:20   39.6  23:20   13.8    0.0   0.31   10.5   35.3  03:00    182
 30   39.8   48.9  13:00   32.9  07:20   25.2    0.0   0.31    4.4   19.7  14:00    293
 31   37.3   48.9  14:20   24.8  07:00   27.7    0.0   0.00    2.6   10.1  13:20    307
---------------------------------------------------------------------------------------
      43.3   68.7     15   16.9     09  681.8    0.0   2.31    4.7   35.3     29    195