NOAA-Style Climate Reports


Report for 2010 February
                   MONTHLY CLIMATOLOGICAL SUMMARY for Feb 2010


NAME: Lake Shastina, California                  
ELEV: 2920 feet    LAT: 41-32.10 N    LONG: 122-21.22 W


                   TEMPERATURE (F), RAIN (in), WIND SPEED (mph)

                                         HEAT   COOL         AVG
      MEAN                               DEG    DEG          WIND                   DOM
DAY   TEMP   HIGH   TIME    LOW   TIME   DAYS   DAYS   RAIN  SPEED   HIGH   TIME    DIR
---------------------------------------------------------------------------------------
 01   33.9   36.1  00:40   31.8  02:40   31.1    0.0   0.00    1.4    6.7  02:20     27
 02   40.6   50.0  15:40   24.4  07:20   24.4    0.0   0.00    5.3   22.8  16:20    185
 03   41.2   51.6  13:00   30.9  07:40   23.8    0.0   0.16    5.3   19.7  23:00    175
 04   45.3   52.2  12:00   39.0  23:00   19.7    0.0   0.39   11.1   37.6  14:40    185
 05   43.2   52.5  13:20   31.1  07:20   21.8    0.0   0.08    7.5   31.1  15:40    188
 06   44.8   55.0  12:40   39.2  23:00   20.2    0.0   0.27    5.7   21.5  00:40    179
 07   42.4   50.5  14:40   38.5  05:20   22.6    0.0   0.04    0.3    7.6  15:20     24
 08   38.4   48.6  14:20   26.4  07:00   26.6    0.0   0.00    2.2   14.5  18:00    209
 09   38.1   48.4  15:00   27.5  23:40   26.9    0.0   0.16    1.0    6.3  10:20    336
 10   33.7   43.5  15:20   22.5  06:40   31.3    0.0   0.00    0.4    6.3  13:40    330
 11   43.1   49.3  13:00   34.3  06:00   21.9    0.0   0.00    8.7   30.6  14:00    178
 12   48.1   55.0  13:00   43.3  03:20   16.9    0.0   0.00   11.9   34.4  08:20    176
 13   48.3   56.8  13:20   37.2  23:20   16.7    0.0   0.00    4.4   20.1  00:40    183
 14   40.6   49.1  12:20   33.3  23:40   24.4    0.0   0.00    1.1    7.6  15:00    355
 15   41.4   50.2  15:20   33.1  05:20   23.6    0.0   0.00    1.1    6.3  11:40    325
 16
 17
 18   35.7   39.2  19:00   31.1  00:00   29.3    0.0   0.00    0.2    5.4  20:20    173
 19   38.8   54.7  15:20   24.3  07:00   26.2    0.0   0.00    2.0    8.3  14:20    346
 20   39.8   52.7  15:40   25.2  07:00   25.2    0.0   0.00    3.1   13.2  19:20     48
 21   38.1   50.2  14:20   26.1  07:00   26.9    0.0   0.00    3.6   12.8  00:40     34
 22   22.9   25.5  00:40   21.0  07:00   42.1    0.0   0.00    1.5    5.8  02:20    152
 23   40.0   41.9  00:00   38.8  23:40   25.0    0.0   0.00   12.5   32.0  00:00    194
 24   43.4   57.7  14:20   29.7  00:00   21.6    0.0   0.00    4.0   32.0  00:20    214
 25   41.0   57.7  14:00   25.0  06:00   24.0    0.0   0.00    5.3   27.5  22:40    186
 26   45.0   50.2  08:40   39.9  00:00   20.0    0.0   1.57   11.8   34.9  14:20    180
 27   39.7   54.1  15:40   29.1  07:20   25.3    0.0   0.00    2.1   12.3  00:20    311
 28   40.9   57.7  15:40   27.0  07:20   24.1    0.0   0.00    2.0    7.6  12:20     14
---------------------------------------------------------------------------------------
      41.3   57.7     24   21.0     22  641.4    0.0   2.67    4.5   37.6     04    181