NOAA-Style Climate Reports


Report for 2010 January
                   MONTHLY CLIMATOLOGICAL SUMMARY for Jan 2010


NAME: Lake Shastina, California                  
ELEV: 2920 feet    LAT: 41-32.10 N    LONG: 122-21.22 W


                   TEMPERATURE (F), RAIN (in), WIND SPEED (mph)

                                         HEAT   COOL         AVG
      MEAN                               DEG    DEG          WIND                   DOM
DAY   TEMP   HIGH   TIME    LOW   TIME   DAYS   DAYS   RAIN  SPEED   HIGH   TIME    DIR
---------------------------------------------------------------------------------------
 01
 02
 03
 04
 05
 06
 07
 08
 09
 10
 11
 12
 13
 14
 15
 16
 17
 18
 19   37.2   37.2  23:00   37.0  00:00   27.8    0.0  80.00    9.8   22.8  23:20    178
 20   37.7   40.6  04:40   35.2  17:20   27.3    0.0   1.10    9.2   32.4  21:40    181
 21   37.4   44.1  10:00   33.8  21:40   27.6    0.0   0.16    6.4   28.4  04:00    174
 22   36.5   47.3  12:00   28.6  22:20   28.5    0.0   0.16    3.8   20.6  15:40    180
 23   36.4   48.2  12:40   26.4  03:20   28.6    0.0   0.00    6.0   21.5  22:20    177
 24   41.5   44.8  12:20   38.5  01:00   23.5    0.0   0.00   15.1   35.8  23:00    178
 25   41.8   47.3  12:20   37.8  21:40   23.2    0.0   0.00    9.6   34.9  00:40    179
 26   39.9   48.2  13:20   32.5  07:40   25.1    0.0   0.00    1.8   15.0  01:00    346
 27   38.1   46.9  13:20   27.7  00:00   26.9    0.0   0.00    1.8    8.3  12:20     14
 28   36.2   46.9  14:20   26.8  01:40   28.8    0.0   0.00    1.2    7.2  12:00    346
 29   43.0   56.3  13:20   35.6  00:40   22.0    0.0   0.00    3.8   26.6  13:40    182
 30   41.4   49.1  14:20   35.8  23:20   23.6    0.0   0.00    1.8   14.1  01:00    197
 31   41.4   52.3  14:20   30.0  03:20   23.6    0.0   0.00    2.6   10.1  16:00    169
---------------------------------------------------------------------------------------
      39.2   56.3     29   26.4     23  336.6    0.0  81.41    5.4   35.8     24    179