NOAA-Style Climate Reports


Report for 2009 March
                   MONTHLY CLIMATOLOGICAL SUMMARY for Mar 2009


NAME: Lake Shastina, California                  
ELEV: 2920 feet    LAT: 41-32.10 N    LONG: 122-21.22 W


                   TEMPERATURE (F), RAIN (in), WIND SPEED (mph)

                                         HEAT   COOL         AVG
      MEAN                               DEG    DEG          WIND                   DOM
DAY   TEMP   HIGH   TIME    LOW   TIME   DAYS   DAYS   RAIN  SPEED   HIGH   TIME    DIR
---------------------------------------------------------------------------------------
 01   48.3   51.8  15:20   43.2  03:00   16.7    0.0   0.39   11.7   32.4  10:40    186
 02   45.8   53.2  13:40   37.8  22:00   19.2    0.0   1.96    6.9   29.8  01:20    178
 03   38.9   50.2  15:20   32.2  00:00   26.1    0.0   0.16    6.4   24.2  00:40    183
 04   30.6   42.1  15:40   21.9  06:40   34.4    0.0   0.47    0.4   11.0  17:40     16
 05   29.9   42.3  14:00   15.4  06:20   35.1    0.0   0.16    0.9    7.6  19:00     39
 06   37.6   46.9  12:40   28.9  00:00   27.4    0.0   0.16    1.8   10.1  13:20    360
 07   35.0   55.0  14:20   22.8  06:00   30.0    0.0   0.00    2.0    8.3  15:00    352
 08   39.0   48.0  15:40   30.6  23:00   26.0    0.0   0.00    4.8   15.4  18:20    354
 09   31.9   46.2  16:20   22.3  06:40   33.1    0.0   0.00    2.3   10.1  12:00    359
 10   31.9   48.7  17:00   18.1  08:00   33.1    0.0   0.00    2.3    8.3  12:00    319
 11   35.2   53.8  17:20   19.6  07:00   29.8    0.0   0.00    2.4    8.3  15:00    347
 12   40.3   59.7  16:40   24.8  06:40   24.7    0.0   0.00    2.6    8.3  13:40    357
 13   43.3   64.8  16:20   25.7  06:40   21.7    0.0   0.00    2.2    8.1  15:40    346
 14   44.7   60.4  13:40   32.9  07:20   20.3    0.0   0.00    3.9   19.7  20:00    185
 15   48.3   55.8  12:20   44.2  01:40   16.7    0.0   0.16   13.6   37.6  13:20    180
 16   51.3   59.5  13:00   40.6  00:00   13.7    0.0   0.00   12.5   34.2  10:00    177
 17   43.7   58.6  16:40   28.2  06:20   21.3    0.0   0.00    2.8   11.0  00:40    351
 18   44.3   62.6  17:00   27.3  07:20   20.7    0.0   0.00    1.8    8.7  12:00    326
 19   49.1   66.6  17:00   34.9  05:40   15.9    0.0   0.00    1.9    9.2  14:40    290
 20   49.9   67.1  15:20   31.8  07:20   15.1    0.0   0.00    2.1   10.5  21:00    313
 21   43.6   57.9  15:00   35.4  05:20   21.4    0.0   0.32    4.5   26.2  13:00    184
 22   35.1   43.7  14:40   27.1  00:00   29.9    0.0   0.16    3.7   21.9  16:00    349
 23   35.3   49.6  16:20   19.0  06:40   29.7    0.0   0.16    1.9    9.2  12:40     12
 24   42.3   58.5  15:40   27.1  07:00   22.7    0.0   0.00    2.6   12.3  16:20    353
 25   44.0   54.5  17:00   31.1  02:20   21.0    0.0   0.00    1.4    7.6  16:00     24
 26   49.5   59.9  15:40   42.3  07:00   15.5    0.0   0.00    3.0   12.8  15:00    355
 27   49.6   66.9  16:00   31.8  07:00   15.4    0.0   0.00    3.3   13.6  19:00    348
 28   50.5   68.5  14:40   33.6  06:40   14.5    0.0   0.00    3.5   15.4  17:20    299
 29   36.7   45.7  17:00   27.0  07:00   28.3    0.0   0.00    6.8   25.1  13:20      6
 30   25.6   26.6  00:20   24.3  01:20   39.4    0.0   0.00    1.8    4.5  01:20    336
 31   48.9   56.8  17:20   43.0  00:00   16.1    0.0   0.00    6.1   15.0  17:20     17
---------------------------------------------------------------------------------------
      41.7   68.5     28   15.4     05  734.9    0.0   4.07    4.0   37.6     15    193