NOAA-Style Climate Reports


Report for 2009 February
                   MONTHLY CLIMATOLOGICAL SUMMARY for Feb 2009


NAME: Lake Shastina, California                  
ELEV: 2920 feet    LAT: 41-32.10 N    LONG: 122-21.22 W


                   TEMPERATURE (F), RAIN (in), WIND SPEED (mph)

                                         HEAT   COOL         AVG
      MEAN                               DEG    DEG          WIND                   DOM
DAY   TEMP   HIGH   TIME    LOW   TIME   DAYS   DAYS   RAIN  SPEED   HIGH   TIME    DIR
---------------------------------------------------------------------------------------
 01   33.2   50.2  15:40   21.2  07:40   31.8    0.0   0.00    1.6    6.7  13:00    358
 02   36.1   54.1  15:20   23.2  07:20   28.9    0.0   0.00    1.6    6.3  12:20    311
 03   42.3   66.9  15:00   24.6  07:00   22.7    0.0   0.00    2.7   13.6  17:00    187
 04   45.7   57.6  17:20   32.5  06:20   19.3    0.0   0.00    3.3   15.9  17:20    204
 05   43.7   53.2  12:20   34.5  05:00   21.3    0.0   0.47    6.1   27.1  14:40    187
 06   41.7   50.5  15:00   33.3  00:00   23.3    0.0   0.16    2.6   15.4  02:20    131
 07   41.5   55.4  15:20   31.5  00:00   23.5    0.0   0.00    4.5   17.9  12:00     48
 08   34.0   48.9  13:40   23.5  07:00   31.0    0.0   0.47    3.8   28.0  14:20    171
 09   31.8   40.5  15:40   21.4  07:20   33.2    0.0   0.00    1.2   10.5  14:00     38
 10   30.7   40.6  13:20   20.5  04:00   34.3    0.0   0.00    6.1   34.2  15:40    175
 11   36.5   45.7  14:20   28.6  00:00   28.5    0.0   0.16    7.4   25.1  06:20    181
 12   33.8   46.6  14:20   21.7  03:40   31.2    0.0   0.00    5.8   30.2  22:00    174
 13   33.5   42.3  13:00   25.9  08:00   31.5    0.0   0.00    6.8   25.5  00:20    183
 14
 15
 16   39.7   47.5  15:00   34.9  00:00   25.3    0.0   0.48    7.3   17.4  19:40    183
 17   37.7   51.6  12:20   27.7  07:20   27.3    0.0   0.00    5.4   24.6  13:20    167
 18   36.0   50.5  12:40   23.7  07:00   29.0    0.0   0.00    4.7   26.2  12:00    175
 19   41.1   56.3  13:00   28.9  05:40   23.9    0.0   0.00    3.5   17.4  13:40    184
 20   41.7   57.9  15:40   28.4  07:40   23.3    0.0   0.00    2.2    8.7  14:20    314
 21   44.6   63.1  13:40   30.4  06:40   20.4    0.0   0.00    6.7   34.9  20:00    187
 22   46.2   56.5  14:00   40.6  03:00   18.8    0.0   1.02    7.2   31.1  02:40    190
 23   48.3   58.1  14:20   38.7  02:40   16.7    0.0   0.86    6.7   26.2  09:00    172
 24   47.0   57.9  12:40   40.6  04:00   18.0    0.0   0.00    7.3   21.0  00:40    182
 25   44.0   56.1  14:00   34.3  03:20   21.0    0.0   0.00    4.5   20.6  16:20    178
 26   43.0   54.5  12:20   29.1  00:00   22.0    0.0   0.00    3.8   17.4  12:40    290
 27   39.0   56.3  16:20   22.1  07:00   26.0    0.0   0.00    3.5   20.6  13:40    189
 28   44.7   58.8  15:00   29.5  05:00   20.3    0.0   0.00    5.4   28.9  23:20    192
---------------------------------------------------------------------------------------
      39.9   66.9     03   20.5     10  652.4    0.0   3.62    4.6   34.9     21    180