NOAA-Style Climate Reports


Report for 2009 January
                   MONTHLY CLIMATOLOGICAL SUMMARY for Jan 2009


NAME: Lake Shastina, California                  
ELEV: 2920 feet    LAT: 41-32.10 N    LONG: 122-21.22 W


                   TEMPERATURE (F), RAIN (in), WIND SPEED (mph)

                                         HEAT   COOL         AVG
      MEAN                               DEG    DEG          WIND                   DOM
DAY   TEMP   HIGH   TIME    LOW   TIME   DAYS   DAYS   RAIN  SPEED   HIGH   TIME    DIR
---------------------------------------------------------------------------------------
 01   40.9   51.1  15:20   32.9  01:20   24.1    0.0   0.32    2.2   23.7  21:40    171
 02   38.9   48.7  00:20   24.8  00:00   26.1    0.0   0.31    5.6   31.1  02:40    185
 03   23.6   34.3  15:20   15.1  07:20   41.4    0.0   0.00    1.8    6.3  11:20    131
 04   22.8   30.0  14:20   11.8  06:20   42.2    0.0   0.00    1.5    6.3  12:20    342
 05   36.0   48.9  13:20   28.8  01:00   29.0    0.0   0.16    1.7    7.6  13:40    342
 06   40.0   52.7  15:20   32.9  00:00   25.0    0.0   0.16    0.7    6.3  14:20    345
 07   36.1   47.1  15:40   30.0  07:40   28.9    0.0   0.00    0.7    6.3  14:20    347
 08   37.4   50.4  13:40   26.2  00:00   27.6    0.0   0.16    1.7   10.5  15:20      0
 09   29.6   43.3  15:40   21.2  07:40   35.4    0.0   0.00    1.4    6.3  13:20    164
 10   28.0   44.1  15:00   17.1  07:40   37.0    0.0   0.00    1.7    6.3  13:40    175
 11   30.6   47.3  15:20   18.1  07:00   34.4    0.0   0.00    1.6    5.8  10:20    341
 12   35.5   52.0  15:20   25.0  07:20   29.5    0.0   0.00    1.3    5.4  11:20    136
 13   34.2   49.8  15:00   25.2  07:40   30.8    0.0   0.00    1.3    5.8  14:20    341
 14   29.5   42.4  15:20   22.1  06:40   35.5    0.0   0.00    0.8    4.0  04:40    345
 15   27.8   34.3  14:00   21.4  02:00   37.2    0.0   0.00    0.0    4.0  14:40    357
 16   25.8   39.0  15:00   15.1  08:00   39.2    0.0   0.16    0.2    5.8  14:20    344
 17   28.4   46.8  15:00   16.2  07:40   36.6    0.0   0.00    0.7    6.3  13:00    351
 18   32.4   51.3  15:20   20.3  07:00   32.6    0.0   0.00    1.5    6.3  12:40     11
 19   32.9   50.7  15:20   20.3  07:20   32.1    0.0   0.00    1.6    6.3  12:20      3
 20   31.6   49.3  15:20   19.0  07:20   33.4    0.0   0.00    1.5    6.3  12:40    328
 21   33.9   43.7  14:40   25.3  00:20   31.1    0.0   0.16    1.1    5.8  14:20    334
 22   38.1   42.1  15:00   34.5  06:00   26.9    0.0   0.35    0.1    3.6  11:20    137
 23   42.3   49.6  14:40   37.8  00:20   22.7    0.0   0.12    0.2    5.4  15:00    336
 24   39.8   44.1  13:40   35.6  00:00   25.2    0.0   1.73    0.9    7.6  22:20     76
 25   34.3   44.2  13:00   31.3  00:00   30.7    0.0   0.31    1.3   15.0  16:20    343
 26   31.1   39.9  13:40   21.7  00:00   33.9    0.0   0.00    1.7    8.7  14:20      6
 27   30.1   43.3  15:00   17.4  06:00   34.9    0.0   0.04    1.1    6.3  15:00    289
 28   37.3   49.1  15:00   27.0  00:00   27.7    0.0   0.12    1.9    8.3  13:20    321
 29   33.2   49.3  15:00   22.6  08:00   31.8    0.0   0.00    0.9    6.3  13:20    303
 30   34.4   52.2  15:20   21.9  07:40   30.6    0.0   0.00    1.5    6.3  11:20    341
 31   34.6   51.6  15:00   22.3  07:20   30.4    0.0   0.00    1.7    6.3  13:00    173
---------------------------------------------------------------------------------------
      33.3   52.7     06   11.8     04  984.2    0.0   4.07    1.3   31.1     02    349