NOAA-Style Climate Reports


Report for 2008 December
                   MONTHLY CLIMATOLOGICAL SUMMARY for Dec 2008


NAME: Lake Shastina, California                  
ELEV: 2920 feet    LAT: 41-32.10 N    LONG: 122-21.22 W


                   TEMPERATURE (F), RAIN (in), WIND SPEED (mph)

                                         HEAT   COOL         AVG
      MEAN                               DEG    DEG          WIND                   DOM
DAY   TEMP   HIGH   TIME    LOW   TIME   DAYS   DAYS   RAIN  SPEED   HIGH   TIME    DIR
---------------------------------------------------------------------------------------
 01   39.5   53.6  15:20   27.9  07:00   25.5    0.0   0.00    1.7    8.1  09:40     13
 02   41.7   54.5  14:20   29.1  00:00   23.3    0.0   0.00    2.4    8.7  13:40     19
 03   32.2   47.1  14:40   23.5  06:20   32.8    0.0   0.00    1.4    6.3  15:00    186
 04   31.0   45.9  14:40   21.2  06:20   34.0    0.0   0.00    1.3    6.3  12:40    204
 05   32.0   47.3  14:20   21.9  06:40   33.0    0.0   0.00    1.7    6.3  14:20    194
 06   31.5   48.2  15:00   21.0  07:20   33.5    0.0   0.00    1.3    5.8  11:00    316
 07   31.9   47.7  14:40   20.3  06:20   33.1    0.0   0.00    1.4    6.3  11:20    274
 08   33.2   45.5  15:00   23.5  00:00   31.8    0.0   0.00    1.6    8.3  13:40    318
 09   29.6   44.4  15:20   18.7  07:20   35.4    0.0   0.00    1.1    6.3  13:40    331
 10   32.7   49.1  14:20   23.0  04:00   32.3    0.0   0.00    1.2    6.3  13:40    341
 11   34.5   49.6  14:00   23.9  06:00   30.5    0.0   0.00    1.4    5.8  11:00    324
 12   34.0   41.9  15:00   24.8  07:00   31.0    0.0   0.00    2.1   17.0  23:00    331
 13   31.0   38.5  14:00   24.4  04:00   34.0    0.0   0.00    1.8   10.5  00:20    302
 14   31.5   38.7  11:40   21.0  02:00   33.5    0.0   0.00    7.4   28.0  15:40    177
 15   29.5   35.8  15:20   20.8  00:00   35.5    0.0   0.00    3.3   20.1  00:20    321
 16   16.9   25.2  12:40    3.2  00:00   48.1    0.0   0.00    1.1    6.3  11:20    351
 17   12.2   18.7  12:20    2.7  00:20   52.8    0.0   0.00    1.3    5.4  16:40    356
 18   25.7   39.4  11:20   10.2  04:40   39.3    0.0   0.00    6.5   34.2  15:20    179
 19   28.9   37.4  11:00   19.9  23:20   36.1    0.0   0.16    1.7   10.5  02:00     27
 20   29.3   35.6  11:20   22.1  00:20   35.7    0.0   0.00    1.4    6.3  11:40    341
 21   37.8   48.7  11:40   28.8  01:00   27.2    0.0   0.16    7.1   31.5  14:20    174
 22   32.0   40.8  13:00   23.9  05:00   33.0    0.0   0.00    0.8    8.7  12:40    324
 23   28.9   35.8  21:40   22.5  06:40   36.1    0.0   0.00    2.3   25.5  19:20    174
 24   40.2   46.8  14:20   33.1  02:20   24.8    0.0   0.08   13.2   37.1  18:00    172
 25   32.0   39.2  00:20   25.2  08:00   33.0    0.0   0.00    2.0   11.0  00:20    338
 26   25.7   27.9  04:00   20.8  08:00   39.3    0.0   0.00    1.1    5.8  04:00     65
 27   40.4   48.0  14:40   30.6  08:20   24.6    0.0   0.00    2.2   12.8  14:40    108
 28   48.7   54.3  11:20   43.7  18:20   16.3    0.0   0.00    7.6   23.7  22:20    185
 29   46.7   57.9  12:00   29.5  22:40   18.3    0.0   0.00    7.3   32.9  06:40    176
 30   31.8   41.0  15:20   25.7  03:20   33.2    0.0   0.00    1.4    6.3  11:20    313
 31   33.7   47.1  15:00   23.4  07:20   31.3    0.0   0.00    1.6   10.1  12:40    336
---------------------------------------------------------------------------------------
      32.3   57.9     29    2.7     17 1008.2    0.0   0.39    2.8   37.1     24    180