NOAA-Style Climate Reports


Report for 2008 November
                   MONTHLY CLIMATOLOGICAL SUMMARY for Nov 2008


NAME: Lake Shastina, California                  
ELEV: 2920 feet    LAT: 41-32.10 N    LONG: 122-21.22 W


                   TEMPERATURE (F), RAIN (in), WIND SPEED (mph)

                                         HEAT   COOL         AVG
      MEAN                               DEG    DEG          WIND                   DOM
DAY   TEMP   HIGH   TIME    LOW   TIME   DAYS   DAYS   RAIN  SPEED   HIGH   TIME    DIR
---------------------------------------------------------------------------------------
 01   53.7   57.7  15:20   50.0  00:00   11.3    0.0   0.00   10.0   31.5  01:00    182
 02   49.0   59.7  12:00   38.7  21:20   16.0    0.0   0.16    4.0   17.4  14:00    205
 03   45.2   55.2  10:20   39.2  00:20   19.8    0.0   0.78    7.6   31.5  15:00    188
 04   39.9   49.3  15:00   29.8  00:00   25.1    0.0   0.00    2.4   11.9  14:40    292
 05   34.0   37.2  09:20   29.3  00:20   31.0    0.0   1.10    1.2    7.6  12:20      1
 06   40.3   52.0  15:00   32.5  02:40   24.7    0.0   0.00    0.8    7.2  11:20    333
 07   42.8   46.0  13:00   39.7  00:20   22.2    0.0   0.00    0.8    6.3  14:00    341
 08   44.9   60.1  14:00   39.4  07:20   20.1    0.0   0.94    3.5   26.2  14:20    164
 09   43.1   50.9  12:40   36.7  00:00   21.9    0.0   0.00    0.8    6.3  09:40    359
 10   41.9   51.3  14:20   33.4  02:00   23.1    0.0   0.00    0.7    8.1  12:40    330
 11   44.7   48.6  13:20   39.7  01:20   20.3    0.0   0.79    0.8    6.3  04:00     10
 12   51.1   63.3  14:40   42.3  07:20   13.9    0.0   0.00    1.3    6.7  13:20    330
 13   50.8   63.9  14:20   39.4  00:00   14.2    0.0   0.00    2.0   10.5  12:00    358
 14   42.1   58.1  15:00   31.1  07:00   22.9    0.0   0.00    1.1    6.3  12:20    229
 15   42.4   59.0  14:40   30.7  06:00   22.6    0.0   0.00    1.3    6.7  13:00    341
 16   42.6   60.1  15:00   30.4  06:20   22.4    0.0   0.00    0.9    6.3  13:40    332
 17   44.3   59.0  14:20   32.0  06:20   20.7    0.0   0.00    1.1    6.3  11:20    337
 18   48.0   64.8  16:20   34.0  07:00   17.0    0.0   0.00    2.7   17.0  16:20    172
 19   43.9   54.5  13:40   35.6  07:20   21.1    0.0   0.00    2.2    8.7  14:40     35
 20   46.1   55.6  13:20   30.4  22:40   18.9    0.0   0.16    5.0   26.2  02:40    221
 21   34.2   46.2  13:00   24.6  07:20   30.8    0.0   0.00    1.2    6.3  13:20    344
 22   35.8   47.7  13:40   28.4  01:20   29.2    0.0   0.00    1.2    5.8  12:40    323
 23   33.8   43.9  15:00   26.2  23:40   31.2    0.0   0.00    1.0    5.8  12:40    331
 24   33.2   48.6  15:00   23.2  07:00   31.8    0.0   0.00    1.1    4.9  12:00    350
 25   39.4   47.5  13:20   32.7  00:20   25.6    0.0   0.00    0.9    5.8  05:00      2
 26   40.5   54.1  14:20   31.8  06:40   24.5    0.0   0.00    1.0    5.4  10:20    347
 27   37.8   53.1  14:20   27.7  07:20   27.2    0.0   0.00    1.3    7.6  13:20    328
 28   35.8   50.9  14:40   25.7  07:20   29.2    0.0   0.00    1.0    6.3  12:00    347
 29   38.3   55.4  15:00   27.3  06:40   26.7    0.0   0.00    1.3    5.8  11:00    293
 30   38.9   55.4  14:20   27.9  07:20   26.1    0.0   0.00    1.2    6.3  12:00    344
---------------------------------------------------------------------------------------
      41.8   64.8     18   23.2     24  691.6    0.0   3.93    2.0   31.5     01    208