NOAA-Style Climate Reports


Report for 2008 October
                   MONTHLY CLIMATOLOGICAL SUMMARY for Oct 2008


NAME: Lake Shastina, California                  
ELEV: 2920 feet    LAT: 41-32.10 N    LONG: 122-21.22 W


                   TEMPERATURE (F), RAIN (in), WIND SPEED (mph)

                                         HEAT   COOL         AVG
      MEAN                               DEG    DEG          WIND                   DOM
DAY   TEMP   HIGH   TIME    LOW   TIME   DAYS   DAYS   RAIN  SPEED   HIGH   TIME    DIR
---------------------------------------------------------------------------------------
 01   72.9   85.6  14:20   64.2  06:40    0.0    7.9   0.00    6.4   26.6  15:00    187
 02   62.4   69.4  13:20   51.8  00:00    2.6    0.0   0.00    5.1   25.1  10:40    189
 03   56.8   60.8  10:00   50.0  02:20    8.2    0.0   0.00    8.8   28.9  19:20    186
 04   57.1   66.9  14:40   45.7  00:00    7.9    0.0   0.00    5.2   32.4  01:20    215
 05   52.7   70.3  15:00   41.4  05:00   12.3    0.0   0.00    2.1   11.0  15:00    256
 06   52.9   73.6  16:00   35.8  07:40   12.1    0.0   0.00    2.0    8.1  14:20    345
 07   55.0   73.6  15:40   40.1  06:40   10.0    0.0   0.00    2.7   11.0  17:20    327
 08   51.4   65.5  15:40   41.7  08:00   13.6    0.0   0.00    2.6   10.5  14:00    321
 09   42.7   54.3  13:40   30.7  07:20   22.3    0.0   0.00    4.0   17.4  15:20      4
 10   40.4   50.2  15:40   32.0  08:20   24.6    0.0   0.00    4.7   15.9  18:00    350
 11   37.7   51.6  14:00   23.0  06:20   27.3    0.0   0.00    5.1   22.8  16:20    351
 12   38.7   58.5  16:20   20.1  06:40   26.3    0.0   0.00    2.2   10.1  15:00    346
 13   47.6   68.5  16:20   30.0  07:20   17.4    0.0   0.00    1.1    7.2  11:40    333
 14   52.9   74.3  15:20   36.0  07:40   12.1    0.0   0.00    2.2    8.3  19:00    326
 15   49.9   69.6  16:20   33.6  07:40   15.1    0.0   0.00    1.7    8.3  15:00    311
 16   52.7   72.7  15:40   35.4  07:00   12.3    0.0   0.00    1.6    8.3  13:40    310
 17   57.7   81.5  16:00   39.7  07:40    7.3    0.0   0.00    3.0   19.7  18:00    199
 18   56.2   75.6  16:00   37.6  07:40    8.8    0.0   0.00    2.6   10.1  16:00    325
 19   55.2   75.4  16:00   37.8  07:20    9.8    0.0   0.00    3.0   13.2  16:40    188
 20   55.1   69.4  15:00   39.0  07:40    9.9    0.0   0.00    2.7   10.1  17:20    346
 21   45.5   61.3  16:20   33.1  08:00   19.5    0.0   0.00    1.9    8.7  16:40    304
 22   45.3   66.6  16:00   28.2  07:00   19.7    0.0   0.00    1.5    8.3  15:00    295
 23   48.2   70.7  16:00   30.6  07:00   16.8    0.0   0.00    1.4    6.3  10:20    340
 24   49.6   71.4  16:00   32.5  06:40   15.4    0.0   0.00    1.3    8.1  14:40    340
 25   53.2   74.3  16:40   36.9  07:40   11.8    0.0   0.00    1.4    8.3  12:20    347
 26   54.5   74.1  16:00   40.6  08:00   10.5    0.0   0.00    1.3    8.1  15:00    331
 27   53.9   78.8  15:20   35.6  07:40   11.1    0.0   0.00    2.6   18.8  15:40    188
 28   52.3   70.5  15:00   38.5  06:00   12.7    0.0   0.00    1.7    8.3  23:20    338
 29   54.8   76.1  13:40   33.8  08:00   10.2    0.0   0.00    5.4   30.2  15:40    188
 30   58.9   62.8  00:20   52.7  21:20    6.1    0.0   0.00    8.0   25.7  04:00    192
 31   55.1   61.7  14:40   48.4  04:20    9.9    0.0   0.00   12.1   32.0  20:20    185
---------------------------------------------------------------------------------------
      52.1   85.6     01   20.1     12  403.6    7.9   0.00    3.4   32.4     04    216