NOAA-Style Climate Reports


Report for 2008 September
                   MONTHLY CLIMATOLOGICAL SUMMARY for Sep 2008


NAME: Lake Shastina, California                  
ELEV: 2920 feet    LAT: 41-32.10 N    LONG: 122-21.22 W


                   TEMPERATURE (F), RAIN (in), WIND SPEED (mph)

                                         HEAT   COOL         AVG
      MEAN                               DEG    DEG          WIND                   DOM
DAY   TEMP   HIGH   TIME    LOW   TIME   DAYS   DAYS   RAIN  SPEED   HIGH   TIME    DIR
---------------------------------------------------------------------------------------
 01   53.6   75.4  19:00   33.6  05:40   11.4    0.0   0.00    2.3   11.0  17:00    313
 02   60.6   81.7  17:00   39.2  06:40    4.4    0.0   0.00    2.7   14.5  18:40    334
 03   63.2   88.0  19:00   40.1  06:20    1.8    0.0   0.00    2.5    8.7  12:20    323
 04   68.0   88.5  16:20   46.2  06:40    0.0    3.0   0.00    2.5    8.7  15:40    311
 05   55.2   61.7  00:20   50.0  06:40    9.8    0.0   0.00    1.8    6.3  05:40    163
 06
 07
 08
 09   61.5   64.2  22:00   57.9  00:00    3.5    0.0   0.00    0.7    5.4  22:40    180
 10   65.3   88.3  19:00   46.8  06:40    0.0    0.3   0.00    1.8    9.6  13:20    313
 11   66.3   88.2  16:20   47.3  07:00    0.0    1.3   0.00    2.5   10.1  14:00    323
 12   67.6   89.8  15:40   45.9  06:40    0.0    2.6   0.00    2.4   11.0  19:00    335
 13   68.0   90.0  16:40   47.8  06:40    0.0    3.0   0.00    2.1    8.3  16:40    334
 14   70.2   94.1  17:20   50.0  06:00    0.0    5.2   0.00    2.4   10.1  17:40    315
 15   72.1   98.8  16:40   51.8  05:40    0.0    7.1   0.00    1.9    8.7  17:00    337
 16   72.8   95.2  15:40   50.7  07:20    0.0    7.8   0.00    2.1   12.3  21:20    358
 17   73.3   88.5  13:40   58.1  06:40    0.0    8.3   0.00    6.1   25.1  13:40    181
 18   65.5   82.9  15:00   42.8  07:00    0.0    0.5   0.00    7.1   27.1  13:20    179
 19   64.2   77.0  11:40   50.4  23:00    0.8    0.0   0.00    7.4   27.1  11:40    191
 20   57.8   73.2  16:40   42.3  06:00    7.2    0.0   0.00    2.3   11.0  14:00    342
 21   56.0   70.5  15:20   42.4  06:40    9.0    0.0   0.00    3.0   16.8  18:00    349
 22   54.1   73.0  16:40   37.9  07:20   10.9    0.0   0.00    2.0    9.6  14:40    337
 23   56.5   78.4  17:00   36.1  06:20    8.5    0.0   0.00    1.8    8.7  15:20    334
 24   62.5   85.5  15:20   41.4  07:20    2.5    0.0   0.00    4.9   23.3  13:40    183
 25   63.3   80.4  15:20   46.8  07:00    1.7    0.0   0.00    2.5   10.1  15:20    329
 26   61.2   86.5  16:00   38.8  07:20    3.8    0.0   0.00    3.1   14.5  15:00    198
 27   62.7   84.9  16:40   44.6  06:00    2.3    0.0   0.00    2.3    8.7  15:00    341
 28   63.5   85.6  16:20   43.7  07:20    1.5    0.0   0.00    1.6   10.1  15:20    335
 29   69.3   91.8  16:20   49.1  05:20    0.0    4.3   0.00    3.9   17.4  18:20    185
 30   73.3   87.1  12:20   58.1  07:40    0.0    8.3   0.00    5.8   22.8  14:40    189
---------------------------------------------------------------------------------------
      64.3   98.8     15   33.6     01   79.3   51.8   0.00    3.1   27.1     18    220