NOAA-Style Climate Reports


Report for 2008 August
                   MONTHLY CLIMATOLOGICAL SUMMARY for Aug 2008


NAME: Lake Shastina, California                  
ELEV: 2920 feet    LAT: 41-32.10 N    LONG: 122-21.22 W


                   TEMPERATURE (F), RAIN (in), WIND SPEED (mph)

                                         HEAT   COOL         AVG
      MEAN                               DEG    DEG          WIND                   DOM
DAY   TEMP   HIGH   TIME    LOW   TIME   DAYS   DAYS   RAIN  SPEED   HIGH   TIME    DIR
---------------------------------------------------------------------------------------
 01   72.3   88.9  16:40   54.0  06:20    0.0    7.3   0.00    2.9   13.6  18:00    341
 02   71.4   88.7  16:20   53.1  06:00    0.0    6.4   0.00    2.9   13.2  19:00    335
 03   73.6   95.4  16:40   51.4  06:20    0.0    8.6   0.00    3.1   15.4  19:00    284
 04   76.2   95.5  14:00   52.5  06:00    0.0   11.2   0.00    4.8   23.7  15:40    181
 05   76.8   94.6  14:20   53.2  06:00    0.0   11.8   0.00    5.8   24.2  14:20    188
 06   76.8   95.9  16:20   61.5  06:00    0.0   11.8   0.16    3.5   23.3  04:20    180
 07   77.1   95.4  16:00   59.2  07:00    0.0   12.1   0.00    4.4   24.2  12:40    198
 08   77.6   88.3  15:00   64.4  23:20    0.0   12.6   0.00    7.8   24.2  14:40    183
 09   67.5   81.9  15:00   51.3  05:20    0.0    2.5   0.00    3.5   13.2  16:40    331
 10   75.7   84.7  17:00   62.2  00:00    0.0   10.7   0.00    4.4   13.2  17:40    335
 11   72.8   95.2  19:00   49.8  06:20    0.0    7.8   0.00    2.6    8.7  12:00    324
 12   75.1   92.7  16:00   55.6  05:40    0.0   10.1   0.00    3.1   15.0  17:40    328
 13   76.2   99.0  19:00   53.6  06:20    0.0   11.2   0.00    2.6    9.6  12:40    328
 14   81.3  105.4  16:20   58.3  06:20    0.0   16.3   0.00    2.1    9.6  17:20    331
 15   85.2  110.3  16:40   63.1  06:20    0.0   20.2   0.00    2.5   11.0  17:00    323
 16   83.7  108.3  15:40   65.3  06:00    0.0   18.7   0.00    2.3   15.4  16:00    318
 17   82.9  100.2  14:00   69.4  05:40    0.0   17.9   0.00    5.6   23.7  13:40    176
 18   75.9   89.4  14:00   64.9  23:40    0.0   10.9   0.00    8.6   27.5  15:00    189
 19   67.9   82.8  14:20   50.2  06:20    0.0    2.9   0.00    4.7   19.2  20:40    186
 20   73.8   88.5  14:40   59.4  06:20    0.0    8.8   0.00    4.2   16.8  15:40    210
 21   58.5   64.9  22:20   53.6  05:20    6.5    0.0   0.00    0.5    5.4  22:20    185
 22   60.6   76.6  20:40   50.7  06:40    4.4    0.0   0.00    1.6    6.7  21:00    183
 23   80.6   95.7  16:40   59.0  07:40    0.0   15.6   0.00    3.8   13.2  18:00    335
 24   69.6   93.7  16:20   54.5  06:00    0.0    4.6   0.00    2.3   14.5  17:00    338
 25   65.7   83.3  15:40   50.2  05:40    0.0    0.7   0.00    4.1   17.9  18:40      6
 26   61.3   86.5  19:20   41.4  06:00    3.7    0.0   0.00    2.6   10.5  13:20    329
 27   67.5   87.6  16:00   45.7  06:20    0.0    2.5   0.00    3.2   15.0  16:40    344
 28   70.5   94.3  17:00   47.5  06:40    0.0    5.5   0.00    3.2   15.0  17:20    330
 29   75.1   96.8  17:00   54.0  06:00    0.0   10.1   0.00    2.8   16.3  19:00    333
 30   66.6   82.8  15:20   53.4  00:00    0.0    1.6   0.00    4.9   20.1  19:20    336
 31   52.5   64.8  16:00   38.7  06:40   12.5    0.0   0.00    5.8   22.8  18:40    354
---------------------------------------------------------------------------------------
      73.0  110.3     15   38.7     31   27.0  260.4   0.16    3.9   27.5     18    266