NOAA-Style Climate Reports


Report for 2008 July
                   MONTHLY CLIMATOLOGICAL SUMMARY for Jul 2008


NAME: Lake Shastina, California                  
ELEV: 2920 feet    LAT: 41-32.10 N    LONG: 122-21.22 W


                   TEMPERATURE (F), RAIN (in), WIND SPEED (mph)

                                         HEAT   COOL         AVG
      MEAN                               DEG    DEG          WIND                   DOM
DAY   TEMP   HIGH   TIME    LOW   TIME   DAYS   DAYS   RAIN  SPEED   HIGH   TIME    DIR
---------------------------------------------------------------------------------------
 01   80.7   95.4  16:00   64.0  01:20    0.0   15.7   0.00    3.4   14.5  15:00    301
 02   77.8   99.0  15:00   54.5  06:00    0.0   12.8   0.00    3.9   21.9  17:20    196
 03   74.4   90.5  13:40   56.3  06:00    0.0    9.4   0.00    6.5   24.6  15:20    186
 04   74.7   90.3  15:40   57.4  06:20    0.0    9.7   0.00    3.8   15.0  01:40    216
 05   71.5   87.1  16:00   53.1  05:40    0.0    6.5   0.00    3.0   13.2  20:20    342
 06   74.5   91.6  19:20   55.4  05:40    0.0    9.5   0.00    3.1   15.0  17:20    335
 07   77.2   96.6  16:20   55.6  06:00    0.0   12.2   0.00    3.6   16.3  19:20    323
 08   87.5  102.4  19:20   65.5  01:20    0.0   22.5   0.00    3.6   15.0  18:20    343
 09   83.3  101.8  17:00   61.7  05:40    0.0   18.3   0.00    3.7   15.4  19:20    342
 10   78.8   94.5  16:00   60.1  06:00    0.0   13.8   0.00    3.4   15.0  16:40    338
 11   83.1   98.1  19:20   62.6  01:00    0.0   18.1   0.00    3.4   11.4  18:00    313
 12   65.0   66.6  00:20   63.9  01:40    0.0    0.0   0.00    1.2    4.0  00:20    168
 13
 14
 15
 16   81.5   89.8  16:20   66.7  00:00    0.0   16.5   0.00    4.2   15.0  15:20    334
 17   74.1   90.7  15:00   54.7  06:00    0.0    9.1   0.00    3.3   15.0  18:20    348
 18   72.5   90.0  16:20   52.3  06:20    0.0    7.5   0.00    2.9   12.8  19:00    333
 19   72.3   91.6  16:00   50.2  06:00    0.0    7.3   0.00    2.8   15.0  18:40    335
 20   76.5   97.0  14:20   53.4  06:20    0.0   11.5   0.00    4.1   21.0  17:20    189
 21   77.2   95.9  15:00   55.0  05:20    0.0   12.2   0.00    4.4   20.6  13:40    181
 22   72.2   92.8  16:00   56.3  06:40    0.0    7.2   0.00    2.9   14.5  18:00    338
 23   69.7   87.1  16:00   49.8  06:20    0.0    4.7   0.00    2.9   12.8  19:40    333
 24   72.0   92.1  17:00   49.1  06:00    0.0    7.0   0.00    3.3   15.9  19:00    347
 25   71.0   88.0  17:00   52.5  06:20    0.0    6.0   0.00    2.8   12.8  20:00    329
 26   72.1   93.6  17:40   50.2  06:20    0.0    7.1   0.00    2.6   14.5  13:20    321
 27   72.6   92.3  16:20   54.9  06:20    0.0    7.6   0.00    3.0   15.0  18:20    335
 28   70.6   93.7  14:20   53.8  06:20    0.0    5.6   0.00    2.5   16.8  12:00    178
 29   68.6   84.7  15:40   50.4  05:40    0.0    3.6   0.00    3.2   13.2  14:40    339
 30   70.3   88.3  16:00   50.9  06:20    0.0    5.3   0.00    2.5   10.5  13:20    339
 31   73.2   96.4  16:20   52.7  06:00    0.0    8.2   0.00    2.8   13.2  16:00    330
---------------------------------------------------------------------------------------
      74.9  102.4     08   49.1     24    0.0  275.0   0.00    3.4   24.6     03    318