NOAA-Style Climate Reports


Report for 2008 June
                   MONTHLY CLIMATOLOGICAL SUMMARY for Jun 2008


NAME: Lake Shastina, California                  
ELEV: 2920 feet    LAT: 41-32.10 N    LONG: 122-21.22 W


                   TEMPERATURE (F), RAIN (in), WIND SPEED (mph)

                                         HEAT   COOL         AVG
      MEAN                               DEG    DEG          WIND                   DOM
DAY   TEMP   HIGH   TIME    LOW   TIME   DAYS   DAYS   RAIN  SPEED   HIGH   TIME    DIR
---------------------------------------------------------------------------------------
 01   60.3   73.8  19:00   50.0  01:20    4.7    0.0   0.00    3.2   13.2  17:40    344
 02   60.7   76.5  17:00   40.5  05:40    4.3    0.0   0.00    3.2   12.8  19:20    351
 03   60.2   74.1  14:40   47.5  00:00    4.8    0.0   0.00    4.0   16.3  16:20    337
 04   52.0   63.1  19:00   42.1  02:20   13.0    0.0   0.00    4.8   17.0  16:20    354
 05   56.4   73.2  19:00   35.2  05:40    8.6    0.0   0.00    3.3   15.0  17:40    330
 06   52.7   68.0  14:40   37.0  05:40   12.3    0.0   0.00    4.3   18.8  19:20    353
 07   53.7   72.5  19:00   34.2  05:00   11.3    0.0   0.00    3.8   12.8  17:00    329
 08   61.3   84.2  19:00   37.2  05:40    3.7    0.0   0.00    2.5   11.0  15:40    329
 09   66.4   84.0  13:20   45.9  05:40    0.0    1.4   0.00    4.5   16.8  16:40    344
 10   52.8   65.3  19:00   36.9  06:00   12.2    0.0   0.00    4.9   16.8  17:40    346
 11   55.0   71.8  16:20   33.1  05:40   10.0    0.0   0.00    4.5   18.3  17:00    351
 12   63.1   90.1  19:00   36.7  05:40    1.9    0.0   0.00    3.1   12.8  20:00    327
 13   71.4   91.8  17:00   44.6  05:40    0.0    6.4   0.00    2.7   12.3  19:20    330
 14   72.3   89.1  16:00   50.9  05:40    0.0    7.3   0.00    3.8   15.0  18:00    335
 15   70.6   88.3  16:20   47.8  05:40    0.0    5.6   0.00    3.3   13.2  19:40    321
 16   70.7   87.8  17:00   49.1  06:00    0.0    5.7   0.00    3.5   15.4  19:00    344
 17   67.7   83.8  16:00   48.2  05:40    0.0    2.7   0.00    3.9   16.3  19:20    345
 18   65.4   82.2  19:00   44.1  05:00    0.0    0.4   0.00    3.0   14.5  16:00    335
 19   68.2   89.8  19:20   43.9  05:40    0.0    3.2   0.00    2.6   10.5  15:40    341
 20   73.7   95.5  15:40   49.3  05:40    0.0    8.7   0.00    3.2   17.0  18:00    216
 21   73.3   87.4  15:00   55.9  00:00    0.0    8.3   0.00    5.3   30.6  10:20    183
 22   66.7   84.7  19:00   42.8  05:20    0.0    1.7   0.00    2.6   13.6  19:40    345
 23   68.0   87.6  16:20   46.9  05:40    0.0    3.0   0.00    3.4   16.3  18:20    346
 24   68.2   85.8  17:00   48.0  06:00    0.0    3.2   0.00    3.1   11.4  19:20    344
 25   69.6   87.8  15:20   49.3  06:00    0.0    4.6   0.00    3.3   17.9  19:20    341
 26   70.1   85.6  19:00   50.7  06:00    0.0    5.1   0.00    3.5   15.0  17:00    328
 27   76.7   98.4  19:00   52.9  05:20    0.0   11.7   0.00    2.8    9.6  19:00    328
 28   77.9   95.4  19:20   59.5  06:00    0.0   12.9   0.00    2.4   18.3  17:00    354
 29   78.7  100.2  15:00   57.9  06:00    0.0   13.7   0.00    4.7   18.8  19:00    182
 30   77.0   93.6  16:20   56.8  05:40    0.0   12.0   0.00    6.0   25.1  14:20    182
---------------------------------------------------------------------------------------
      66.0  100.2     29   33.1     11   87.0  117.7   0.00    3.6   30.6     21    336