NOAA-Style Climate Reports


Report for 2008 May
                   MONTHLY CLIMATOLOGICAL SUMMARY for May 2008


NAME: Lake Shastina, California                  
ELEV: 2920 feet    LAT: 41-32.10 N    LONG: 122-21.22 W


                   TEMPERATURE (F), RAIN (in), WIND SPEED (mph)

                                         HEAT   COOL         AVG
      MEAN                               DEG    DEG          WIND                   DOM
DAY   TEMP   HIGH   TIME    LOW   TIME   DAYS   DAYS   RAIN  SPEED   HIGH   TIME    DIR
---------------------------------------------------------------------------------------
 01   46.6   67.5  19:00   24.8  05:40   18.4    0.0   0.00    2.9   10.5  12:40    335
 02   55.4   72.0  16:00   39.9  06:00    9.6    0.0   0.00    2.6   15.4  17:20    346
 03   54.4   70.7  16:00   35.2  06:20   10.6    0.0   0.00    3.5   14.1  18:00    342
 04   57.4   78.8  14:40   36.7  05:20    7.6    0.0   0.00    3.0   15.4  15:40    199
 05   61.3   79.3  16:20   40.5  06:20    3.7    0.0   0.00    3.4   11.0  13:40    350
 06   65.2   75.6  16:00   44.8  06:00    0.0    0.2   0.00    5.4   16.3  17:40    331
 07   53.8   66.7  19:00   40.3  00:00   11.2    0.0   0.00    5.1   15.4  15:00    344
 08   51.8   71.1  15:20   31.8  05:20   13.2    0.0   0.00    3.4   17.9  17:00    350
 09   53.2   69.8  19:00   34.0  05:40   11.8    0.0   0.00    3.4   11.0  12:40    324
 10   57.5   79.9  17:00   36.0  05:00    7.5    0.0   0.00    2.9   14.5  19:20    349
 11   51.7   62.8  12:20   37.6  23:40   13.3    0.0   0.00    4.9   19.7  18:20    359
 12   50.7   70.9  19:20   30.2  04:00   14.3    0.0   0.00    3.0   12.8  12:20    327
 13   59.0   76.8  16:00   36.9  04:40    6.0    0.0   0.00    3.3   17.9  18:20    349
 14   69.1   81.7  19:00   50.2  02:20    0.0    4.1   0.00    5.2   15.4  14:20     15
 15   79.4   96.6  19:20   67.6  00:00    0.0   14.4   0.00    2.7   17.9  20:00     95
 16   79.4  101.3  19:40   54.7  06:00    0.0   14.4   0.00    3.2   10.1  16:00    348
 17   78.9   96.3  15:20   57.6  06:00    0.0   13.9   0.00    3.1   14.1  17:40    336
 18   75.9   93.7  16:00   53.2  06:00    0.0   10.9   0.00    3.1   12.8  18:40    340
 19   75.5   98.8  19:20   53.8  06:00    0.0   10.5   0.00    2.8   12.3  18:40    339
 20   61.6   72.0  14:20   44.8  00:00    3.4    0.0   0.00    4.6   16.8  16:00    340
 21   49.9   61.0  15:00   41.5  06:00   15.1    0.0   0.00    7.2   19.7  19:00      1
 22   47.0   59.2  14:20   37.0  05:20   18.0    0.0   0.00    7.0   22.4  18:20    356
 23   47.4   58.8  18:00   39.6  08:00   17.6    0.0   0.00    2.7    8.7  12:00    347
 24   53.0   63.5  19:20   43.3  05:40   12.0    0.0   0.00    5.9   25.1  13:20    179
 25   52.0   70.7  14:40   37.0  05:00   13.0    0.0   0.31    1.5   12.3  16:40    323
 26   57.0   70.2  16:20   50.7  04:40    8.0    0.0   0.16    1.9   12.3  19:20    189
 27   54.6   65.7  14:00   49.6  06:00   10.4    0.0   0.63    1.0   10.1  16:40      2
 28   52.4   59.4  12:20   48.4  05:40   12.6    0.0   1.25    0.9   11.0  12:00    223
 29   56.6   63.7  14:00   49.6  00:40    8.4    0.0   0.79    1.9    8.3  12:40    320
 30   62.3   75.4  19:00   50.2  02:00    2.7    0.0   0.00    2.6   11.0  13:40    338
 31   61.0   81.9  15:20   47.3  04:40    4.0    0.0   0.00    2.6   13.2  14:40    274
---------------------------------------------------------------------------------------
      58.4  101.3     16   24.8     01  252.5   68.5   3.14    3.4   25.1     24    346