NOAA-Style Climate Reports


Report for 2008 April
                   MONTHLY CLIMATOLOGICAL SUMMARY for Apr 2008


NAME: Lake Shastina, California                  
ELEV: 2920 feet    LAT: 41-32.10 N    LONG: 122-21.22 W


                   TEMPERATURE (F), RAIN (in), WIND SPEED (mph)

                                         HEAT   COOL         AVG
      MEAN                               DEG    DEG          WIND                   DOM
DAY   TEMP   HIGH   TIME    LOW   TIME   DAYS   DAYS   RAIN  SPEED   HIGH   TIME    DIR
---------------------------------------------------------------------------------------
 01   40.0   59.4  19:20   24.4  06:00   25.0    0.0   0.00    2.5    8.7  15:00    336
 02   44.4   64.2  16:00   22.5  06:40   20.6    0.0   0.00    2.4   11.4  15:40    322
 03   48.3   69.3  15:20   26.2  06:40   16.7    0.0   0.00    2.6   10.1  12:40    352
 04   46.6   61.3  12:40   32.5  00:00   18.4    0.0   0.00    4.2   17.9  13:40    326
 05   40.0   51.6  12:20   27.0  03:20   25.0    0.0   0.00    2.3   11.0  14:00    348
 06   42.8   56.3  14:40   29.5  04:20   22.2    0.0   0.00    3.7   19.2  18:00    318
 07   40.0   53.8  16:20   25.3  06:20   25.0    0.0   0.00    2.3   11.4  14:20    345
 08   40.3   52.3  14:20   32.5  00:00   24.7    0.0   0.16    2.4   11.0  18:20      4
 09   45.3   59.9  14:40   28.9  03:40   19.7    0.0   0.00    3.0   13.2  17:20    351
 10   46.5   62.2  16:40   28.9  07:00   18.5    0.0   0.00    3.5   15.0  19:20    338
 11   35.4   35.8  00:20   35.1  00:40   29.6    0.0   0.00    0.0    3.1  00:20     90
 12
 13
 14   45.8   55.2  01:00   34.9  00:00   19.2    0.0   0.16    3.5   16.3  14:20     14
 15   38.9   50.9  16:00   27.7  06:00   26.1    0.0   0.00    3.2   14.5  19:00      5
 16   45.2   68.0  19:20   27.0  03:40   19.8    0.0   0.00    2.9   13.2  15:20    341
 17   53.5   74.1  16:20   30.7  06:20   11.5    0.0   0.00    2.7   13.2  19:00    338
 18   50.7   65.8  14:40   35.8  06:40   14.3    0.0   0.00    3.7   16.8  18:00    342
 19   37.0   50.7  13:00   28.2  23:00   28.0    0.0   0.00    4.7   17.4  18:20    351
 20   36.2   50.7  15:40   21.6  06:20   28.8    0.0   0.00    3.9   17.4  16:20    305
 21   41.7   57.4  15:40   24.8  06:40   23.3    0.0   0.00    4.6   27.1  00:00    205
 22   45.8   51.6  16:00   40.5  21:20   19.2    0.0   0.00   11.8   29.3  12:40    187
 23   43.5   56.3  11:20   33.3  23:20   21.5    0.0   0.00    5.4   17.4  18:20    262
 24   46.2   61.3  19:00   33.3  05:00   18.8    0.0   0.00    2.6   11.0  16:40    348
 25   50.6   69.6  16:40   29.5  06:00   14.4    0.0   0.00    2.8   12.8  17:00    354
 26   57.9   75.9  19:20   35.8  06:00    7.1    0.0   0.00    2.8   10.1  12:20    321
 27   61.5   82.8  15:40   40.5  06:20    3.5    0.0   0.00    3.0   13.6  17:20    339
 28   59.9   79.3  16:40   38.1  06:20    5.1    0.0   0.00    3.3   17.4  18:20    308
 29   44.9   59.4  14:00   35.2  22:40   20.1    0.0   0.00    5.1   19.7  17:40    341
 30   41.2   53.1  15:20   27.7  05:00   23.8    0.0   0.00    3.5   15.9  14:20    359
---------------------------------------------------------------------------------------
      45.7   82.8     27   21.6     20  549.8    0.0   0.31    3.6   29.3     22    331