NOAA-Style Climate Reports


Report for 2008 March
                   MONTHLY CLIMATOLOGICAL SUMMARY for Mar 2008


NAME: Lake Shastina, California                  
ELEV: 2920 feet    LAT: 41-32.10 N    LONG: 122-21.22 W


                   TEMPERATURE (F), RAIN (in), WIND SPEED (mph)

                                         HEAT   COOL         AVG
      MEAN                               DEG    DEG          WIND                   DOM
DAY   TEMP   HIGH   TIME    LOW   TIME   DAYS   DAYS   RAIN  SPEED   HIGH   TIME    DIR
---------------------------------------------------------------------------------------
 01
 02
 03
 04
 05
 06
 07
 08
 09
 10
 11
 12
 13
 14   36.7   45.0  18:00   29.8  00:00   28.3    0.0   0.31    2.8   15.9  19:00    330
 15   35.4   45.3  11:20   29.3  04:00   29.6    0.0   0.16    1.2   12.8  12:40     15
 16   37.7   48.9  15:20   28.0  23:40   27.3    0.0   0.00    3.3   12.8  11:20    344
 17   41.9   58.8  16:40   26.4  01:20   23.1    0.0   0.00    1.5    6.7  12:00    352
 18   50.7   64.6  15:40   38.8  00:00   14.3    0.0   0.00    2.4   13.2  18:40    337
 19   43.2   52.9  15:20   33.3  00:00   21.8    0.0   0.16    3.1   15.0  17:40      2
 20   38.6   55.4  14:40   25.5  04:20   26.4    0.0   0.00    2.9   17.4  16:40    328
 21   41.2   55.8  17:00   27.9  05:20   23.8    0.0   0.00    2.6   10.5  16:00    347
 22   42.1   62.6  16:00   23.0  06:40   22.9    0.0   0.00    2.2   10.1  14:40    340
 23   48.2   66.2  14:20   31.1  06:20   16.8    0.0   0.00    3.6   15.0  17:40    352
 24   49.4   62.2  16:20   40.1  03:20   15.6    0.0   0.16    2.2   14.5  17:20    320
 25   45.6   57.2  16:40   34.5  23:40   19.4    0.0   0.31    2.8   12.3  14:40    342
 26   39.2   55.2  13:40   25.7  00:00   25.8    0.0   0.00    3.6   19.7  14:00    273
 27   34.3   47.5  16:00   18.3  07:00   30.7    0.0   0.00    2.4   11.0  13:40    342
 28   40.0   56.1  15:00   31.6  00:40   25.0    0.0   0.16    4.9   27.1  15:00    182
 29   31.4   44.2  16:00   16.9  06:40   33.6    0.0   0.16    1.7   10.5  19:00    331
 30   31.3   44.6  13:40   17.6  06:20   33.7    0.0   0.00    4.2   16.3  14:00    358
 31   33.9   52.7  16:20   17.4  04:00   31.1    0.0   0.00    2.7    9.6  14:00    353
---------------------------------------------------------------------------------------
      40.2   66.2     23   16.9     29  449.2    0.0   1.40    2.8   27.1     28    339