NOAA-Style Climate Reports


Report for 2008 January
                   MONTHLY CLIMATOLOGICAL SUMMARY for Jan 2008


NAME: Lake Shastina, California                  
ELEV: 2920 feet    LAT: 41-32.10 N    LONG: 122-21.22 W


                   TEMPERATURE (F), RAIN (in), WIND SPEED (mph)

                                         HEAT   COOL         AVG
      MEAN                               DEG    DEG          WIND                   DOM
DAY   TEMP   HIGH   TIME    LOW   TIME   DAYS   DAYS   RAIN  SPEED   HIGH   TIME    DIR
---------------------------------------------------------------------------------------
 01   26.3   35.1  15:40   17.8  07:20   38.7    0.0   0.00    1.8    7.6  14:40     96
 02   39.6   55.8  12:20   22.8  05:20   25.4    0.0   0.00    8.1   32.0  13:40    181
 03   41.9   46.6  00:20   36.7  15:20   23.1    0.0   0.47   17.0   42.1  11:20    180
 04   39.0   43.5  01:00   35.4  18:40   26.0    0.0   3.46   11.3   45.9  05:20    179
 05   35.5   41.2  14:00   30.0  00:00   29.5    0.0   0.00    5.5   24.2  15:00    190
 06   32.4   39.2  13:20   21.6  07:20   32.6    0.0   0.00    7.0   28.0  10:20    180
 07   34.6   42.1  14:00   27.0  08:00   30.4    0.0   0.00    4.8   31.1  22:00    191
 08   36.2   41.4  15:00   26.6  00:00   28.8    0.0   0.00   12.3   49.0  08:00    182
 09   31.2   36.3  12:00   22.8  07:20   33.8    0.0   0.12    2.1   10.5  20:20     30
 10   40.8   52.0  14:00   31.1  00:00   24.2    0.0   0.04    5.8   24.2  09:40    168
 11   35.4   49.3  14:20   24.6  07:20   29.6    0.0   0.00    1.4    7.6  14:00    159
 12   37.1   47.8  14:00   30.4  21:40   27.9    0.0   0.16    1.1    6.7  14:00    351
 13   37.1   42.1  12:00   34.5  00:20   27.9    0.0   0.00    0.6    6.3  12:20    312
 14   34.4   37.0  13:00   30.6  00:00   30.6    0.0   0.00    1.1    7.6  19:40      0
 15   30.9   38.7  15:00   21.7  23:40   34.1    0.0   0.00    2.1   10.1  12:00    334
 16   27.5   39.4  15:20   16.0  07:20   37.5    0.0   0.00    3.1   15.4  19:20    342
 17   28.6   43.2  15:00   17.1  07:40   36.4    0.0   0.00    1.7    8.3  00:40    349
 18   29.2   45.3  15:20   19.0  06:20   35.8    0.0   0.00    1.6    6.3  14:00    358
 19   29.9   44.8  15:00   18.7  07:00   35.1    0.0   0.00    1.7    8.7  13:40    345
 20   32.0   41.0  14:40   23.0  01:40   33.0    0.0   0.00    1.5    8.7  15:00    344
 21   27.8   33.8  13:20   17.2  23:00   37.2    0.0   0.00    6.7   22.8  09:20     59
 22   20.7   33.8  14:40   11.1  07:20   44.3    0.0   0.00    2.2    8.1  14:00    199
 23   22.4   36.5  15:20   11.5  07:40   42.6    0.0   0.00    2.1    8.3  12:40    193
 24   28.6   39.4  14:20   18.5  00:40   36.4    0.0   0.00    3.9   25.1  17:00    175
 25   31.8   38.3  14:40   24.3  07:40   33.2    0.0   0.08    2.3    8.7  15:40     28
 26   43.5   50.7  11:40   33.3  00:20   21.5    0.0   0.39    9.3   34.9  14:20    186
 27   38.3   48.7  09:40   14.5  00:00   26.7    0.0   0.00    8.6   36.7  11:20    180
 28   25.6   38.3  13:40   13.3  02:00   39.4    0.0   0.00    1.3   10.1  23:00     94
 29   31.9   41.2  14:20   25.5  23:40   33.1    0.0   0.00    6.5   39.8  08:00    187
 30   31.2   39.7  14:00   20.3  07:20   33.8    0.0   0.16    3.2   20.1  23:00    184
 31   35.0   39.9  03:00   25.7  00:00   30.0    0.0   0.00   10.1   42.1  08:40    176
---------------------------------------------------------------------------------------
      32.8   55.8     02   11.1     22  998.6    0.0   4.87    4.8   49.0     08    178